{"id":53940,"date":"2019-01-18T15:12:51","date_gmt":"2019-01-18T14:12:51","guid":{"rendered":"https:\/\/worldofflowerpots.com\/sklep\/pflanztroge-metall-silvestro-3\/"},"modified":"2019-04-12T09:23:01","modified_gmt":"2019-04-12T07:23:01","slug":"pflanztroge-metall-silvestro-3","status":"publish","type":"product","link":"https:\/\/worldofflowerpots.com\/aut\/sortiment\/pflanztroge-metall-silvestro-3\/","title":{"rendered":"Pflanztr\u00f6ge metall Silvestro 3"},"content":{"rendered":"<h2>Mit Silvestro 3 erhalten Sie\u00a0 Pflanztr\u00f6ge Metall mit au\u00dfergew\u00f6hnlichen Ma\u00dfen.<\/h2>\n<p>Hier k\u00f6nnen Sie sich in der Farbwahl ganz freien Lauf lassen. Der Pflanzk\u00fcbel aus Metall ist ideal in \u00f6ffentlichen Bereichen wie Schulen und Vereinshallen aber auch ein tolles Dekoelement im Garten oder in Eingangsbereichen von Privath\u00e4usern. Die hochwertige Verarbeitung in Metall zeugt von der guten Qualit\u00e4t. Sie erhalten selbstverst\u00e4ndlich eine Herstellergarantie auf die Verarbeitung dieses langlebigen Produkts.<\/p>\n<h2>Gestaltung\u00a0 Tipps f\u00fcr Terrasse, Garten und Dachterrasse<\/h2>\n<p>Durch den immer knapper werdenden Lebensraum in St\u00e4dten und Ballungsr\u00e4umen wird es zunehmend wertvoller \u00fcber einen Bereich f\u00fcr R\u00fcckzug und Entspannung zu verf\u00fcgen. Durch entsprechend gestaltetes Ambiente in einem Garten, einer Terrasse oder Dachterrasse kann ein solches Areal gebildet werden. Zur kreativen und geschmackvollen Gestaltung geh\u00f6rt u. a. die Auswahl des Bodens aus Holz oder Stein f\u00fcr die Terrasse. Dazu bilden M\u00f6bel ein wichtiges Stilelement als optischer Blickfang und zur r\u00e4umlichen Aufteilung. Sie k\u00f6nnen exklusiv in Form von Designm\u00f6bel z. B. aus Schmiedeeisen gefertigt sein oder einfach und funktional aus Kunststoff oder Aluminium bestehen. Holzm\u00f6bel erzeugen ein Gef\u00fchl von W\u00e4rme und Behaglichkeit. Lederm\u00f6bel harmonisieren ganz besonders mit immergr\u00fcnen Pflanzen. Gro\u00dfe Terrassen k\u00f6nnen dar\u00fcber hinaus mit Pflanzen in kleine und \u00fcberschaubare Bereiche gegliedert werden. Mit einem passenden Pflanzenk\u00fcbel k\u00f6nnen besonders wirkungsvolle optische Akzente gesetzt werden, egal ob es sich dabei um ein Gef\u00e4\u00df f\u00fcr einen Kunstbaum, f\u00fcr Kunstblumen oder Echtpflanzen handelt. In der Variante als Pflanzk\u00fcbel anthrazit wirkt er nicht nur zeitlos elegant, sondern verbreitet auch im Garten oder der Terrasse ein Flair der Entspannung. Dadurch schaffen gezielt positionierte Pflanzenk\u00fcbel eine behagliche N\u00e4he zur Natur und lassen Terrassen zu einer Oase des Wohlbefindens werden.<\/p>\n<h2>Ein wichtiges Kriterium ist auch die farbliche Anpassung an die Umgebung.<\/h2>\n<p>Der Au\u00dfendurchmesser des Silvestro 3 Blumenk\u00fcbel in Anthrazit betr\u00e4gt 1000 mm. Er ist au\u00dferdem in den Farben wei\u00df und grau erh\u00e4ltlich. Bereits ab f\u00fcnf K\u00fcbeln ist es m\u00f6glich, die Farbe individuell zu gestalten.<\/p>\n","protected":false},"excerpt":{"rendered":"<p>Material: 2 mm Aluminiumblech<br \/>\nFarbe: Pulverbeschichtung<br \/>\nStandard: RAL9016,7012,7021<br \/>\nAb 5 St\u00fcck jede Ral Farbe m\u00f6glich<br \/>\nGewicht : 36kg<br \/>\nAbmessungen: \u23001000mm, H1000mm<br \/>\nUV-resistent, Wetterfest<br \/>\nFrostbest\u00e4ndig bei gew\u00e4hrleistetem Wasserablauf<\/p>\n","protected":false},"featured_media":58802,"template":"","meta":{"_acf_changed":false},"product_brand":[],"product_cat":[392],"product_tag":[],"class_list":{"0":"post-53940","1":"product","2":"type-product","3":"status-publish","4":"has-post-thumbnail","6":"product_cat-pflanzkubel-aluminium","7":"description-off","8":"tm-has-options","10":"first","11":"instock","12":"shipping-taxable","13":"purchasable","14":"product-type-simple"},"acf":[],"yoast_head":"<!-- This site is optimized with the Yoast SEO plugin v27.5 - https:\/\/yoast.com\/product\/yoast-seo-wordpress\/ -->\n<title>Pflanztr\u00f6ge metall Silvestro 3 | World of Flowerpots - producent donic ozdobnych<\/title>\n<meta name=\"robots\" content=\"index, follow, max-snippet:-1, max-image-preview:large, max-video-preview:-1\" \/>\n<link rel=\"canonical\" href=\"https:\/\/worldofflowerpots.com\/sklep\/pflanztroge-metall-silvestro-3\/\" \/>\n<meta property=\"og:locale\" content=\"de_DE\" \/>\n<meta property=\"og:type\" content=\"article\" \/>\n<meta property=\"og:title\" content=\"Pflanztr\u00f6ge metall Silvestro 3 | World of Flowerpots - producent donic ozdobnych\" \/>\n<meta property=\"og:description\" content=\"Material: 2 mm Aluminiumblech Farbe: Pulverbeschichtung Standard: RAL9016,7012,7021 Ab 5 St\u00fcck jede Ral Farbe m\u00f6glich Gewicht : 36kg Abmessungen: \u23001000mm, H1000mm UV-resistent, Wetterfest Frostbest\u00e4ndig bei gew\u00e4hrleistetem Wasserablauf\" \/>\n<meta property=\"og:url\" content=\"https:\/\/worldofflowerpots.com\/sklep\/pflanztroge-metall-silvestro-3\/\" \/>\n<meta property=\"og:site_name\" content=\"World of Flowerpots\" \/>\n<meta property=\"article:modified_time\" content=\"2019-04-12T07:23:01+00:00\" \/>\n<meta property=\"og:image\" content=\"https:\/\/worldofflowerpots.com\/wp-content\/uploads\/2019\/01\/Pflanztr\u00f6ge-metall-Silvestro-3.jpg\" \/>\n\t<meta property=\"og:image:width\" content=\"2280\" \/>\n\t<meta property=\"og:image:height\" content=\"1612\" \/>\n\t<meta property=\"og:image:type\" content=\"image\/jpeg\" \/>\n<meta name=\"twitter:card\" content=\"summary_large_image\" \/>\n<meta name=\"twitter:label1\" content=\"Est. reading time\" \/>\n\t<meta name=\"twitter:data1\" content=\"2 minutes\" \/>\n<script type=\"application\/ld+json\" class=\"yoast-schema-graph\">{\"@context\":\"https:\\\/\\\/schema.org\",\"@graph\":[{\"@type\":\"WebPage\",\"@id\":\"https:\\\/\\\/worldofflowerpots.com\\\/sklep\\\/pflanztroge-metall-silvestro-3\\\/\",\"url\":\"https:\\\/\\\/worldofflowerpots.com\\\/sklep\\\/pflanztroge-metall-silvestro-3\\\/\",\"name\":\"Pflanztr\u00f6ge metall Silvestro 3 | World of Flowerpots - producent donic ozdobnych\",\"isPartOf\":{\"@id\":\"https:\\\/\\\/worldofflowerpots.com\\\/#website\"},\"primaryImageOfPage\":{\"@id\":\"https:\\\/\\\/worldofflowerpots.com\\\/sklep\\\/pflanztroge-metall-silvestro-3\\\/#primaryimage\"},\"image\":{\"@id\":\"https:\\\/\\\/worldofflowerpots.com\\\/sklep\\\/pflanztroge-metall-silvestro-3\\\/#primaryimage\"},\"thumbnailUrl\":\"https:\\\/\\\/worldofflowerpots.com\\\/wp-content\\\/uploads\\\/2019\\\/01\\\/Pflanztr\u00f6ge-metall-Silvestro-3.jpg\",\"datePublished\":\"2019-01-18T14:12:51+00:00\",\"dateModified\":\"2019-04-12T07:23:01+00:00\",\"breadcrumb\":{\"@id\":\"https:\\\/\\\/worldofflowerpots.com\\\/sklep\\\/pflanztroge-metall-silvestro-3\\\/#breadcrumb\"},\"inLanguage\":\"de-AUT\",\"potentialAction\":[{\"@type\":\"ReadAction\",\"target\":[\"https:\\\/\\\/worldofflowerpots.com\\\/sklep\\\/pflanztroge-metall-silvestro-3\\\/\"]}]},{\"@type\":\"ImageObject\",\"inLanguage\":\"de-AUT\",\"@id\":\"https:\\\/\\\/worldofflowerpots.com\\\/sklep\\\/pflanztroge-metall-silvestro-3\\\/#primaryimage\",\"url\":\"https:\\\/\\\/worldofflowerpots.com\\\/wp-content\\\/uploads\\\/2019\\\/01\\\/Pflanztr\u00f6ge-metall-Silvestro-3.jpg\",\"contentUrl\":\"https:\\\/\\\/worldofflowerpots.com\\\/wp-content\\\/uploads\\\/2019\\\/01\\\/Pflanztr\u00f6ge-metall-Silvestro-3.jpg\",\"width\":2280,\"height\":1612},{\"@type\":\"BreadcrumbList\",\"@id\":\"https:\\\/\\\/worldofflowerpots.com\\\/sklep\\\/pflanztroge-metall-silvestro-3\\\/#breadcrumb\",\"itemListElement\":[{\"@type\":\"ListItem\",\"position\":1,\"name\":\"Strona g\u0142\u00f3wna\",\"item\":\"https:\\\/\\\/worldofflowerpots.com\\\/home\\\/\"},{\"@type\":\"ListItem\",\"position\":2,\"name\":\"Shop\",\"item\":\"https:\\\/\\\/worldofflowerpots.com\\\/sortiment\\\/\"},{\"@type\":\"ListItem\",\"position\":3,\"name\":\"Pflanztr\u00f6ge metall Silvestro 3\"}]},{\"@type\":\"WebSite\",\"@id\":\"https:\\\/\\\/worldofflowerpots.com\\\/#website\",\"url\":\"https:\\\/\\\/worldofflowerpots.com\\\/\",\"name\":\"World of Flowerpots\",\"description\":\"producent donic ozdobnych\",\"potentialAction\":[{\"@type\":\"SearchAction\",\"target\":{\"@type\":\"EntryPoint\",\"urlTemplate\":\"https:\\\/\\\/worldofflowerpots.com\\\/?s={search_term_string}\"},\"query-input\":{\"@type\":\"PropertyValueSpecification\",\"valueRequired\":true,\"valueName\":\"search_term_string\"}}],\"inLanguage\":\"de-AUT\"}]}<\/script>\n<!-- \/ Yoast SEO plugin. -->","yoast_head_json":{"title":"Pflanztr\u00f6ge metall Silvestro 3 | World of Flowerpots - producent donic ozdobnych","robots":{"index":"index","follow":"follow","max-snippet":"max-snippet:-1","max-image-preview":"max-image-preview:large","max-video-preview":"max-video-preview:-1"},"canonical":"https:\/\/worldofflowerpots.com\/sklep\/pflanztroge-metall-silvestro-3\/","og_locale":"de_DE","og_type":"article","og_title":"Pflanztr\u00f6ge metall Silvestro 3 | World of Flowerpots - producent donic ozdobnych","og_description":"Material: 2 mm Aluminiumblech Farbe: Pulverbeschichtung Standard: RAL9016,7012,7021 Ab 5 St\u00fcck jede Ral Farbe m\u00f6glich Gewicht : 36kg Abmessungen: \u23001000mm, H1000mm UV-resistent, Wetterfest Frostbest\u00e4ndig bei gew\u00e4hrleistetem Wasserablauf","og_url":"https:\/\/worldofflowerpots.com\/sklep\/pflanztroge-metall-silvestro-3\/","og_site_name":"World of Flowerpots","article_modified_time":"2019-04-12T07:23:01+00:00","og_image":[{"width":2280,"height":1612,"url":"https:\/\/worldofflowerpots.com\/wp-content\/uploads\/2019\/01\/Pflanztr\u00f6ge-metall-Silvestro-3.jpg","type":"image\/jpeg"}],"twitter_card":"summary_large_image","twitter_misc":{"Est. reading time":"2 minutes"},"schema":{"@context":"https:\/\/schema.org","@graph":[{"@type":"WebPage","@id":"https:\/\/worldofflowerpots.com\/sklep\/pflanztroge-metall-silvestro-3\/","url":"https:\/\/worldofflowerpots.com\/sklep\/pflanztroge-metall-silvestro-3\/","name":"Pflanztr\u00f6ge metall Silvestro 3 | World of Flowerpots - producent donic ozdobnych","isPartOf":{"@id":"https:\/\/worldofflowerpots.com\/#website"},"primaryImageOfPage":{"@id":"https:\/\/worldofflowerpots.com\/sklep\/pflanztroge-metall-silvestro-3\/#primaryimage"},"image":{"@id":"https:\/\/worldofflowerpots.com\/sklep\/pflanztroge-metall-silvestro-3\/#primaryimage"},"thumbnailUrl":"https:\/\/worldofflowerpots.com\/wp-content\/uploads\/2019\/01\/Pflanztr\u00f6ge-metall-Silvestro-3.jpg","datePublished":"2019-01-18T14:12:51+00:00","dateModified":"2019-04-12T07:23:01+00:00","breadcrumb":{"@id":"https:\/\/worldofflowerpots.com\/sklep\/pflanztroge-metall-silvestro-3\/#breadcrumb"},"inLanguage":"de-AUT","potentialAction":[{"@type":"ReadAction","target":["https:\/\/worldofflowerpots.com\/sklep\/pflanztroge-metall-silvestro-3\/"]}]},{"@type":"ImageObject","inLanguage":"de-AUT","@id":"https:\/\/worldofflowerpots.com\/sklep\/pflanztroge-metall-silvestro-3\/#primaryimage","url":"https:\/\/worldofflowerpots.com\/wp-content\/uploads\/2019\/01\/Pflanztr\u00f6ge-metall-Silvestro-3.jpg","contentUrl":"https:\/\/worldofflowerpots.com\/wp-content\/uploads\/2019\/01\/Pflanztr\u00f6ge-metall-Silvestro-3.jpg","width":2280,"height":1612},{"@type":"BreadcrumbList","@id":"https:\/\/worldofflowerpots.com\/sklep\/pflanztroge-metall-silvestro-3\/#breadcrumb","itemListElement":[{"@type":"ListItem","position":1,"name":"Strona g\u0142\u00f3wna","item":"https:\/\/worldofflowerpots.com\/home\/"},{"@type":"ListItem","position":2,"name":"Shop","item":"https:\/\/worldofflowerpots.com\/sortiment\/"},{"@type":"ListItem","position":3,"name":"Pflanztr\u00f6ge metall Silvestro 3"}]},{"@type":"WebSite","@id":"https:\/\/worldofflowerpots.com\/#website","url":"https:\/\/worldofflowerpots.com\/","name":"World of Flowerpots","description":"producent donic ozdobnych","potentialAction":[{"@type":"SearchAction","target":{"@type":"EntryPoint","urlTemplate":"https:\/\/worldofflowerpots.com\/?s={search_term_string}"},"query-input":{"@type":"PropertyValueSpecification","valueRequired":true,"valueName":"search_term_string"}}],"inLanguage":"de-AUT"}]}},"_links":{"self":[{"href":"https:\/\/worldofflowerpots.com\/aut\/wp-json\/wp\/v2\/product\/53940","targetHints":{"allow":["GET"]}}],"collection":[{"href":"https:\/\/worldofflowerpots.com\/aut\/wp-json\/wp\/v2\/product"}],"about":[{"href":"https:\/\/worldofflowerpots.com\/aut\/wp-json\/wp\/v2\/types\/product"}],"wp:featuredmedia":[{"embeddable":true,"href":"https:\/\/worldofflowerpots.com\/aut\/wp-json\/wp\/v2\/media\/58802"}],"wp:attachment":[{"href":"https:\/\/worldofflowerpots.com\/aut\/wp-json\/wp\/v2\/media?parent=53940"}],"wp:term":[{"taxonomy":"product_brand","embeddable":true,"href":"https:\/\/worldofflowerpots.com\/aut\/wp-json\/wp\/v2\/product_brand?post=53940"},{"taxonomy":"product_cat","embeddable":true,"href":"https:\/\/worldofflowerpots.com\/aut\/wp-json\/wp\/v2\/product_cat?post=53940"},{"taxonomy":"product_tag","embeddable":true,"href":"https:\/\/worldofflowerpots.com\/aut\/wp-json\/wp\/v2\/product_tag?post=53940"}],"curies":[{"name":"wp","href":"https:\/\/api.w.org\/{rel}","templated":true}]}}