{"id":53944,"date":"2019-01-18T15:12:51","date_gmt":"2019-01-18T14:12:51","guid":{"rendered":"https:\/\/worldofflowerpots.com\/sklep\/metall-pflanzkubel-edoardo-4\/"},"modified":"2019-04-12T09:31:34","modified_gmt":"2019-04-12T07:31:34","slug":"metall-pflanzkubel-edoardo-4","status":"publish","type":"product","link":"https:\/\/worldofflowerpots.com\/aut\/sortiment\/metall-pflanzkubel-edoardo-4\/","title":{"rendered":"Metall Pflanzk\u00fcbel Edoardo 4"},"content":{"rendered":"<h2>Der Metall Pflanzk\u00fcbel Edoardo 4 ist ein besonders attraktiver Pflanzk\u00fcbel XXL.<\/h2>\n<p>Metall Pflanzk\u00fcbel besteht aus Aluminium und bietet durch das verwendete Material eine hohe Leichtigkeit und dennoch eine besonders hohe Festigkeit und Stabilit\u00e4t. Der Pflanzenk\u00fcbel ist durch das verwendete Material und durch seine robuste Verarbeitung besonders lange haltbar. Er bietet auch im Au\u00dfenbereich unter Einwirkung der verschiedensten Witterungsverh\u00e4ltnisse eine sehr lange Lebensdauer.<\/p>\n<h2>F\u00fcr den modernen Look ist dieser Pflanzk\u00fcbel rechteckig gestaltet und hochwertig lackiert.<\/h2>\n<p>Der Metall Pflanzk\u00fcbel kann sowohl im Innenbereich als auch im Au\u00dfenbereich seinen Einsatz finden wie auch in \u00f6ffentlichen und in privaten Bereichen. Aufgrund seiner volumin\u00f6sen Gr\u00f6\u00dfe ist er nicht nur als Pflanzk\u00fcbel XXL perfekt einsetzbar sondern ebenso auch als Trennelement oder als Sichtschutz im Garten, auf der Terrasse wie auch in den verschiedensten Innenbereichen.Das Pflanzgef\u00e4\u00df Eduardo 4 bekommt man als pflanzk\u00fcbel xxl. Diese beliebte und schlichte Farbe f\u00fcgt sich perfekt in jede vorhandene Umgebung ein. Der moderne Look sowie die hochwertige Lackierung des Pflanzk\u00fcbel XXL lassen ihn in jeder Umgebung extravagant und edel wirken. Der Pflanzk\u00fcbel XXL kann mit Pflanzen \u00e4hnlicher Farben bepflanzt werden und wirkt auf diese Weise harmonisch und sanft oder man entscheidet sich f\u00fcr das Bepflanzen mit Pflanzen entgegen gesetzter Farben. Dann wirkt der Pflanzenk\u00fcbel besonders aufregend und dynamisch.<\/p>\n<h2>Aufgrund seiner erstklassigen Verarbeitung und Materialqualit\u00e4t weist der Pflanzk\u00fcbel eine lange Lebensdauer auf.<\/h2>\n<p>In dem robusten K\u00fcbel lassen sich mehrere Pflanzen nebeneinander anordnen. Die W\u00e4nde sind bei diesem Modell robust verarbeitet, sodass keine Verformung durch die Bef\u00fcllung mit Pflanzenerde entsteht. Dieser extravagante Metall Pflanzk\u00fcbel eignet sich aufgrund seiner wetterfesten Qualit\u00e4t f\u00fcr den Au\u00dfenbereich und l\u00e4sst sich vielseitig einsetzen. Das Modell setzt die Bepflanzung stilvoll in Szene und kann auch hervorragend mit den anderen Pflanzk\u00fcbeln von World of Flowerpots kombiniert werden. Der Pflanzk\u00fcbel rechteckig empfiehlt sich sowohl f\u00fcr private G\u00e4rten und Terrassen als auch die Verwendung im gewerblichen Bereich. Angeboten wird der rechteckige Pflanzk\u00fcbel Edoardo 4 in aktuellen Standardlackierungen. Bei einer Bestellmenge von mindestens 5 St\u00fcck l\u00e4sst sich die Lackierung selbst gestalten.<\/p>\n","protected":false},"excerpt":{"rendered":"<p>Material: 2 mm Aluminiumblech<br \/>\nFarbe: Pulverbeschichtung<br \/>\nStandard: RAL9016,7012,7021<br \/>\nAb 5 St\u00fcck jede Ral Farbe m\u00f6glich<br \/>\nGewicht : 37kg<br \/>\nAbmessungen B500mm H600mm L2000mm<br \/>\nUV-resistent, Wetterfest<br \/>\nFrostbest\u00e4ndig bei gew\u00e4hrleistetem Wasserablauf<\/p>\n","protected":false},"featured_media":58842,"template":"","meta":{"_acf_changed":false},"product_brand":[],"product_cat":[392],"product_tag":[],"class_list":{"0":"post-53944","1":"product","2":"type-product","3":"status-publish","4":"has-post-thumbnail","6":"product_cat-pflanzkubel-aluminium","7":"description-off","8":"tm-has-options","10":"first","11":"instock","12":"shipping-taxable","13":"purchasable","14":"product-type-simple"},"acf":[],"yoast_head":"<!-- This site is optimized with the Yoast SEO plugin v27.5 - https:\/\/yoast.com\/product\/yoast-seo-wordpress\/ -->\n<title>Metall Pflanzk\u00fcbel Edoardo 4 | World of Flowerpots - producent donic ozdobnych<\/title>\n<meta name=\"robots\" content=\"index, follow, max-snippet:-1, max-image-preview:large, max-video-preview:-1\" \/>\n<link rel=\"canonical\" href=\"https:\/\/worldofflowerpots.com\/sklep\/metall-pflanzkubel-edoardo-4\/\" \/>\n<meta property=\"og:locale\" content=\"de_DE\" \/>\n<meta property=\"og:type\" content=\"article\" \/>\n<meta property=\"og:title\" content=\"Metall Pflanzk\u00fcbel Edoardo 4 | World of Flowerpots - producent donic ozdobnych\" \/>\n<meta property=\"og:description\" content=\"Material: 2 mm Aluminiumblech Farbe: Pulverbeschichtung Standard: RAL9016,7012,7021 Ab 5 St\u00fcck jede Ral Farbe m\u00f6glich Gewicht : 37kg Abmessungen B500mm H600mm L2000mm UV-resistent, Wetterfest Frostbest\u00e4ndig bei gew\u00e4hrleistetem Wasserablauf\" \/>\n<meta property=\"og:url\" content=\"https:\/\/worldofflowerpots.com\/sklep\/metall-pflanzkubel-edoardo-4\/\" \/>\n<meta property=\"og:site_name\" content=\"World of Flowerpots\" \/>\n<meta property=\"article:modified_time\" content=\"2019-04-12T07:31:34+00:00\" \/>\n<meta property=\"og:image\" content=\"https:\/\/worldofflowerpots.com\/wp-content\/uploads\/2019\/01\/Metall-Pflanzk\u00fcbel-Edoardo-4.jpg\" \/>\n\t<meta property=\"og:image:width\" content=\"2280\" \/>\n\t<meta property=\"og:image:height\" content=\"1612\" \/>\n\t<meta property=\"og:image:type\" content=\"image\/jpeg\" \/>\n<meta name=\"twitter:card\" content=\"summary_large_image\" \/>\n<meta name=\"twitter:label1\" content=\"Est. reading time\" \/>\n\t<meta name=\"twitter:data1\" content=\"2 minutes\" \/>\n<script type=\"application\/ld+json\" class=\"yoast-schema-graph\">{\"@context\":\"https:\\\/\\\/schema.org\",\"@graph\":[{\"@type\":\"WebPage\",\"@id\":\"https:\\\/\\\/worldofflowerpots.com\\\/sklep\\\/metall-pflanzkubel-edoardo-4\\\/\",\"url\":\"https:\\\/\\\/worldofflowerpots.com\\\/sklep\\\/metall-pflanzkubel-edoardo-4\\\/\",\"name\":\"Metall Pflanzk\u00fcbel Edoardo 4 | World of Flowerpots - producent donic ozdobnych\",\"isPartOf\":{\"@id\":\"https:\\\/\\\/worldofflowerpots.com\\\/#website\"},\"primaryImageOfPage\":{\"@id\":\"https:\\\/\\\/worldofflowerpots.com\\\/sklep\\\/metall-pflanzkubel-edoardo-4\\\/#primaryimage\"},\"image\":{\"@id\":\"https:\\\/\\\/worldofflowerpots.com\\\/sklep\\\/metall-pflanzkubel-edoardo-4\\\/#primaryimage\"},\"thumbnailUrl\":\"https:\\\/\\\/worldofflowerpots.com\\\/wp-content\\\/uploads\\\/2019\\\/01\\\/Metall-Pflanzk\u00fcbel-Edoardo-4.jpg\",\"datePublished\":\"2019-01-18T14:12:51+00:00\",\"dateModified\":\"2019-04-12T07:31:34+00:00\",\"breadcrumb\":{\"@id\":\"https:\\\/\\\/worldofflowerpots.com\\\/sklep\\\/metall-pflanzkubel-edoardo-4\\\/#breadcrumb\"},\"inLanguage\":\"de-AUT\",\"potentialAction\":[{\"@type\":\"ReadAction\",\"target\":[\"https:\\\/\\\/worldofflowerpots.com\\\/sklep\\\/metall-pflanzkubel-edoardo-4\\\/\"]}]},{\"@type\":\"ImageObject\",\"inLanguage\":\"de-AUT\",\"@id\":\"https:\\\/\\\/worldofflowerpots.com\\\/sklep\\\/metall-pflanzkubel-edoardo-4\\\/#primaryimage\",\"url\":\"https:\\\/\\\/worldofflowerpots.com\\\/wp-content\\\/uploads\\\/2019\\\/01\\\/Metall-Pflanzk\u00fcbel-Edoardo-4.jpg\",\"contentUrl\":\"https:\\\/\\\/worldofflowerpots.com\\\/wp-content\\\/uploads\\\/2019\\\/01\\\/Metall-Pflanzk\u00fcbel-Edoardo-4.jpg\",\"width\":2280,\"height\":1612},{\"@type\":\"BreadcrumbList\",\"@id\":\"https:\\\/\\\/worldofflowerpots.com\\\/sklep\\\/metall-pflanzkubel-edoardo-4\\\/#breadcrumb\",\"itemListElement\":[{\"@type\":\"ListItem\",\"position\":1,\"name\":\"Strona g\u0142\u00f3wna\",\"item\":\"https:\\\/\\\/worldofflowerpots.com\\\/home\\\/\"},{\"@type\":\"ListItem\",\"position\":2,\"name\":\"Shop\",\"item\":\"https:\\\/\\\/worldofflowerpots.com\\\/sortiment\\\/\"},{\"@type\":\"ListItem\",\"position\":3,\"name\":\"Metall Pflanzk\u00fcbel Edoardo 4\"}]},{\"@type\":\"WebSite\",\"@id\":\"https:\\\/\\\/worldofflowerpots.com\\\/#website\",\"url\":\"https:\\\/\\\/worldofflowerpots.com\\\/\",\"name\":\"World of Flowerpots\",\"description\":\"producent donic ozdobnych\",\"potentialAction\":[{\"@type\":\"SearchAction\",\"target\":{\"@type\":\"EntryPoint\",\"urlTemplate\":\"https:\\\/\\\/worldofflowerpots.com\\\/?s={search_term_string}\"},\"query-input\":{\"@type\":\"PropertyValueSpecification\",\"valueRequired\":true,\"valueName\":\"search_term_string\"}}],\"inLanguage\":\"de-AUT\"}]}<\/script>\n<!-- \/ Yoast SEO plugin. -->","yoast_head_json":{"title":"Metall Pflanzk\u00fcbel Edoardo 4 | World of Flowerpots - producent donic ozdobnych","robots":{"index":"index","follow":"follow","max-snippet":"max-snippet:-1","max-image-preview":"max-image-preview:large","max-video-preview":"max-video-preview:-1"},"canonical":"https:\/\/worldofflowerpots.com\/sklep\/metall-pflanzkubel-edoardo-4\/","og_locale":"de_DE","og_type":"article","og_title":"Metall Pflanzk\u00fcbel Edoardo 4 | World of Flowerpots - producent donic ozdobnych","og_description":"Material: 2 mm Aluminiumblech Farbe: Pulverbeschichtung Standard: RAL9016,7012,7021 Ab 5 St\u00fcck jede Ral Farbe m\u00f6glich Gewicht : 37kg Abmessungen B500mm H600mm L2000mm UV-resistent, Wetterfest Frostbest\u00e4ndig bei gew\u00e4hrleistetem Wasserablauf","og_url":"https:\/\/worldofflowerpots.com\/sklep\/metall-pflanzkubel-edoardo-4\/","og_site_name":"World of Flowerpots","article_modified_time":"2019-04-12T07:31:34+00:00","og_image":[{"width":2280,"height":1612,"url":"https:\/\/worldofflowerpots.com\/wp-content\/uploads\/2019\/01\/Metall-Pflanzk\u00fcbel-Edoardo-4.jpg","type":"image\/jpeg"}],"twitter_card":"summary_large_image","twitter_misc":{"Est. reading time":"2 minutes"},"schema":{"@context":"https:\/\/schema.org","@graph":[{"@type":"WebPage","@id":"https:\/\/worldofflowerpots.com\/sklep\/metall-pflanzkubel-edoardo-4\/","url":"https:\/\/worldofflowerpots.com\/sklep\/metall-pflanzkubel-edoardo-4\/","name":"Metall Pflanzk\u00fcbel Edoardo 4 | World of Flowerpots - producent donic ozdobnych","isPartOf":{"@id":"https:\/\/worldofflowerpots.com\/#website"},"primaryImageOfPage":{"@id":"https:\/\/worldofflowerpots.com\/sklep\/metall-pflanzkubel-edoardo-4\/#primaryimage"},"image":{"@id":"https:\/\/worldofflowerpots.com\/sklep\/metall-pflanzkubel-edoardo-4\/#primaryimage"},"thumbnailUrl":"https:\/\/worldofflowerpots.com\/wp-content\/uploads\/2019\/01\/Metall-Pflanzk\u00fcbel-Edoardo-4.jpg","datePublished":"2019-01-18T14:12:51+00:00","dateModified":"2019-04-12T07:31:34+00:00","breadcrumb":{"@id":"https:\/\/worldofflowerpots.com\/sklep\/metall-pflanzkubel-edoardo-4\/#breadcrumb"},"inLanguage":"de-AUT","potentialAction":[{"@type":"ReadAction","target":["https:\/\/worldofflowerpots.com\/sklep\/metall-pflanzkubel-edoardo-4\/"]}]},{"@type":"ImageObject","inLanguage":"de-AUT","@id":"https:\/\/worldofflowerpots.com\/sklep\/metall-pflanzkubel-edoardo-4\/#primaryimage","url":"https:\/\/worldofflowerpots.com\/wp-content\/uploads\/2019\/01\/Metall-Pflanzk\u00fcbel-Edoardo-4.jpg","contentUrl":"https:\/\/worldofflowerpots.com\/wp-content\/uploads\/2019\/01\/Metall-Pflanzk\u00fcbel-Edoardo-4.jpg","width":2280,"height":1612},{"@type":"BreadcrumbList","@id":"https:\/\/worldofflowerpots.com\/sklep\/metall-pflanzkubel-edoardo-4\/#breadcrumb","itemListElement":[{"@type":"ListItem","position":1,"name":"Strona g\u0142\u00f3wna","item":"https:\/\/worldofflowerpots.com\/home\/"},{"@type":"ListItem","position":2,"name":"Shop","item":"https:\/\/worldofflowerpots.com\/sortiment\/"},{"@type":"ListItem","position":3,"name":"Metall Pflanzk\u00fcbel Edoardo 4"}]},{"@type":"WebSite","@id":"https:\/\/worldofflowerpots.com\/#website","url":"https:\/\/worldofflowerpots.com\/","name":"World of Flowerpots","description":"producent donic ozdobnych","potentialAction":[{"@type":"SearchAction","target":{"@type":"EntryPoint","urlTemplate":"https:\/\/worldofflowerpots.com\/?s={search_term_string}"},"query-input":{"@type":"PropertyValueSpecification","valueRequired":true,"valueName":"search_term_string"}}],"inLanguage":"de-AUT"}]}},"_links":{"self":[{"href":"https:\/\/worldofflowerpots.com\/aut\/wp-json\/wp\/v2\/product\/53944","targetHints":{"allow":["GET"]}}],"collection":[{"href":"https:\/\/worldofflowerpots.com\/aut\/wp-json\/wp\/v2\/product"}],"about":[{"href":"https:\/\/worldofflowerpots.com\/aut\/wp-json\/wp\/v2\/types\/product"}],"wp:featuredmedia":[{"embeddable":true,"href":"https:\/\/worldofflowerpots.com\/aut\/wp-json\/wp\/v2\/media\/58842"}],"wp:attachment":[{"href":"https:\/\/worldofflowerpots.com\/aut\/wp-json\/wp\/v2\/media?parent=53944"}],"wp:term":[{"taxonomy":"product_brand","embeddable":true,"href":"https:\/\/worldofflowerpots.com\/aut\/wp-json\/wp\/v2\/product_brand?post=53944"},{"taxonomy":"product_cat","embeddable":true,"href":"https:\/\/worldofflowerpots.com\/aut\/wp-json\/wp\/v2\/product_cat?post=53944"},{"taxonomy":"product_tag","embeddable":true,"href":"https:\/\/worldofflowerpots.com\/aut\/wp-json\/wp\/v2\/product_tag?post=53944"}],"curies":[{"name":"wp","href":"https:\/\/api.w.org\/{rel}","templated":true}]}}