{"id":53945,"date":"2019-01-18T15:12:50","date_gmt":"2019-01-18T14:12:50","guid":{"rendered":"https:\/\/worldofflowerpots.com\/sklep\/pflanzkubel-metall-edoardo-3\/"},"modified":"2019-04-12T09:38:09","modified_gmt":"2019-04-12T07:38:09","slug":"pflanzkubel-metall-edoardo-3","status":"publish","type":"product","link":"https:\/\/worldofflowerpots.com\/aut\/sortiment\/pflanzkubel-metall-edoardo-3\/","title":{"rendered":"Pflanzk\u00fcbel metall Edoardo 3"},"content":{"rendered":"<h2>Pflanzk\u00fcbel metall in xxl Edoardo 3 als integriertes Designelement auf der Terasse und im Garten<\/h2>\n<p>Sind Sie auf der Suche nach einem modernen und eleganten Pflanzenk\u00fcbel metall f\u00fcr Ihr neues Gartenprojekt? Suchen Sie eine sch\u00f6ne M\u00f6glichkeit, verschiedene Bereiche auf der Dachterasse voneinander abzugrenzen? Dann sind Sie mit dem Pflanzk\u00fcbel xxl Edoardo 3 f\u00fcndig geworden.<\/p>\n<h2>Der Pflanzenk\u00fcbel Edoardo 3 ist ein eleganter und moderner Pflanzentopf in rechteckiger Form<\/h2>\n<p>Auch die Farben, in denen der Edoardo 3 erh\u00e4ltlich ist, verfolgen genau dieses Designkonzept. In einem edlen antrazit, in zeitlosem wei\u00df oder neutralem grau passt sich der Edoardo 3 perfekt an die Gartenm\u00f6blierung an. Der Pflanzk\u00fcbel metall ist extrem widerstandsf\u00e4hig und best\u00e4ndig gerade bei schlechten Witterungen im Au\u00dfenbereich. Der Pflanzk\u00fcbel xxl eignet sich perfekt, um verschiedene Bereiche auf der Terasse oder auf dem Dach voneinander abzugrenzen. Mit einer sch\u00f6nen Bepflanzung erreicht man so ein perfekt abgestimmtes Gesamtbild. Bereits ab einer Abnahmemenge von f\u00fcnf St\u00fcck haben Sie sogar die M\u00f6glichkeit, den Blumenk\u00fcbel in einer individuellen Farbe fertigen zu lassen. So sind auch ausgefallene Farbkombinationen in diesem Sommer auf der Terasse kein Problem. Durch das gro\u00dfe Fassungsvolumen des Pflanzk\u00fcbel metall in xxl format k\u00f6nnen Sie auch gro\u00dfe Pflanzen und kleine B\u00e4ume einsetzen. Es ist allerdings auch kein Problem, den Pflanzenk\u00fcbel mit Kunstpflanzen zu best\u00fccken und den Pflanzenk\u00fcbel im Innenbereich einzusetzen.<\/p>\n<h2>Edoardo 3 ist ein Blumenk\u00fcbel der rechteckig geformt ist<\/h2>\n<p>Es ist ganz egal, wie und wo Sie den Pflanzenk\u00fcbel Edoardo 3 nutzen m\u00f6chten, er ist in jedem Fall eine zeitlose und individuelle Abgrenzung im Garten, auf der Terasse und sogar im Innenbereich als ein neuer und innovativer Pflanzk\u00fcbel metall in\u00a0 xxl format. Mit einen Fassungsverm\u00f6gen von 410 Litern kann in dem K\u00fcbel eine sch\u00f6ne gro\u00dfe Pflanze eingepflanzt werden. Gleicherma\u00dfen ist der K\u00fcbel aber auch f\u00fcr Kunstpflanzen geeignet. Unabh\u00e4ngig wie der K\u00fcbel genutzt wird, ist er eine sehr sch\u00f6ne aber auch zeitlose Abgrenzung im Garten oder auf einer Terrasse im Sommer.<\/p>\n<h2>Der Blumenk\u00fcbel anthrazit ist erh\u00e4ltlich ausserdem in den Farben wei\u00df und grau<\/h2>\n<p>Dabei ist der Pflanzk\u00fcbel aus Metall gearbeitet und mit den Abmessungen 1500x500mm ideal um eine Abgrenzung zwischen zwei Zonen herzustellen. Bereits ab f\u00fcnf bestellten K\u00fcbeln kann eine individuelle Farbe produziert werden.<\/p>\n","protected":false},"excerpt":{"rendered":"<p>Material: 2 mm Aluminiumblech<br \/>\nFarbe: Pulverbeschichtung<br \/>\nStandard: RAL9016,7012,7021<br \/>\nAb 5 St\u00fcck jede Ral Farbe m\u00f6glich<br \/>\nGewicht : 29kg<br \/>\nAbmessungen B500mm H600mm L1500mm<br \/>\nUV-resistent, Wetterfest<br \/>\nFrostbest\u00e4ndig bei gew\u00e4hrleistetem Wasserablauf<\/p>\n","protected":false},"featured_media":58852,"template":"","meta":{"_acf_changed":false},"product_brand":[],"product_cat":[392],"product_tag":[],"class_list":{"0":"post-53945","1":"product","2":"type-product","3":"status-publish","4":"has-post-thumbnail","6":"product_cat-pflanzkubel-aluminium","7":"description-off","8":"tm-has-options","10":"first","11":"instock","12":"shipping-taxable","13":"purchasable","14":"product-type-simple"},"acf":[],"yoast_head":"<!-- This site is optimized with the Yoast SEO plugin v27.5 - https:\/\/yoast.com\/product\/yoast-seo-wordpress\/ -->\n<title>Pflanzk\u00fcbel metall Edoardo 3 | World of Flowerpots - producent donic ozdobnych<\/title>\n<meta name=\"robots\" content=\"index, follow, max-snippet:-1, max-image-preview:large, max-video-preview:-1\" \/>\n<link rel=\"canonical\" href=\"https:\/\/worldofflowerpots.com\/sklep\/pflanzkubel-metall-edoardo-3\/\" \/>\n<meta property=\"og:locale\" content=\"de_DE\" \/>\n<meta property=\"og:type\" content=\"article\" \/>\n<meta property=\"og:title\" content=\"Pflanzk\u00fcbel metall Edoardo 3 | World of Flowerpots - producent donic ozdobnych\" \/>\n<meta property=\"og:description\" content=\"Material: 2 mm Aluminiumblech Farbe: Pulverbeschichtung Standard: RAL9016,7012,7021 Ab 5 St\u00fcck jede Ral Farbe m\u00f6glich Gewicht : 29kg Abmessungen B500mm H600mm L1500mm UV-resistent, Wetterfest Frostbest\u00e4ndig bei gew\u00e4hrleistetem Wasserablauf\" \/>\n<meta property=\"og:url\" content=\"https:\/\/worldofflowerpots.com\/sklep\/pflanzkubel-metall-edoardo-3\/\" \/>\n<meta property=\"og:site_name\" content=\"World of Flowerpots\" \/>\n<meta property=\"article:modified_time\" content=\"2019-04-12T07:38:09+00:00\" \/>\n<meta property=\"og:image\" content=\"https:\/\/worldofflowerpots.com\/wp-content\/uploads\/2019\/01\/pflanzk\u00fcbel-metall-Edoardo-3.jpg\" \/>\n\t<meta property=\"og:image:width\" content=\"2280\" \/>\n\t<meta property=\"og:image:height\" content=\"1612\" \/>\n\t<meta property=\"og:image:type\" content=\"image\/jpeg\" \/>\n<meta name=\"twitter:card\" content=\"summary_large_image\" \/>\n<meta name=\"twitter:label1\" content=\"Est. reading time\" \/>\n\t<meta name=\"twitter:data1\" content=\"2 minutes\" \/>\n<script type=\"application\/ld+json\" class=\"yoast-schema-graph\">{\"@context\":\"https:\\\/\\\/schema.org\",\"@graph\":[{\"@type\":\"WebPage\",\"@id\":\"https:\\\/\\\/worldofflowerpots.com\\\/sklep\\\/pflanzkubel-metall-edoardo-3\\\/\",\"url\":\"https:\\\/\\\/worldofflowerpots.com\\\/sklep\\\/pflanzkubel-metall-edoardo-3\\\/\",\"name\":\"Pflanzk\u00fcbel metall Edoardo 3 | World of Flowerpots - producent donic ozdobnych\",\"isPartOf\":{\"@id\":\"https:\\\/\\\/worldofflowerpots.com\\\/#website\"},\"primaryImageOfPage\":{\"@id\":\"https:\\\/\\\/worldofflowerpots.com\\\/sklep\\\/pflanzkubel-metall-edoardo-3\\\/#primaryimage\"},\"image\":{\"@id\":\"https:\\\/\\\/worldofflowerpots.com\\\/sklep\\\/pflanzkubel-metall-edoardo-3\\\/#primaryimage\"},\"thumbnailUrl\":\"https:\\\/\\\/worldofflowerpots.com\\\/wp-content\\\/uploads\\\/2019\\\/01\\\/pflanzk\u00fcbel-metall-Edoardo-3.jpg\",\"datePublished\":\"2019-01-18T14:12:50+00:00\",\"dateModified\":\"2019-04-12T07:38:09+00:00\",\"breadcrumb\":{\"@id\":\"https:\\\/\\\/worldofflowerpots.com\\\/sklep\\\/pflanzkubel-metall-edoardo-3\\\/#breadcrumb\"},\"inLanguage\":\"de-AUT\",\"potentialAction\":[{\"@type\":\"ReadAction\",\"target\":[\"https:\\\/\\\/worldofflowerpots.com\\\/sklep\\\/pflanzkubel-metall-edoardo-3\\\/\"]}]},{\"@type\":\"ImageObject\",\"inLanguage\":\"de-AUT\",\"@id\":\"https:\\\/\\\/worldofflowerpots.com\\\/sklep\\\/pflanzkubel-metall-edoardo-3\\\/#primaryimage\",\"url\":\"https:\\\/\\\/worldofflowerpots.com\\\/wp-content\\\/uploads\\\/2019\\\/01\\\/pflanzk\u00fcbel-metall-Edoardo-3.jpg\",\"contentUrl\":\"https:\\\/\\\/worldofflowerpots.com\\\/wp-content\\\/uploads\\\/2019\\\/01\\\/pflanzk\u00fcbel-metall-Edoardo-3.jpg\",\"width\":2280,\"height\":1612},{\"@type\":\"BreadcrumbList\",\"@id\":\"https:\\\/\\\/worldofflowerpots.com\\\/sklep\\\/pflanzkubel-metall-edoardo-3\\\/#breadcrumb\",\"itemListElement\":[{\"@type\":\"ListItem\",\"position\":1,\"name\":\"Strona g\u0142\u00f3wna\",\"item\":\"https:\\\/\\\/worldofflowerpots.com\\\/home\\\/\"},{\"@type\":\"ListItem\",\"position\":2,\"name\":\"Shop\",\"item\":\"https:\\\/\\\/worldofflowerpots.com\\\/sortiment\\\/\"},{\"@type\":\"ListItem\",\"position\":3,\"name\":\"Pflanzk\u00fcbel metall Edoardo 3\"}]},{\"@type\":\"WebSite\",\"@id\":\"https:\\\/\\\/worldofflowerpots.com\\\/#website\",\"url\":\"https:\\\/\\\/worldofflowerpots.com\\\/\",\"name\":\"World of Flowerpots\",\"description\":\"producent donic ozdobnych\",\"potentialAction\":[{\"@type\":\"SearchAction\",\"target\":{\"@type\":\"EntryPoint\",\"urlTemplate\":\"https:\\\/\\\/worldofflowerpots.com\\\/?s={search_term_string}\"},\"query-input\":{\"@type\":\"PropertyValueSpecification\",\"valueRequired\":true,\"valueName\":\"search_term_string\"}}],\"inLanguage\":\"de-AUT\"}]}<\/script>\n<!-- \/ Yoast SEO plugin. -->","yoast_head_json":{"title":"Pflanzk\u00fcbel metall Edoardo 3 | World of Flowerpots - producent donic ozdobnych","robots":{"index":"index","follow":"follow","max-snippet":"max-snippet:-1","max-image-preview":"max-image-preview:large","max-video-preview":"max-video-preview:-1"},"canonical":"https:\/\/worldofflowerpots.com\/sklep\/pflanzkubel-metall-edoardo-3\/","og_locale":"de_DE","og_type":"article","og_title":"Pflanzk\u00fcbel metall Edoardo 3 | World of Flowerpots - producent donic ozdobnych","og_description":"Material: 2 mm Aluminiumblech Farbe: Pulverbeschichtung Standard: RAL9016,7012,7021 Ab 5 St\u00fcck jede Ral Farbe m\u00f6glich Gewicht : 29kg Abmessungen B500mm H600mm L1500mm UV-resistent, Wetterfest Frostbest\u00e4ndig bei gew\u00e4hrleistetem Wasserablauf","og_url":"https:\/\/worldofflowerpots.com\/sklep\/pflanzkubel-metall-edoardo-3\/","og_site_name":"World of Flowerpots","article_modified_time":"2019-04-12T07:38:09+00:00","og_image":[{"width":2280,"height":1612,"url":"https:\/\/worldofflowerpots.com\/wp-content\/uploads\/2019\/01\/pflanzk\u00fcbel-metall-Edoardo-3.jpg","type":"image\/jpeg"}],"twitter_card":"summary_large_image","twitter_misc":{"Est. reading time":"2 minutes"},"schema":{"@context":"https:\/\/schema.org","@graph":[{"@type":"WebPage","@id":"https:\/\/worldofflowerpots.com\/sklep\/pflanzkubel-metall-edoardo-3\/","url":"https:\/\/worldofflowerpots.com\/sklep\/pflanzkubel-metall-edoardo-3\/","name":"Pflanzk\u00fcbel metall Edoardo 3 | World of Flowerpots - producent donic ozdobnych","isPartOf":{"@id":"https:\/\/worldofflowerpots.com\/#website"},"primaryImageOfPage":{"@id":"https:\/\/worldofflowerpots.com\/sklep\/pflanzkubel-metall-edoardo-3\/#primaryimage"},"image":{"@id":"https:\/\/worldofflowerpots.com\/sklep\/pflanzkubel-metall-edoardo-3\/#primaryimage"},"thumbnailUrl":"https:\/\/worldofflowerpots.com\/wp-content\/uploads\/2019\/01\/pflanzk\u00fcbel-metall-Edoardo-3.jpg","datePublished":"2019-01-18T14:12:50+00:00","dateModified":"2019-04-12T07:38:09+00:00","breadcrumb":{"@id":"https:\/\/worldofflowerpots.com\/sklep\/pflanzkubel-metall-edoardo-3\/#breadcrumb"},"inLanguage":"de-AUT","potentialAction":[{"@type":"ReadAction","target":["https:\/\/worldofflowerpots.com\/sklep\/pflanzkubel-metall-edoardo-3\/"]}]},{"@type":"ImageObject","inLanguage":"de-AUT","@id":"https:\/\/worldofflowerpots.com\/sklep\/pflanzkubel-metall-edoardo-3\/#primaryimage","url":"https:\/\/worldofflowerpots.com\/wp-content\/uploads\/2019\/01\/pflanzk\u00fcbel-metall-Edoardo-3.jpg","contentUrl":"https:\/\/worldofflowerpots.com\/wp-content\/uploads\/2019\/01\/pflanzk\u00fcbel-metall-Edoardo-3.jpg","width":2280,"height":1612},{"@type":"BreadcrumbList","@id":"https:\/\/worldofflowerpots.com\/sklep\/pflanzkubel-metall-edoardo-3\/#breadcrumb","itemListElement":[{"@type":"ListItem","position":1,"name":"Strona g\u0142\u00f3wna","item":"https:\/\/worldofflowerpots.com\/home\/"},{"@type":"ListItem","position":2,"name":"Shop","item":"https:\/\/worldofflowerpots.com\/sortiment\/"},{"@type":"ListItem","position":3,"name":"Pflanzk\u00fcbel metall Edoardo 3"}]},{"@type":"WebSite","@id":"https:\/\/worldofflowerpots.com\/#website","url":"https:\/\/worldofflowerpots.com\/","name":"World of Flowerpots","description":"producent donic ozdobnych","potentialAction":[{"@type":"SearchAction","target":{"@type":"EntryPoint","urlTemplate":"https:\/\/worldofflowerpots.com\/?s={search_term_string}"},"query-input":{"@type":"PropertyValueSpecification","valueRequired":true,"valueName":"search_term_string"}}],"inLanguage":"de-AUT"}]}},"_links":{"self":[{"href":"https:\/\/worldofflowerpots.com\/aut\/wp-json\/wp\/v2\/product\/53945","targetHints":{"allow":["GET"]}}],"collection":[{"href":"https:\/\/worldofflowerpots.com\/aut\/wp-json\/wp\/v2\/product"}],"about":[{"href":"https:\/\/worldofflowerpots.com\/aut\/wp-json\/wp\/v2\/types\/product"}],"wp:featuredmedia":[{"embeddable":true,"href":"https:\/\/worldofflowerpots.com\/aut\/wp-json\/wp\/v2\/media\/58852"}],"wp:attachment":[{"href":"https:\/\/worldofflowerpots.com\/aut\/wp-json\/wp\/v2\/media?parent=53945"}],"wp:term":[{"taxonomy":"product_brand","embeddable":true,"href":"https:\/\/worldofflowerpots.com\/aut\/wp-json\/wp\/v2\/product_brand?post=53945"},{"taxonomy":"product_cat","embeddable":true,"href":"https:\/\/worldofflowerpots.com\/aut\/wp-json\/wp\/v2\/product_cat?post=53945"},{"taxonomy":"product_tag","embeddable":true,"href":"https:\/\/worldofflowerpots.com\/aut\/wp-json\/wp\/v2\/product_tag?post=53945"}],"curies":[{"name":"wp","href":"https:\/\/api.w.org\/{rel}","templated":true}]}}