{"id":53947,"date":"2019-01-18T15:12:21","date_gmt":"2019-01-18T14:12:21","guid":{"rendered":"https:\/\/worldofflowerpots.com\/sklep\/pflanzkubel-frostsicher-anthrazit-edoardo-1\/"},"modified":"2019-04-12T10:05:41","modified_gmt":"2019-04-12T08:05:41","slug":"pflanzkubel-frostsicher-anthrazit-edoardo-1","status":"publish","type":"product","link":"https:\/\/worldofflowerpots.com\/aut\/sortiment\/pflanzkubel-frostsicher-anthrazit-edoardo-1\/","title":{"rendered":"pflanzk\u00fcbel frostsicher anthrazit Edoardo 1"},"content":{"rendered":"<h2>Sehr schlicht ist unsere pflanztopf Edoardo 1<\/h2>\n<p>Der Pflanzk\u00fcbel frostsicher anthrazit mit der Bezeichnung Edoardo 1 ist ein ideales Gef\u00e4\u00df um eine Abgrenzung zwischen zwei Bereichen zu definieren. Die K\u00fcbel k\u00f6nnen hintereinander und auch ganz nach den W\u00fcnschen kombiniert werden und ergeben damit eine zeitlose Barriere zwischen den Bereichen eines Gartens. Pflanzenk\u00fcbel aus Alumium, zum Beispiel der Pflanzk\u00fcbel anthrazit Edoardo 1 bieten Pflanzen optimale Bedingungen zu Gedeihen und sind des Weiteren eine edle Dekoration fuer den Garten, den Balkon, die Terrasse, den Wintergarten oder das Wohnzimmer. Pflanzenk\u00fcbel aus Metall erfreuen sich gro\u00dfer Beliebtheit, das diese fuer den Einsatz im Innen- und im Aussenbereich geeignet sind. Pflanzk\u00fcbel frostsicher anthrazit aus Aluminium sind weiterhin wesentlich widerstandsf\u00e4higer als Pflanzk\u00fcbel\u00a0 aus Terrakotta, Fiberglas oder anderen Materialien. Sie d\u00fcrfen ganzj\u00e4hrig im Freien stehen, ohne dass sie durch Witterungseinfl\u00fcsse besch\u00e4digt werden. Pflanzenk\u00fcbel aus Aluminium nehmen deutlich weniger Wasser auf als Blumenk\u00fcbel, die aus anderen Materialien bestehen, und sind deshalb um ein Vielfaches frostbest\u00e4ndiger.<\/p>\n<h2>Um Bereiche zu unterteilen, k\u00f6nnen mehrere Pflanzenk\u00fcbel nebeneinander aufgestellt werden<\/h2>\n<p>Selbstverst\u00e4ndlich lassen sich mit den stabilen Blumenk\u00fcbeln aus Aluminium auch andere beliebige Dekorationen gestalten. Das besonders formbest\u00e4ndige Material Aluminium h\u00e4lt dem Druck gro\u00dfer Erdmassen stand. Pflanzk\u00fcbel anthrazit bringen das Gr\u00fcn der darin wachsenden Pflanzen und deren pr\u00e4chtige Bl\u00fcten. Besonders gut zur Geltung und ziehen die Blicke auf sich wie ein Magnet. Selbstverst\u00e4ndlich eignen sich Pflanzenk\u00fcbel auch dazu, um einen kleinen Minigarten anzulegen oder um eine sch\u00f6ne Solit\u00e4rpflanze in Szene zu setzen.<\/p>\n<h2>Verteile von Aluminium<\/h2>\n<p>Pflanzk\u00fcbel frostsiecher anthrazit aus Aluminium zeichnen sich weiterhin durch ein geringes Eigengewicht aus und lassen sich deshalb leicht transportieren. Die glatte, edel gl\u00e4nzende Oberfl\u00e4che des Pflanzk\u00fcbels l\u00e4sst sich bei Bedarf schnell und einfach reinigen und unterstreicht die Funktionalit\u00e4t der Blumenk\u00fcbel. Da die Pflanzgef\u00e4\u00dfe alle Witterungseinfl\u00fcsse \u00fcberstehen und deshalb besonders langlebig sind. Der stilvolle Pflanzk\u00fcbel\u00a0bietet ein unschlagbares Preis-Leistungs-Verh\u00e4ltnis und unterstreicht den Geschmack des Besitzers.<\/p>\n<h2>Wichtig bei Planung<\/h2>\n<p>Dabei kann der Blumenk\u00fcbel in anthrazit aber auch in wei\u00df oder grau geordert werden. Bereits ab f\u00fcnf bestellten K\u00fcbeln ist die Farbe sogar individuell w\u00e4hlbar. Mit dem Abmessungen 900\u00d7300 mm ist der K\u00fcbel aus Metall relativ schmal und nimmt nicht viel Platz weck, dennoch kann mit dem Fassungsverm\u00f6gen von 110 Litern eine sch\u00f6ne Pflanze darin untergebracht werden.<\/p>\n","protected":false},"excerpt":{"rendered":"<p>Material: 2 mm Aluminiumblech<br \/>\nFarbe: Pulverbeschichtung<br \/>\nStandard: RAL9016,7012,7021<br \/>\nAb 5 St\u00fcck jede Ral Farbe m\u00f6glich<br \/>\nGewicht : 20kg<br \/>\nAbmessungen B300mm H800mm L900mm<br \/>\nUV-resistent, Wetterfest<br \/>\nFrostbest\u00e4ndig bei gew\u00e4hrleistetem Wasserablauf<\/p>\n","protected":false},"featured_media":58872,"template":"","meta":{"_acf_changed":false},"product_brand":[],"product_cat":[392],"product_tag":[],"class_list":{"0":"post-53947","1":"product","2":"type-product","3":"status-publish","4":"has-post-thumbnail","6":"product_cat-pflanzkubel-aluminium","7":"description-off","8":"tm-has-options","10":"first","11":"instock","12":"shipping-taxable","13":"purchasable","14":"product-type-simple"},"acf":[],"yoast_head":"<!-- This site is optimized with the Yoast SEO plugin v27.5 - https:\/\/yoast.com\/product\/yoast-seo-wordpress\/ -->\n<title>pflanzk\u00fcbel frostsicher anthrazit Edoardo 1 | World of Flowerpots - producent donic ozdobnych<\/title>\n<meta name=\"robots\" content=\"index, follow, max-snippet:-1, max-image-preview:large, max-video-preview:-1\" \/>\n<link rel=\"canonical\" href=\"https:\/\/worldofflowerpots.com\/sklep\/pflanzkubel-frostsicher-anthrazit-edoardo-1\/\" \/>\n<meta property=\"og:locale\" content=\"de_DE\" \/>\n<meta property=\"og:type\" content=\"article\" \/>\n<meta property=\"og:title\" content=\"pflanzk\u00fcbel frostsicher anthrazit Edoardo 1 | World of Flowerpots - producent donic ozdobnych\" \/>\n<meta property=\"og:description\" content=\"Material: 2 mm Aluminiumblech Farbe: Pulverbeschichtung Standard: RAL9016,7012,7021 Ab 5 St\u00fcck jede Ral Farbe m\u00f6glich Gewicht : 20kg Abmessungen B300mm H800mm L900mm UV-resistent, Wetterfest Frostbest\u00e4ndig bei gew\u00e4hrleistetem Wasserablauf\" \/>\n<meta property=\"og:url\" content=\"https:\/\/worldofflowerpots.com\/sklep\/pflanzkubel-frostsicher-anthrazit-edoardo-1\/\" \/>\n<meta property=\"og:site_name\" content=\"World of Flowerpots\" \/>\n<meta property=\"article:modified_time\" content=\"2019-04-12T08:05:41+00:00\" \/>\n<meta property=\"og:image\" content=\"https:\/\/worldofflowerpots.com\/wp-content\/uploads\/2019\/01\/pflanzk\u00fcbel-frostsicher-Edoardo-1.jpg\" \/>\n\t<meta property=\"og:image:width\" content=\"2280\" \/>\n\t<meta property=\"og:image:height\" content=\"1612\" \/>\n\t<meta property=\"og:image:type\" content=\"image\/jpeg\" \/>\n<meta name=\"twitter:card\" content=\"summary_large_image\" \/>\n<meta name=\"twitter:label1\" content=\"Est. reading time\" \/>\n\t<meta name=\"twitter:data1\" content=\"2 minutes\" \/>\n<script type=\"application\/ld+json\" class=\"yoast-schema-graph\">{\"@context\":\"https:\\\/\\\/schema.org\",\"@graph\":[{\"@type\":\"WebPage\",\"@id\":\"https:\\\/\\\/worldofflowerpots.com\\\/sklep\\\/pflanzkubel-frostsicher-anthrazit-edoardo-1\\\/\",\"url\":\"https:\\\/\\\/worldofflowerpots.com\\\/sklep\\\/pflanzkubel-frostsicher-anthrazit-edoardo-1\\\/\",\"name\":\"pflanzk\u00fcbel frostsicher anthrazit Edoardo 1 | World of Flowerpots - producent donic ozdobnych\",\"isPartOf\":{\"@id\":\"https:\\\/\\\/worldofflowerpots.com\\\/#website\"},\"primaryImageOfPage\":{\"@id\":\"https:\\\/\\\/worldofflowerpots.com\\\/sklep\\\/pflanzkubel-frostsicher-anthrazit-edoardo-1\\\/#primaryimage\"},\"image\":{\"@id\":\"https:\\\/\\\/worldofflowerpots.com\\\/sklep\\\/pflanzkubel-frostsicher-anthrazit-edoardo-1\\\/#primaryimage\"},\"thumbnailUrl\":\"https:\\\/\\\/worldofflowerpots.com\\\/wp-content\\\/uploads\\\/2019\\\/01\\\/pflanzk\u00fcbel-frostsicher-Edoardo-1.jpg\",\"datePublished\":\"2019-01-18T14:12:21+00:00\",\"dateModified\":\"2019-04-12T08:05:41+00:00\",\"breadcrumb\":{\"@id\":\"https:\\\/\\\/worldofflowerpots.com\\\/sklep\\\/pflanzkubel-frostsicher-anthrazit-edoardo-1\\\/#breadcrumb\"},\"inLanguage\":\"de-AUT\",\"potentialAction\":[{\"@type\":\"ReadAction\",\"target\":[\"https:\\\/\\\/worldofflowerpots.com\\\/sklep\\\/pflanzkubel-frostsicher-anthrazit-edoardo-1\\\/\"]}]},{\"@type\":\"ImageObject\",\"inLanguage\":\"de-AUT\",\"@id\":\"https:\\\/\\\/worldofflowerpots.com\\\/sklep\\\/pflanzkubel-frostsicher-anthrazit-edoardo-1\\\/#primaryimage\",\"url\":\"https:\\\/\\\/worldofflowerpots.com\\\/wp-content\\\/uploads\\\/2019\\\/01\\\/pflanzk\u00fcbel-frostsicher-Edoardo-1.jpg\",\"contentUrl\":\"https:\\\/\\\/worldofflowerpots.com\\\/wp-content\\\/uploads\\\/2019\\\/01\\\/pflanzk\u00fcbel-frostsicher-Edoardo-1.jpg\",\"width\":2280,\"height\":1612},{\"@type\":\"BreadcrumbList\",\"@id\":\"https:\\\/\\\/worldofflowerpots.com\\\/sklep\\\/pflanzkubel-frostsicher-anthrazit-edoardo-1\\\/#breadcrumb\",\"itemListElement\":[{\"@type\":\"ListItem\",\"position\":1,\"name\":\"Strona g\u0142\u00f3wna\",\"item\":\"https:\\\/\\\/worldofflowerpots.com\\\/home\\\/\"},{\"@type\":\"ListItem\",\"position\":2,\"name\":\"Shop\",\"item\":\"https:\\\/\\\/worldofflowerpots.com\\\/sortiment\\\/\"},{\"@type\":\"ListItem\",\"position\":3,\"name\":\"pflanzk\u00fcbel frostsicher anthrazit Edoardo 1\"}]},{\"@type\":\"WebSite\",\"@id\":\"https:\\\/\\\/worldofflowerpots.com\\\/#website\",\"url\":\"https:\\\/\\\/worldofflowerpots.com\\\/\",\"name\":\"World of Flowerpots\",\"description\":\"producent donic ozdobnych\",\"potentialAction\":[{\"@type\":\"SearchAction\",\"target\":{\"@type\":\"EntryPoint\",\"urlTemplate\":\"https:\\\/\\\/worldofflowerpots.com\\\/?s={search_term_string}\"},\"query-input\":{\"@type\":\"PropertyValueSpecification\",\"valueRequired\":true,\"valueName\":\"search_term_string\"}}],\"inLanguage\":\"de-AUT\"}]}<\/script>\n<!-- \/ Yoast SEO plugin. -->","yoast_head_json":{"title":"pflanzk\u00fcbel frostsicher anthrazit Edoardo 1 | World of Flowerpots - producent donic ozdobnych","robots":{"index":"index","follow":"follow","max-snippet":"max-snippet:-1","max-image-preview":"max-image-preview:large","max-video-preview":"max-video-preview:-1"},"canonical":"https:\/\/worldofflowerpots.com\/sklep\/pflanzkubel-frostsicher-anthrazit-edoardo-1\/","og_locale":"de_DE","og_type":"article","og_title":"pflanzk\u00fcbel frostsicher anthrazit Edoardo 1 | World of Flowerpots - producent donic ozdobnych","og_description":"Material: 2 mm Aluminiumblech Farbe: Pulverbeschichtung Standard: RAL9016,7012,7021 Ab 5 St\u00fcck jede Ral Farbe m\u00f6glich Gewicht : 20kg Abmessungen B300mm H800mm L900mm UV-resistent, Wetterfest Frostbest\u00e4ndig bei gew\u00e4hrleistetem Wasserablauf","og_url":"https:\/\/worldofflowerpots.com\/sklep\/pflanzkubel-frostsicher-anthrazit-edoardo-1\/","og_site_name":"World of Flowerpots","article_modified_time":"2019-04-12T08:05:41+00:00","og_image":[{"width":2280,"height":1612,"url":"https:\/\/worldofflowerpots.com\/wp-content\/uploads\/2019\/01\/pflanzk\u00fcbel-frostsicher-Edoardo-1.jpg","type":"image\/jpeg"}],"twitter_card":"summary_large_image","twitter_misc":{"Est. reading time":"2 minutes"},"schema":{"@context":"https:\/\/schema.org","@graph":[{"@type":"WebPage","@id":"https:\/\/worldofflowerpots.com\/sklep\/pflanzkubel-frostsicher-anthrazit-edoardo-1\/","url":"https:\/\/worldofflowerpots.com\/sklep\/pflanzkubel-frostsicher-anthrazit-edoardo-1\/","name":"pflanzk\u00fcbel frostsicher anthrazit Edoardo 1 | World of Flowerpots - producent donic ozdobnych","isPartOf":{"@id":"https:\/\/worldofflowerpots.com\/#website"},"primaryImageOfPage":{"@id":"https:\/\/worldofflowerpots.com\/sklep\/pflanzkubel-frostsicher-anthrazit-edoardo-1\/#primaryimage"},"image":{"@id":"https:\/\/worldofflowerpots.com\/sklep\/pflanzkubel-frostsicher-anthrazit-edoardo-1\/#primaryimage"},"thumbnailUrl":"https:\/\/worldofflowerpots.com\/wp-content\/uploads\/2019\/01\/pflanzk\u00fcbel-frostsicher-Edoardo-1.jpg","datePublished":"2019-01-18T14:12:21+00:00","dateModified":"2019-04-12T08:05:41+00:00","breadcrumb":{"@id":"https:\/\/worldofflowerpots.com\/sklep\/pflanzkubel-frostsicher-anthrazit-edoardo-1\/#breadcrumb"},"inLanguage":"de-AUT","potentialAction":[{"@type":"ReadAction","target":["https:\/\/worldofflowerpots.com\/sklep\/pflanzkubel-frostsicher-anthrazit-edoardo-1\/"]}]},{"@type":"ImageObject","inLanguage":"de-AUT","@id":"https:\/\/worldofflowerpots.com\/sklep\/pflanzkubel-frostsicher-anthrazit-edoardo-1\/#primaryimage","url":"https:\/\/worldofflowerpots.com\/wp-content\/uploads\/2019\/01\/pflanzk\u00fcbel-frostsicher-Edoardo-1.jpg","contentUrl":"https:\/\/worldofflowerpots.com\/wp-content\/uploads\/2019\/01\/pflanzk\u00fcbel-frostsicher-Edoardo-1.jpg","width":2280,"height":1612},{"@type":"BreadcrumbList","@id":"https:\/\/worldofflowerpots.com\/sklep\/pflanzkubel-frostsicher-anthrazit-edoardo-1\/#breadcrumb","itemListElement":[{"@type":"ListItem","position":1,"name":"Strona g\u0142\u00f3wna","item":"https:\/\/worldofflowerpots.com\/home\/"},{"@type":"ListItem","position":2,"name":"Shop","item":"https:\/\/worldofflowerpots.com\/sortiment\/"},{"@type":"ListItem","position":3,"name":"pflanzk\u00fcbel frostsicher anthrazit Edoardo 1"}]},{"@type":"WebSite","@id":"https:\/\/worldofflowerpots.com\/#website","url":"https:\/\/worldofflowerpots.com\/","name":"World of Flowerpots","description":"producent donic ozdobnych","potentialAction":[{"@type":"SearchAction","target":{"@type":"EntryPoint","urlTemplate":"https:\/\/worldofflowerpots.com\/?s={search_term_string}"},"query-input":{"@type":"PropertyValueSpecification","valueRequired":true,"valueName":"search_term_string"}}],"inLanguage":"de-AUT"}]}},"_links":{"self":[{"href":"https:\/\/worldofflowerpots.com\/aut\/wp-json\/wp\/v2\/product\/53947","targetHints":{"allow":["GET"]}}],"collection":[{"href":"https:\/\/worldofflowerpots.com\/aut\/wp-json\/wp\/v2\/product"}],"about":[{"href":"https:\/\/worldofflowerpots.com\/aut\/wp-json\/wp\/v2\/types\/product"}],"wp:featuredmedia":[{"embeddable":true,"href":"https:\/\/worldofflowerpots.com\/aut\/wp-json\/wp\/v2\/media\/58872"}],"wp:attachment":[{"href":"https:\/\/worldofflowerpots.com\/aut\/wp-json\/wp\/v2\/media?parent=53947"}],"wp:term":[{"taxonomy":"product_brand","embeddable":true,"href":"https:\/\/worldofflowerpots.com\/aut\/wp-json\/wp\/v2\/product_brand?post=53947"},{"taxonomy":"product_cat","embeddable":true,"href":"https:\/\/worldofflowerpots.com\/aut\/wp-json\/wp\/v2\/product_cat?post=53947"},{"taxonomy":"product_tag","embeddable":true,"href":"https:\/\/worldofflowerpots.com\/aut\/wp-json\/wp\/v2\/product_tag?post=53947"}],"curies":[{"name":"wp","href":"https:\/\/api.w.org\/{rel}","templated":true}]}}