{"id":53965,"date":"2019-01-18T15:10:34","date_gmt":"2019-01-18T14:10:34","guid":{"rendered":"https:\/\/worldofflowerpots.com\/sklep\/blumenkubel-80-cm-carlo-1\/"},"modified":"2019-04-15T14:26:17","modified_gmt":"2019-04-15T12:26:17","slug":"blumenkubel-80-cm-carlo-1","status":"publish","type":"product","link":"https:\/\/worldofflowerpots.com\/aut\/sortiment\/blumenkubel-80-cm-carlo-1\/","title":{"rendered":"Blumenk\u00fcbel 80 cm Carlo 1"},"content":{"rendered":"<h2>Carlo 1 ein optisch ansprechender Blumenk\u00fcbel 80 cm<\/h2>\n<p>Blumenk\u00fcbel 80 cm aus Fiberglas ist in vielen Bereichen des Gartens, auf der Terrasse und auch auf dem Balkon eine gute Wahl. Rasch ist der leichte K\u00fcbel aus hochwertigem, robustem Fiberglas von einem Platz auf den n\u00e4chsten ger\u00fcckt. Daher sind diese Pflanzk\u00fcbel ideal f\u00fcr alle Hobby-G\u00e4rtner geeignet, die gerne hin und wieder den Garten und die Terrasse umgestalten. Das Modell Carlo 1 bietet mit einem geringen Eigengewicht von zw\u00f6lf Kilogramm und einem Volumen ideale Voraussetzungen f\u00fcr den \u00fcppigen Wuchs von gr\u00fcnen und von bl\u00fchenden Pflanzen. Dieser Blumen kasten beh\u00e4lt bei Wind und Wetter seinen exklusiven eleganten Look. Die innovative Mischung aus Kunststoff und Glasfasermatten ver\u00e4ndert ihre feine Struktur weder bei extremer K\u00e4lte noch bei hohen Temperaturen. Auf Wunsch kann das Modell Pflanzk\u00fcbel Fiberglas Carlo in verschiedenen Farbstufen mit glatter oder raffiniert strukturierter Oberfl\u00e4che geliefert werden. Der f\u00fcr den Au\u00dfenbereich entworfenen K\u00fcbel kann auch im Inneren des Hauses verwendet werden.<\/p>\n<h2>Fiberglas Pflanzk\u00fcbel Carlo 1<\/h2>\n<p>Das schlichte Design sowie die glatte Oberfl\u00e4che lassen den Blumenk\u00fcbel 80 cm sehr edel und modern wirken und erleichtern zudem das S\u00e4ubern. Durch seine H\u00f6he von 80 cm ist der schmale K\u00fcbel vielseitig einsetzbar und eignet sich besonders gut f\u00fcr den Eingangsbereich. Er ist in Standard- sowie Au\u00dfenlackierung in verschiedenen Farben verf\u00fcgbar und somit sehr individuell zu gestalten.<\/p>\n<h2>Carlo Topf f\u00fcr draussen<\/h2>\n<p>Weiterhin ist der Carlo 1 absolut wetterfest und frostsicher, wodurch eine hervorragende Haltbarkeit garantiert werden kann. Der Carlo 1 ist ein rechteckiger Blumen kasten aus Fiberglas in der Gr\u00f6\u00dfe 40 cm x 40 cm x 80 cm. Er verf\u00fcgt \u00fcber ein Fassungsverm\u00f6gen von 115 Litern und wiegt 12 kg.<\/p>\n","protected":false},"excerpt":{"rendered":"<p>Material : Fiberglas<br \/>\nFarben: RAL 9010,9016,7045,7012,7021,9005<br \/>\nAndere RAL Farben Mindestabnahme 5 St\u00fcck<br \/>\nUV-resistent Isoliert mit Styropor<br \/>\nGewicht :12kg<br \/>\nAbmessungen B400mm H800mm L400mm<br \/>\nWetterfest<br \/>\nFrostbest\u00e4ndig bei gew\u00e4hrleistetem Wasserablauf<\/p>\n","protected":false},"featured_media":59147,"template":"","meta":{"_acf_changed":false},"product_brand":[],"product_cat":[396],"product_tag":[],"class_list":{"0":"post-53965","1":"product","2":"type-product","3":"status-publish","4":"has-post-thumbnail","6":"product_cat-pflanzkubel-fiberglas","7":"description-off","8":"tm-has-options","10":"first","11":"instock","12":"shipping-taxable","13":"purchasable","14":"product-type-simple"},"acf":[],"yoast_head":"<!-- This site is optimized with the Yoast SEO plugin v27.5 - https:\/\/yoast.com\/product\/yoast-seo-wordpress\/ -->\n<title>Blumenk\u00fcbel 80 cm aus Fiberglas ist in vielen Bereichen des Gartens<\/title>\n<meta name=\"description\" content=\"Das schlichte Design sowie die glatte Oberfl\u00e4che lassen den Blumenk\u00fcbel 80 cm sehr edel und modern wirken und erleichtern zudem das S\u00e4ubern.\" \/>\n<meta name=\"robots\" content=\"index, follow, max-snippet:-1, max-image-preview:large, max-video-preview:-1\" \/>\n<link rel=\"canonical\" href=\"https:\/\/worldofflowerpots.com\/sklep\/blumenkubel-80-cm-carlo-1\/\" \/>\n<meta property=\"og:locale\" content=\"de_DE\" \/>\n<meta property=\"og:type\" content=\"article\" \/>\n<meta property=\"og:title\" content=\"Blumenk\u00fcbel 80 cm aus Fiberglas ist in vielen Bereichen des Gartens\" \/>\n<meta property=\"og:description\" content=\"Das schlichte Design sowie die glatte Oberfl\u00e4che lassen den Blumenk\u00fcbel 80 cm sehr edel und modern wirken und erleichtern zudem das S\u00e4ubern.\" \/>\n<meta property=\"og:url\" content=\"https:\/\/worldofflowerpots.com\/sklep\/blumenkubel-80-cm-carlo-1\/\" \/>\n<meta property=\"og:site_name\" content=\"World of Flowerpots\" \/>\n<meta property=\"article:modified_time\" content=\"2019-04-15T12:26:17+00:00\" \/>\n<meta property=\"og:image\" content=\"https:\/\/worldofflowerpots.com\/wp-content\/uploads\/2019\/01\/blumenk\u00fcbel-80-cm-Carlo-1.jpg\" \/>\n\t<meta property=\"og:image:width\" content=\"1920\" \/>\n\t<meta property=\"og:image:height\" content=\"1080\" \/>\n\t<meta property=\"og:image:type\" content=\"image\/jpeg\" \/>\n<meta name=\"twitter:card\" content=\"summary_large_image\" \/>\n<meta name=\"twitter:label1\" content=\"Est. reading time\" \/>\n\t<meta name=\"twitter:data1\" content=\"1 minute\" \/>\n<script type=\"application\/ld+json\" class=\"yoast-schema-graph\">{\"@context\":\"https:\\\/\\\/schema.org\",\"@graph\":[{\"@type\":\"WebPage\",\"@id\":\"https:\\\/\\\/worldofflowerpots.com\\\/sklep\\\/blumenkubel-80-cm-carlo-1\\\/\",\"url\":\"https:\\\/\\\/worldofflowerpots.com\\\/sklep\\\/blumenkubel-80-cm-carlo-1\\\/\",\"name\":\"Blumenk\u00fcbel 80 cm aus Fiberglas ist in vielen Bereichen des Gartens\",\"isPartOf\":{\"@id\":\"https:\\\/\\\/worldofflowerpots.com\\\/#website\"},\"primaryImageOfPage\":{\"@id\":\"https:\\\/\\\/worldofflowerpots.com\\\/sklep\\\/blumenkubel-80-cm-carlo-1\\\/#primaryimage\"},\"image\":{\"@id\":\"https:\\\/\\\/worldofflowerpots.com\\\/sklep\\\/blumenkubel-80-cm-carlo-1\\\/#primaryimage\"},\"thumbnailUrl\":\"https:\\\/\\\/worldofflowerpots.com\\\/wp-content\\\/uploads\\\/2019\\\/01\\\/blumenk\u00fcbel-80-cm-Carlo-1.jpg\",\"datePublished\":\"2019-01-18T14:10:34+00:00\",\"dateModified\":\"2019-04-15T12:26:17+00:00\",\"description\":\"Das schlichte Design sowie die glatte Oberfl\u00e4che lassen den Blumenk\u00fcbel 80 cm sehr edel und modern wirken und erleichtern zudem das S\u00e4ubern.\",\"breadcrumb\":{\"@id\":\"https:\\\/\\\/worldofflowerpots.com\\\/sklep\\\/blumenkubel-80-cm-carlo-1\\\/#breadcrumb\"},\"inLanguage\":\"de-AUT\",\"potentialAction\":[{\"@type\":\"ReadAction\",\"target\":[\"https:\\\/\\\/worldofflowerpots.com\\\/sklep\\\/blumenkubel-80-cm-carlo-1\\\/\"]}]},{\"@type\":\"ImageObject\",\"inLanguage\":\"de-AUT\",\"@id\":\"https:\\\/\\\/worldofflowerpots.com\\\/sklep\\\/blumenkubel-80-cm-carlo-1\\\/#primaryimage\",\"url\":\"https:\\\/\\\/worldofflowerpots.com\\\/wp-content\\\/uploads\\\/2019\\\/01\\\/blumenk\u00fcbel-80-cm-Carlo-1.jpg\",\"contentUrl\":\"https:\\\/\\\/worldofflowerpots.com\\\/wp-content\\\/uploads\\\/2019\\\/01\\\/blumenk\u00fcbel-80-cm-Carlo-1.jpg\",\"width\":1920,\"height\":1080},{\"@type\":\"BreadcrumbList\",\"@id\":\"https:\\\/\\\/worldofflowerpots.com\\\/sklep\\\/blumenkubel-80-cm-carlo-1\\\/#breadcrumb\",\"itemListElement\":[{\"@type\":\"ListItem\",\"position\":1,\"name\":\"Strona g\u0142\u00f3wna\",\"item\":\"https:\\\/\\\/worldofflowerpots.com\\\/home\\\/\"},{\"@type\":\"ListItem\",\"position\":2,\"name\":\"Shop\",\"item\":\"https:\\\/\\\/worldofflowerpots.com\\\/sortiment\\\/\"},{\"@type\":\"ListItem\",\"position\":3,\"name\":\"Blumenk\u00fcbel 80 cm Carlo 1\"}]},{\"@type\":\"WebSite\",\"@id\":\"https:\\\/\\\/worldofflowerpots.com\\\/#website\",\"url\":\"https:\\\/\\\/worldofflowerpots.com\\\/\",\"name\":\"World of Flowerpots\",\"description\":\"producent donic ozdobnych\",\"potentialAction\":[{\"@type\":\"SearchAction\",\"target\":{\"@type\":\"EntryPoint\",\"urlTemplate\":\"https:\\\/\\\/worldofflowerpots.com\\\/?s={search_term_string}\"},\"query-input\":{\"@type\":\"PropertyValueSpecification\",\"valueRequired\":true,\"valueName\":\"search_term_string\"}}],\"inLanguage\":\"de-AUT\"}]}<\/script>\n<!-- \/ Yoast SEO plugin. -->","yoast_head_json":{"title":"Blumenk\u00fcbel 80 cm aus Fiberglas ist in vielen Bereichen des Gartens","description":"Das schlichte Design sowie die glatte Oberfl\u00e4che lassen den Blumenk\u00fcbel 80 cm sehr edel und modern wirken und erleichtern zudem das S\u00e4ubern.","robots":{"index":"index","follow":"follow","max-snippet":"max-snippet:-1","max-image-preview":"max-image-preview:large","max-video-preview":"max-video-preview:-1"},"canonical":"https:\/\/worldofflowerpots.com\/sklep\/blumenkubel-80-cm-carlo-1\/","og_locale":"de_DE","og_type":"article","og_title":"Blumenk\u00fcbel 80 cm aus Fiberglas ist in vielen Bereichen des Gartens","og_description":"Das schlichte Design sowie die glatte Oberfl\u00e4che lassen den Blumenk\u00fcbel 80 cm sehr edel und modern wirken und erleichtern zudem das S\u00e4ubern.","og_url":"https:\/\/worldofflowerpots.com\/sklep\/blumenkubel-80-cm-carlo-1\/","og_site_name":"World of Flowerpots","article_modified_time":"2019-04-15T12:26:17+00:00","og_image":[{"width":1920,"height":1080,"url":"https:\/\/worldofflowerpots.com\/wp-content\/uploads\/2019\/01\/blumenk\u00fcbel-80-cm-Carlo-1.jpg","type":"image\/jpeg"}],"twitter_card":"summary_large_image","twitter_misc":{"Est. reading time":"1 minute"},"schema":{"@context":"https:\/\/schema.org","@graph":[{"@type":"WebPage","@id":"https:\/\/worldofflowerpots.com\/sklep\/blumenkubel-80-cm-carlo-1\/","url":"https:\/\/worldofflowerpots.com\/sklep\/blumenkubel-80-cm-carlo-1\/","name":"Blumenk\u00fcbel 80 cm aus Fiberglas ist in vielen Bereichen des Gartens","isPartOf":{"@id":"https:\/\/worldofflowerpots.com\/#website"},"primaryImageOfPage":{"@id":"https:\/\/worldofflowerpots.com\/sklep\/blumenkubel-80-cm-carlo-1\/#primaryimage"},"image":{"@id":"https:\/\/worldofflowerpots.com\/sklep\/blumenkubel-80-cm-carlo-1\/#primaryimage"},"thumbnailUrl":"https:\/\/worldofflowerpots.com\/wp-content\/uploads\/2019\/01\/blumenk\u00fcbel-80-cm-Carlo-1.jpg","datePublished":"2019-01-18T14:10:34+00:00","dateModified":"2019-04-15T12:26:17+00:00","description":"Das schlichte Design sowie die glatte Oberfl\u00e4che lassen den Blumenk\u00fcbel 80 cm sehr edel und modern wirken und erleichtern zudem das S\u00e4ubern.","breadcrumb":{"@id":"https:\/\/worldofflowerpots.com\/sklep\/blumenkubel-80-cm-carlo-1\/#breadcrumb"},"inLanguage":"de-AUT","potentialAction":[{"@type":"ReadAction","target":["https:\/\/worldofflowerpots.com\/sklep\/blumenkubel-80-cm-carlo-1\/"]}]},{"@type":"ImageObject","inLanguage":"de-AUT","@id":"https:\/\/worldofflowerpots.com\/sklep\/blumenkubel-80-cm-carlo-1\/#primaryimage","url":"https:\/\/worldofflowerpots.com\/wp-content\/uploads\/2019\/01\/blumenk\u00fcbel-80-cm-Carlo-1.jpg","contentUrl":"https:\/\/worldofflowerpots.com\/wp-content\/uploads\/2019\/01\/blumenk\u00fcbel-80-cm-Carlo-1.jpg","width":1920,"height":1080},{"@type":"BreadcrumbList","@id":"https:\/\/worldofflowerpots.com\/sklep\/blumenkubel-80-cm-carlo-1\/#breadcrumb","itemListElement":[{"@type":"ListItem","position":1,"name":"Strona g\u0142\u00f3wna","item":"https:\/\/worldofflowerpots.com\/home\/"},{"@type":"ListItem","position":2,"name":"Shop","item":"https:\/\/worldofflowerpots.com\/sortiment\/"},{"@type":"ListItem","position":3,"name":"Blumenk\u00fcbel 80 cm Carlo 1"}]},{"@type":"WebSite","@id":"https:\/\/worldofflowerpots.com\/#website","url":"https:\/\/worldofflowerpots.com\/","name":"World of Flowerpots","description":"producent donic ozdobnych","potentialAction":[{"@type":"SearchAction","target":{"@type":"EntryPoint","urlTemplate":"https:\/\/worldofflowerpots.com\/?s={search_term_string}"},"query-input":{"@type":"PropertyValueSpecification","valueRequired":true,"valueName":"search_term_string"}}],"inLanguage":"de-AUT"}]}},"_links":{"self":[{"href":"https:\/\/worldofflowerpots.com\/aut\/wp-json\/wp\/v2\/product\/53965","targetHints":{"allow":["GET"]}}],"collection":[{"href":"https:\/\/worldofflowerpots.com\/aut\/wp-json\/wp\/v2\/product"}],"about":[{"href":"https:\/\/worldofflowerpots.com\/aut\/wp-json\/wp\/v2\/types\/product"}],"wp:featuredmedia":[{"embeddable":true,"href":"https:\/\/worldofflowerpots.com\/aut\/wp-json\/wp\/v2\/media\/59147"}],"wp:attachment":[{"href":"https:\/\/worldofflowerpots.com\/aut\/wp-json\/wp\/v2\/media?parent=53965"}],"wp:term":[{"taxonomy":"product_brand","embeddable":true,"href":"https:\/\/worldofflowerpots.com\/aut\/wp-json\/wp\/v2\/product_brand?post=53965"},{"taxonomy":"product_cat","embeddable":true,"href":"https:\/\/worldofflowerpots.com\/aut\/wp-json\/wp\/v2\/product_cat?post=53965"},{"taxonomy":"product_tag","embeddable":true,"href":"https:\/\/worldofflowerpots.com\/aut\/wp-json\/wp\/v2\/product_tag?post=53965"}],"curies":[{"name":"wp","href":"https:\/\/api.w.org\/{rel}","templated":true}]}}