{"id":53989,"date":"2019-01-18T15:07:38","date_gmt":"2019-01-18T14:07:38","guid":{"rendered":"https:\/\/worldofflowerpots.com\/sklep\/pflanzkubel-beton-monica\/"},"modified":"2019-04-17T21:47:22","modified_gmt":"2019-04-17T19:47:22","slug":"pflanzkubel-beton-monica","status":"publish","type":"product","link":"https:\/\/worldofflowerpots.com\/aut\/sortiment\/pflanzkubel-beton-monica\/","title":{"rendered":"Pflanzk\u00fcbel beton Monica"},"content":{"rendered":"<div id=\"attachment_58959\" style=\"width: 1034px\" class=\"wp-caption aligncenter\"><img loading=\"lazy\" decoding=\"async\" aria-describedby=\"caption-attachment-58959\" class=\"wp-image-58959 size-large\" src=\"https:\/\/worldofflowerpots.de\/wp-content\/uploads\/\/2017\/01\/Richtig-bepflanzen--1024x576.jpg\" alt=\"\" width=\"1024\" height=\"576\" srcset=\"https:\/\/worldofflowerpots.com\/wp-content\/uploads\/2017\/01\/Richtig-bepflanzen--1024x576.jpg 1024w, https:\/\/worldofflowerpots.com\/wp-content\/uploads\/2017\/01\/Richtig-bepflanzen--300x169.jpg 300w, https:\/\/worldofflowerpots.com\/wp-content\/uploads\/2017\/01\/Richtig-bepflanzen--768x432.jpg 768w, https:\/\/worldofflowerpots.com\/wp-content\/uploads\/2017\/01\/Richtig-bepflanzen--600x338.jpg 600w, https:\/\/worldofflowerpots.com\/wp-content\/uploads\/2017\/01\/Richtig-bepflanzen-.jpg 1920w\" sizes=\"auto, (max-width: 1024px) 100vw, 1024px\" \/><p id=\"caption-attachment-58959\" class=\"wp-caption-text\">Richtig bepflanzen<\/p><\/div>\n<h2>Pflanzk\u00fcbel Beton Monica-Setzen Sie Akzente in der Gartengestaltung<\/h2>\n<p>Der Blumenk\u00fcbel Beton Monica bietet mit seiner rechteckigen Grundfl\u00e4che viele M\u00f6glichkeiten, ihn als Garten Gestaltungselement einzusetzen. Nutzen Sie den Betonpflanzk\u00fcbel Monica als Abschluss f\u00fcr Hecken oder Grundst\u00fccksbegrenzungen. In Ihrer H\u00f6he sind die Pflanzk\u00fcbel Beton Monica ideal f\u00fcr bl\u00fchende Gr\u00e4ser. Trennen Sie Ihre Terrasse optisch vom Rasen oder setzen Sie Akzente neben einem Treppenaufgang. Es gibt zahlreiche M\u00f6glichkeiten, mit diesem Pflanztrog Beton Ihren Garten auf einzigartige Weise zu gestalten und sich von anderen abzuheben.<\/p>\n<h2>Monica macht den Garten sch\u00f6ner<\/h2>\n<p>Sie suchen nach einer M\u00f6glichkeit Ihren Garten zu versch\u00f6nern? Monica kann helfen, sei es bei der Versch\u00f6nerung des Gartens, als auch als sch\u00f6n anzusehende Trennwand. Das edle und gleichzeitig zeitlose Design dieses Blumenk\u00fcbels l\u00e4sst jegliche Art von Pflanzen und Dekoration zu. Der Fantasie sind keine Grenzen gesetzt, da jegliche Pflanze in Monica einsetzbar ist. So kommen der sch\u00f6ne Blumenk\u00fcbel und die sch\u00f6nen Pflanzen perfekt zur Geltung. Um sich den Pflanzen perfekt anpassen zu k\u00f6nnen, ist Monica in verschiedenen Farben erh\u00e4ltlich, so dass die Pflanzen in einem, f\u00fcr sie, perfekten Licht erstrahlen k\u00f6nnen. Nicht nur die Pflanzen sollten dem Betrachter ein L\u00e4cheln in das Gesicht zaubern, sondern auch der K\u00fcbel. Und genau das schafft Monica mit seinem einzigartigen, tollen Design.<\/p>\n<h2>Ein gesunde Mittelmass ist unsere Pflanzk\u00fcbel Monica<\/h2>\n<p>Nicht nur die Blumen werden die Blicke auf sich lenken, sondern auch der Pflanzenk\u00fcbel ist ein Hingucker f\u00fcr sich. Der Pflanzk\u00fcbel Beton Monica ist in den Farben Weiss- und Grau und schwarz zu erhalten. Auf Wunsch ist auch eine Au\u00dfenlackierung m\u00f6glich. Sie k\u00f6nnen zwischen einem Pflanzk\u00fcbel Beton Monica mit oder ohne F\u00fc\u00dfe w\u00e4hlen.<\/p>\n<h4>Stilvolles Pflanzgef\u00e4\u00df Monika aus Beton<\/h4>\n<p>Die Auswahl eines geeigneten Pflanzk\u00fcbels ist oft nicht so einfach. Das Gef\u00e4\u00df sollte robust sein, jedoch stilvoll und sich gut in den Stil des Gartens einf\u00fcgen. Pflanzk\u00fcbel aus Beton haben sich in den letzten Jahren etabliert, denn sie sind nicht nur robust, sie k\u00f6nnen gleicherma\u00dfen Akzente setzen als auch sich in eine bestehende Gartenplanung integrieren lassen.<\/p>\n<h4>Robust und pflegeleicht<\/h4>\n<p>Im Vergleich zu Kunststoff ist ein Beton Blumenk\u00fcbel eine pflegeleichte und robuste Alternative. Beton ist an sich ein sehr nat\u00fcrliches Material, das wenig empfindlich gegen \u00e4u\u00dfere Einfl\u00fcsse ist. Im Vergleich zu anderen Materialien kann der Beton Blumenk\u00fcbel einfach mit einem Hochdruckreiniger ges\u00e4ubert werden und er sieht fast aus wie neu.<\/p>\n<h4>Urbaner Stil im Garten<\/h4>\n<p>Das Material und der Stil vom Pflanzk\u00fcbel aus Beton ist ideal f\u00fcr G\u00e4rten im urbanen Stil. Die kantige und schlichte Form eignet sich, um Dachterrassen zu gestalten oder den Eingangsbereich modern zu gestalten. Der Beton Blumenk\u00fcbel kann durchaus auch als Akzent im Garten genutzt werden. Der Beton Blumenk\u00fcbel bietet sich an, um den Garten in unterschiedliche Zonen zu unterteilen oder den Terrassenbereich abzugrenzen.<\/p>\n<h4>Schlicht und einfach zu kombinieren<\/h4>\n<p>Der Vorteil beim Design ist, dass sich der Beton Blumenk\u00fcbel Monika problemlos mit anderen Pflanzgef\u00e4\u00dfen arrangieren l\u00e4sst. Durch seine Vielseitigkeit, kann er nicht nur Akzente setzen, sondern legt den Fokus auch auf die Bepflanzung. Der Pflanzk\u00fcbel aus Beton bietet vielen Pflanzen, die ein- oder mehrj\u00e4hrig sein k\u00f6nnen, den idealen Rahmen. Er besitzt einen eigenen Wasserablauf und kann dadurch ganzj\u00e4hrig im Freien stehen.<\/p>\n<h4>Vielseitiges Pflanzgef\u00e4\u00df<\/h4>\n<p>Der Beton Blumenk\u00fcbel Monika kann vielseitig verwendet werden. Er bietet Platz f\u00fcr die Lieblingskr\u00e4uter direkt am Balkon oder auf der Terrasse, wo sie schnell griffbereit sind. Er eignet sich aber auch um darin Stauden zu Pflanzen oder Pflanzen wie Dahlien oder Gladiolen optimal in Szene zu setzen. Selbst gr\u00f6\u00dferen Pflanzen gibt der Pflanzk\u00fcbel aus Beton gen\u00fcgend halt, dass er Wind und Wetter trotzt. Durch sein Gewicht ist der Beton Blumenk\u00fcbel ideal, um ihn dauerhaft am gleichen Platz in Szene zu setzen.<\/p>\n","protected":false},"excerpt":{"rendered":"<p>Pflanzk\u00fcbel beton Monica<br \/>\nMaterial Beton (UHPC)<br \/>\nGewicht :155kg<br \/>\nAbmessungen B800mm H700mm L800mm<br \/>\nFarben: Grau, Schwarz, Weiss<br \/>\nUV-resistent<br \/>\nRobust und Stabil<br \/>\nWetterfest<br \/>\nFrostbest\u00e4ndig bei gew\u00e4hrleistetem Wasserablauf<\/p>\n","protected":false},"featured_media":58245,"template":"","meta":{"_acf_changed":false},"product_brand":[],"product_cat":[393],"product_tag":[483,482],"class_list":{"0":"post-53989","1":"product","2":"type-product","3":"status-publish","4":"has-post-thumbnail","6":"product_cat-pflanzkubel-beton","7":"product_tag-donice-betonowe-de-aut","8":"product_tag-donice-ogrodowe-de-aut","9":"description-off","10":"tm-has-options","12":"first","13":"instock","14":"shipping-taxable","15":"purchasable","16":"product-type-simple"},"acf":[],"yoast_head":"<!-- This site is optimized with the Yoast SEO plugin v27.5 - https:\/\/yoast.com\/product\/yoast-seo-wordpress\/ -->\n<title>Pflanzk\u00fcbel beton f\u00fcr Grosse pflanzen setzt Akzente<\/title>\n<meta name=\"description\" content=\"Pflanzk\u00fcbel beton Monica ist Gross und robust sehr gut geeignet f\u00fcr Draussen. Durch die Abmessungen finden auch kleine Olive B\u00e4ume genug platz um zu Wachsen\" \/>\n<meta name=\"robots\" content=\"index, follow, max-snippet:-1, max-image-preview:large, max-video-preview:-1\" \/>\n<link rel=\"canonical\" href=\"https:\/\/worldofflowerpots.com\/sklep\/pflanzkubel-beton-monica\/\" \/>\n<meta property=\"og:locale\" content=\"de_DE\" \/>\n<meta property=\"og:type\" content=\"article\" \/>\n<meta property=\"og:title\" content=\"Pflanzk\u00fcbel beton f\u00fcr Grosse pflanzen setzt Akzente\" \/>\n<meta property=\"og:description\" content=\"Pflanzk\u00fcbel beton Monica ist Gross und robust sehr gut geeignet f\u00fcr Draussen. Durch die Abmessungen finden auch kleine Olive B\u00e4ume genug platz um zu Wachsen\" \/>\n<meta property=\"og:url\" content=\"https:\/\/worldofflowerpots.com\/sklep\/pflanzkubel-beton-monica\/\" \/>\n<meta property=\"og:site_name\" content=\"World of Flowerpots\" \/>\n<meta property=\"article:modified_time\" content=\"2019-04-17T19:47:22+00:00\" \/>\n<meta property=\"og:image\" content=\"https:\/\/worldofflowerpots.com\/wp-content\/uploads\/2019\/01\/Pflanzk\u00fcbel-beton-Monica.jpg\" \/>\n\t<meta property=\"og:image:width\" content=\"2280\" \/>\n\t<meta property=\"og:image:height\" content=\"1612\" \/>\n\t<meta property=\"og:image:type\" content=\"image\/jpeg\" \/>\n<meta name=\"twitter:card\" content=\"summary_large_image\" \/>\n<meta name=\"twitter:label1\" content=\"Est. reading time\" \/>\n\t<meta name=\"twitter:data1\" content=\"3 minutes\" \/>\n<script type=\"application\/ld+json\" class=\"yoast-schema-graph\">{\"@context\":\"https:\\\/\\\/schema.org\",\"@graph\":[{\"@type\":\"WebPage\",\"@id\":\"https:\\\/\\\/worldofflowerpots.com\\\/sklep\\\/pflanzkubel-beton-monica\\\/\",\"url\":\"https:\\\/\\\/worldofflowerpots.com\\\/sklep\\\/pflanzkubel-beton-monica\\\/\",\"name\":\"Pflanzk\u00fcbel beton f\u00fcr Grosse pflanzen setzt Akzente\",\"isPartOf\":{\"@id\":\"https:\\\/\\\/worldofflowerpots.com\\\/#website\"},\"primaryImageOfPage\":{\"@id\":\"https:\\\/\\\/worldofflowerpots.com\\\/sklep\\\/pflanzkubel-beton-monica\\\/#primaryimage\"},\"image\":{\"@id\":\"https:\\\/\\\/worldofflowerpots.com\\\/sklep\\\/pflanzkubel-beton-monica\\\/#primaryimage\"},\"thumbnailUrl\":\"https:\\\/\\\/worldofflowerpots.com\\\/wp-content\\\/uploads\\\/2019\\\/01\\\/Pflanzk\u00fcbel-beton-Monica.jpg\",\"datePublished\":\"2019-01-18T14:07:38+00:00\",\"dateModified\":\"2019-04-17T19:47:22+00:00\",\"description\":\"Pflanzk\u00fcbel beton Monica ist Gross und robust sehr gut geeignet f\u00fcr Draussen. Durch die Abmessungen finden auch kleine Olive B\u00e4ume genug platz um zu Wachsen\",\"breadcrumb\":{\"@id\":\"https:\\\/\\\/worldofflowerpots.com\\\/sklep\\\/pflanzkubel-beton-monica\\\/#breadcrumb\"},\"inLanguage\":\"de-AUT\",\"potentialAction\":[{\"@type\":\"ReadAction\",\"target\":[\"https:\\\/\\\/worldofflowerpots.com\\\/sklep\\\/pflanzkubel-beton-monica\\\/\"]}]},{\"@type\":\"ImageObject\",\"inLanguage\":\"de-AUT\",\"@id\":\"https:\\\/\\\/worldofflowerpots.com\\\/sklep\\\/pflanzkubel-beton-monica\\\/#primaryimage\",\"url\":\"https:\\\/\\\/worldofflowerpots.com\\\/wp-content\\\/uploads\\\/2019\\\/01\\\/Pflanzk\u00fcbel-beton-Monica.jpg\",\"contentUrl\":\"https:\\\/\\\/worldofflowerpots.com\\\/wp-content\\\/uploads\\\/2019\\\/01\\\/Pflanzk\u00fcbel-beton-Monica.jpg\",\"width\":2280,\"height\":1612},{\"@type\":\"BreadcrumbList\",\"@id\":\"https:\\\/\\\/worldofflowerpots.com\\\/sklep\\\/pflanzkubel-beton-monica\\\/#breadcrumb\",\"itemListElement\":[{\"@type\":\"ListItem\",\"position\":1,\"name\":\"Strona g\u0142\u00f3wna\",\"item\":\"https:\\\/\\\/worldofflowerpots.com\\\/home\\\/\"},{\"@type\":\"ListItem\",\"position\":2,\"name\":\"Shop\",\"item\":\"https:\\\/\\\/worldofflowerpots.com\\\/sortiment\\\/\"},{\"@type\":\"ListItem\",\"position\":3,\"name\":\"Pflanzk\u00fcbel beton Monica\"}]},{\"@type\":\"WebSite\",\"@id\":\"https:\\\/\\\/worldofflowerpots.com\\\/#website\",\"url\":\"https:\\\/\\\/worldofflowerpots.com\\\/\",\"name\":\"World of Flowerpots\",\"description\":\"producent donic ozdobnych\",\"potentialAction\":[{\"@type\":\"SearchAction\",\"target\":{\"@type\":\"EntryPoint\",\"urlTemplate\":\"https:\\\/\\\/worldofflowerpots.com\\\/?s={search_term_string}\"},\"query-input\":{\"@type\":\"PropertyValueSpecification\",\"valueRequired\":true,\"valueName\":\"search_term_string\"}}],\"inLanguage\":\"de-AUT\"}]}<\/script>\n<!-- \/ Yoast SEO plugin. -->","yoast_head_json":{"title":"Pflanzk\u00fcbel beton f\u00fcr Grosse pflanzen setzt Akzente","description":"Pflanzk\u00fcbel beton Monica ist Gross und robust sehr gut geeignet f\u00fcr Draussen. Durch die Abmessungen finden auch kleine Olive B\u00e4ume genug platz um zu Wachsen","robots":{"index":"index","follow":"follow","max-snippet":"max-snippet:-1","max-image-preview":"max-image-preview:large","max-video-preview":"max-video-preview:-1"},"canonical":"https:\/\/worldofflowerpots.com\/sklep\/pflanzkubel-beton-monica\/","og_locale":"de_DE","og_type":"article","og_title":"Pflanzk\u00fcbel beton f\u00fcr Grosse pflanzen setzt Akzente","og_description":"Pflanzk\u00fcbel beton Monica ist Gross und robust sehr gut geeignet f\u00fcr Draussen. Durch die Abmessungen finden auch kleine Olive B\u00e4ume genug platz um zu Wachsen","og_url":"https:\/\/worldofflowerpots.com\/sklep\/pflanzkubel-beton-monica\/","og_site_name":"World of Flowerpots","article_modified_time":"2019-04-17T19:47:22+00:00","og_image":[{"width":2280,"height":1612,"url":"https:\/\/worldofflowerpots.com\/wp-content\/uploads\/2019\/01\/Pflanzk\u00fcbel-beton-Monica.jpg","type":"image\/jpeg"}],"twitter_card":"summary_large_image","twitter_misc":{"Est. reading time":"3 minutes"},"schema":{"@context":"https:\/\/schema.org","@graph":[{"@type":"WebPage","@id":"https:\/\/worldofflowerpots.com\/sklep\/pflanzkubel-beton-monica\/","url":"https:\/\/worldofflowerpots.com\/sklep\/pflanzkubel-beton-monica\/","name":"Pflanzk\u00fcbel beton f\u00fcr Grosse pflanzen setzt Akzente","isPartOf":{"@id":"https:\/\/worldofflowerpots.com\/#website"},"primaryImageOfPage":{"@id":"https:\/\/worldofflowerpots.com\/sklep\/pflanzkubel-beton-monica\/#primaryimage"},"image":{"@id":"https:\/\/worldofflowerpots.com\/sklep\/pflanzkubel-beton-monica\/#primaryimage"},"thumbnailUrl":"https:\/\/worldofflowerpots.com\/wp-content\/uploads\/2019\/01\/Pflanzk\u00fcbel-beton-Monica.jpg","datePublished":"2019-01-18T14:07:38+00:00","dateModified":"2019-04-17T19:47:22+00:00","description":"Pflanzk\u00fcbel beton Monica ist Gross und robust sehr gut geeignet f\u00fcr Draussen. Durch die Abmessungen finden auch kleine Olive B\u00e4ume genug platz um zu Wachsen","breadcrumb":{"@id":"https:\/\/worldofflowerpots.com\/sklep\/pflanzkubel-beton-monica\/#breadcrumb"},"inLanguage":"de-AUT","potentialAction":[{"@type":"ReadAction","target":["https:\/\/worldofflowerpots.com\/sklep\/pflanzkubel-beton-monica\/"]}]},{"@type":"ImageObject","inLanguage":"de-AUT","@id":"https:\/\/worldofflowerpots.com\/sklep\/pflanzkubel-beton-monica\/#primaryimage","url":"https:\/\/worldofflowerpots.com\/wp-content\/uploads\/2019\/01\/Pflanzk\u00fcbel-beton-Monica.jpg","contentUrl":"https:\/\/worldofflowerpots.com\/wp-content\/uploads\/2019\/01\/Pflanzk\u00fcbel-beton-Monica.jpg","width":2280,"height":1612},{"@type":"BreadcrumbList","@id":"https:\/\/worldofflowerpots.com\/sklep\/pflanzkubel-beton-monica\/#breadcrumb","itemListElement":[{"@type":"ListItem","position":1,"name":"Strona g\u0142\u00f3wna","item":"https:\/\/worldofflowerpots.com\/home\/"},{"@type":"ListItem","position":2,"name":"Shop","item":"https:\/\/worldofflowerpots.com\/sortiment\/"},{"@type":"ListItem","position":3,"name":"Pflanzk\u00fcbel beton Monica"}]},{"@type":"WebSite","@id":"https:\/\/worldofflowerpots.com\/#website","url":"https:\/\/worldofflowerpots.com\/","name":"World of Flowerpots","description":"producent donic ozdobnych","potentialAction":[{"@type":"SearchAction","target":{"@type":"EntryPoint","urlTemplate":"https:\/\/worldofflowerpots.com\/?s={search_term_string}"},"query-input":{"@type":"PropertyValueSpecification","valueRequired":true,"valueName":"search_term_string"}}],"inLanguage":"de-AUT"}]}},"_links":{"self":[{"href":"https:\/\/worldofflowerpots.com\/aut\/wp-json\/wp\/v2\/product\/53989","targetHints":{"allow":["GET"]}}],"collection":[{"href":"https:\/\/worldofflowerpots.com\/aut\/wp-json\/wp\/v2\/product"}],"about":[{"href":"https:\/\/worldofflowerpots.com\/aut\/wp-json\/wp\/v2\/types\/product"}],"wp:featuredmedia":[{"embeddable":true,"href":"https:\/\/worldofflowerpots.com\/aut\/wp-json\/wp\/v2\/media\/58245"}],"wp:attachment":[{"href":"https:\/\/worldofflowerpots.com\/aut\/wp-json\/wp\/v2\/media?parent=53989"}],"wp:term":[{"taxonomy":"product_brand","embeddable":true,"href":"https:\/\/worldofflowerpots.com\/aut\/wp-json\/wp\/v2\/product_brand?post=53989"},{"taxonomy":"product_cat","embeddable":true,"href":"https:\/\/worldofflowerpots.com\/aut\/wp-json\/wp\/v2\/product_cat?post=53989"},{"taxonomy":"product_tag","embeddable":true,"href":"https:\/\/worldofflowerpots.com\/aut\/wp-json\/wp\/v2\/product_tag?post=53989"}],"curies":[{"name":"wp","href":"https:\/\/api.w.org\/{rel}","templated":true}]}}