{"id":53992,"date":"2019-01-18T15:07:09","date_gmt":"2019-01-18T14:07:09","guid":{"rendered":"https:\/\/worldofflowerpots.com\/sklep\/pflanzkubel-beton-rund-1000mm-h-600tommaso\/"},"modified":"2019-04-15T10:51:51","modified_gmt":"2019-04-15T08:51:51","slug":"pflanzkubel-beton-rund-1000mm-h-600tommaso","status":"publish","type":"product","link":"https:\/\/worldofflowerpots.com\/aut\/sortiment\/pflanzkubel-beton-rund-1000mm-h-600tommaso\/","title":{"rendered":"Pflanzk\u00fcbel beton Model Tommaso"},"content":{"rendered":"<div id=\"attachment_58959\" style=\"width: 1034px\" class=\"wp-caption aligncenter\"><img loading=\"lazy\" decoding=\"async\" aria-describedby=\"caption-attachment-58959\" class=\"wp-image-58959 size-large\" src=\"https:\/\/worldofflowerpots.com\/wp-content\/uploads\/2017\/01\/Richtig-bepflanzen--1024x576.jpg\" alt=\"\" width=\"1024\" height=\"576\" srcset=\"https:\/\/worldofflowerpots.com\/wp-content\/uploads\/2017\/01\/Richtig-bepflanzen--1024x576.jpg 1024w, https:\/\/worldofflowerpots.com\/wp-content\/uploads\/2017\/01\/Richtig-bepflanzen--300x169.jpg 300w, https:\/\/worldofflowerpots.com\/wp-content\/uploads\/2017\/01\/Richtig-bepflanzen--768x432.jpg 768w, https:\/\/worldofflowerpots.com\/wp-content\/uploads\/2017\/01\/Richtig-bepflanzen--600x338.jpg 600w, https:\/\/worldofflowerpots.com\/wp-content\/uploads\/2017\/01\/Richtig-bepflanzen-.jpg 1920w\" sizes=\"auto, (max-width: 1024px) 100vw, 1024px\" \/><p id=\"caption-attachment-58959\" class=\"wp-caption-text\">Richtig bepflanzen<\/p><\/div>\n<h2>Blumentopf aus Beton Tommaso ein Blickfang f\u00fcrs Auge<\/h2>\n<p>Der Pflanzk\u00fcbel Tommaso aus Beton mit runden Durchmesser ist ein sch\u00f6ner Blickfang f\u00fcr die Terrasse, einen Innenhof oder einen freien Platz im Garten. Das frostbest\u00e4ndige Material macht eine dauerhafte Bepflanzung sowohl f\u00fcr innen wie au\u00dfen m\u00f6glich. Schlicht, elegant, geschwungen bildet dieser Pflanztrog, der etwas an eine Vase erinnert aber die Gr\u00f6\u00dfe f\u00fcr eine umfangreichere Begr\u00fcnung hat, den Rahmen f\u00fcr viele Gestaltungsideen. Lassen Sie doch einmal ein Efeu aus dem nach oben hin sich weitenden Trog ranken und setzen ein paar buntbl\u00fchende Blumenzwiebeln dazu. Oder entwickeln sie ein Ensemble aus Stauden in mittleren und niedrigen Wuchsh\u00f6hen. Vielleicht kombinieren sie mehrere K\u00fcbel zu einer Einheit oder setzen einen mit einer besonderen Bepflanzung ins rechte Licht.<\/p>\n<h2>Die Kombination aus wetterbest\u00e4ndigen Material und schlichter Formsch\u00f6nheit bietet viele M\u00f6glichkeiten dazu<\/h2>\n<p>Es wird rund gegossen und ist in insgesamt drei Farben erh\u00e4ltlich. Geeignet sit der Blumenk\u00fcbel aus Beton f\u00fcr den Au\u00dfenbereich und kann damit in vielen G\u00e4rten aufgestellt werden. Als Betonpflanzk\u00fcbel wirkt dieser dabei aber nicht, der K\u00fcbel sieht aus, als w\u00e4re er aus Ton. Dies liegt an der makellosen Verarbeitung dieser schicke Pflanzk\u00fcbel besticht durch sein modernes Design. Elegante Schlichtheit und dezente Farben werden mit diesem rundlichen Topf in Ihren Garten oder auf Ihre Terrasse gebracht, aber auch Ihre Inneneinrichtung wird durch den edlen Pflanztopf aufgepeppt. In den unkomplizierten Farben Wei\u00df, Grau und Schwarz ist der Trog erh\u00e4ltlich, f\u00fcr eine schlichte und straighte Einrichtung somit ideal! Hier k\u00f6nnen Sie Ihrer Kreativit\u00e4t freien Lauf lassen \u2013 die Gr\u00f6\u00dfe dieses anmutigen Pflanzenbeh\u00e4lters l\u00e4dt ein zur vielseitigen Begr\u00fcnung und Bepflanzung. Pflanztrog aus Beton. Der Pflanzk\u00fcbel aus Beton ist nicht rechteckig sondern rund. Daher kann er mit mehreren verschiedenen K\u00fcbeln zusammen gut angeordnet werden.<\/p>\n<h2>Wichtig zu Wissen<\/h2>\n<p>Auch die Farben k\u00f6nnen sinnvoll kombiniert werden und bilden zusammen ein sch\u00f6nes Farbspiel. Beachtlich ist auch das Fassungsverm\u00f6gen von 284 Litern. Der K\u00fcbel erhalten Sie in den <strong>Standard Farben weiss,grau oder schwarz<\/strong> und kommt wahlweise mit und ohne F\u00fcsse in die Auslieferung.<\/p>\n","protected":false},"excerpt":{"rendered":"<p>Pflanzk\u00fcbel beton Tommaso<br \/>\nMaterial Beton (UHPC)<br \/>\nGewicht :115kg<br \/>\nAbmessungen: \u23001000mm, H600mm<br \/>\nFarben: Grau, Schwarz, Weiss<br \/>\nUV-resistent<br \/>\nRobust und Stabil<br \/>\nWetterfest<br \/>\nFrostbest\u00e4ndig bei gew\u00e4hrleistetem Wasserablauf<\/p>\n","protected":false},"featured_media":58276,"template":"","meta":{"_acf_changed":false},"product_brand":[],"product_cat":[393],"product_tag":[482],"class_list":{"0":"post-53992","1":"product","2":"type-product","3":"status-publish","4":"has-post-thumbnail","6":"product_cat-pflanzkubel-beton","7":"product_tag-donice-ogrodowe-de-aut","8":"description-off","9":"tm-has-options","11":"first","12":"instock","13":"shipping-taxable","14":"purchasable","15":"product-type-simple"},"acf":[],"yoast_head":"<!-- This site is optimized with the Yoast SEO plugin v27.5 - https:\/\/yoast.com\/product\/yoast-seo-wordpress\/ -->\n<title>Pflanzk\u00fcbel aus Beton Tommaso ein Blickfang f\u00fcrs Auge<\/title>\n<meta name=\"description\" content=\"Geeignet ist der Blumenk\u00fcbel aus Beton f\u00fcr den Au\u00dfenbereich und kann damit in vielen G\u00e4rten aufgestellt werden. In den unkomplizierten Farben erh\u00e4ltlich.\" \/>\n<meta name=\"robots\" content=\"index, follow, max-snippet:-1, max-image-preview:large, max-video-preview:-1\" \/>\n<link rel=\"canonical\" href=\"https:\/\/worldofflowerpots.com\/sklep\/pflanzkubel-beton-rund-1000mm-h-600tommaso\/\" \/>\n<meta property=\"og:locale\" content=\"de_DE\" \/>\n<meta property=\"og:type\" content=\"article\" \/>\n<meta property=\"og:title\" content=\"Pflanzk\u00fcbel aus Beton Tommaso ein Blickfang f\u00fcrs Auge\" \/>\n<meta property=\"og:description\" content=\"Geeignet ist der Blumenk\u00fcbel aus Beton f\u00fcr den Au\u00dfenbereich und kann damit in vielen G\u00e4rten aufgestellt werden. In den unkomplizierten Farben erh\u00e4ltlich.\" \/>\n<meta property=\"og:url\" content=\"https:\/\/worldofflowerpots.com\/sklep\/pflanzkubel-beton-rund-1000mm-h-600tommaso\/\" \/>\n<meta property=\"og:site_name\" content=\"World of Flowerpots\" \/>\n<meta property=\"article:modified_time\" content=\"2019-04-15T08:51:51+00:00\" \/>\n<meta property=\"og:image\" content=\"https:\/\/worldofflowerpots.com\/wp-content\/uploads\/2019\/01\/Pflanzk\u00fcbel-beton-Tommaso.jpg\" \/>\n\t<meta property=\"og:image:width\" content=\"1920\" \/>\n\t<meta property=\"og:image:height\" content=\"1080\" \/>\n\t<meta property=\"og:image:type\" content=\"image\/jpeg\" \/>\n<meta name=\"twitter:card\" content=\"summary_large_image\" \/>\n<meta name=\"twitter:label1\" content=\"Est. reading time\" \/>\n\t<meta name=\"twitter:data1\" content=\"2 minutes\" \/>\n<script type=\"application\/ld+json\" class=\"yoast-schema-graph\">{\"@context\":\"https:\\\/\\\/schema.org\",\"@graph\":[{\"@type\":\"WebPage\",\"@id\":\"https:\\\/\\\/worldofflowerpots.com\\\/sklep\\\/pflanzkubel-beton-rund-1000mm-h-600tommaso\\\/\",\"url\":\"https:\\\/\\\/worldofflowerpots.com\\\/sklep\\\/pflanzkubel-beton-rund-1000mm-h-600tommaso\\\/\",\"name\":\"Pflanzk\u00fcbel aus Beton Tommaso ein Blickfang f\u00fcrs Auge\",\"isPartOf\":{\"@id\":\"https:\\\/\\\/worldofflowerpots.com\\\/#website\"},\"primaryImageOfPage\":{\"@id\":\"https:\\\/\\\/worldofflowerpots.com\\\/sklep\\\/pflanzkubel-beton-rund-1000mm-h-600tommaso\\\/#primaryimage\"},\"image\":{\"@id\":\"https:\\\/\\\/worldofflowerpots.com\\\/sklep\\\/pflanzkubel-beton-rund-1000mm-h-600tommaso\\\/#primaryimage\"},\"thumbnailUrl\":\"https:\\\/\\\/worldofflowerpots.com\\\/wp-content\\\/uploads\\\/2019\\\/01\\\/Pflanzk\u00fcbel-beton-Tommaso.jpg\",\"datePublished\":\"2019-01-18T14:07:09+00:00\",\"dateModified\":\"2019-04-15T08:51:51+00:00\",\"description\":\"Geeignet ist der Blumenk\u00fcbel aus Beton f\u00fcr den Au\u00dfenbereich und kann damit in vielen G\u00e4rten aufgestellt werden. In den unkomplizierten Farben erh\u00e4ltlich.\",\"breadcrumb\":{\"@id\":\"https:\\\/\\\/worldofflowerpots.com\\\/sklep\\\/pflanzkubel-beton-rund-1000mm-h-600tommaso\\\/#breadcrumb\"},\"inLanguage\":\"de-AUT\",\"potentialAction\":[{\"@type\":\"ReadAction\",\"target\":[\"https:\\\/\\\/worldofflowerpots.com\\\/sklep\\\/pflanzkubel-beton-rund-1000mm-h-600tommaso\\\/\"]}]},{\"@type\":\"ImageObject\",\"inLanguage\":\"de-AUT\",\"@id\":\"https:\\\/\\\/worldofflowerpots.com\\\/sklep\\\/pflanzkubel-beton-rund-1000mm-h-600tommaso\\\/#primaryimage\",\"url\":\"https:\\\/\\\/worldofflowerpots.com\\\/wp-content\\\/uploads\\\/2019\\\/01\\\/Pflanzk\u00fcbel-beton-Tommaso.jpg\",\"contentUrl\":\"https:\\\/\\\/worldofflowerpots.com\\\/wp-content\\\/uploads\\\/2019\\\/01\\\/Pflanzk\u00fcbel-beton-Tommaso.jpg\",\"width\":1920,\"height\":1080},{\"@type\":\"BreadcrumbList\",\"@id\":\"https:\\\/\\\/worldofflowerpots.com\\\/sklep\\\/pflanzkubel-beton-rund-1000mm-h-600tommaso\\\/#breadcrumb\",\"itemListElement\":[{\"@type\":\"ListItem\",\"position\":1,\"name\":\"Strona g\u0142\u00f3wna\",\"item\":\"https:\\\/\\\/worldofflowerpots.com\\\/home\\\/\"},{\"@type\":\"ListItem\",\"position\":2,\"name\":\"Shop\",\"item\":\"https:\\\/\\\/worldofflowerpots.com\\\/sortiment\\\/\"},{\"@type\":\"ListItem\",\"position\":3,\"name\":\"Pflanzk\u00fcbel beton Model Tommaso\"}]},{\"@type\":\"WebSite\",\"@id\":\"https:\\\/\\\/worldofflowerpots.com\\\/#website\",\"url\":\"https:\\\/\\\/worldofflowerpots.com\\\/\",\"name\":\"World of Flowerpots\",\"description\":\"producent donic ozdobnych\",\"potentialAction\":[{\"@type\":\"SearchAction\",\"target\":{\"@type\":\"EntryPoint\",\"urlTemplate\":\"https:\\\/\\\/worldofflowerpots.com\\\/?s={search_term_string}\"},\"query-input\":{\"@type\":\"PropertyValueSpecification\",\"valueRequired\":true,\"valueName\":\"search_term_string\"}}],\"inLanguage\":\"de-AUT\"}]}<\/script>\n<!-- \/ Yoast SEO plugin. -->","yoast_head_json":{"title":"Pflanzk\u00fcbel aus Beton Tommaso ein Blickfang f\u00fcrs Auge","description":"Geeignet ist der Blumenk\u00fcbel aus Beton f\u00fcr den Au\u00dfenbereich und kann damit in vielen G\u00e4rten aufgestellt werden. In den unkomplizierten Farben erh\u00e4ltlich.","robots":{"index":"index","follow":"follow","max-snippet":"max-snippet:-1","max-image-preview":"max-image-preview:large","max-video-preview":"max-video-preview:-1"},"canonical":"https:\/\/worldofflowerpots.com\/sklep\/pflanzkubel-beton-rund-1000mm-h-600tommaso\/","og_locale":"de_DE","og_type":"article","og_title":"Pflanzk\u00fcbel aus Beton Tommaso ein Blickfang f\u00fcrs Auge","og_description":"Geeignet ist der Blumenk\u00fcbel aus Beton f\u00fcr den Au\u00dfenbereich und kann damit in vielen G\u00e4rten aufgestellt werden. In den unkomplizierten Farben erh\u00e4ltlich.","og_url":"https:\/\/worldofflowerpots.com\/sklep\/pflanzkubel-beton-rund-1000mm-h-600tommaso\/","og_site_name":"World of Flowerpots","article_modified_time":"2019-04-15T08:51:51+00:00","og_image":[{"width":1920,"height":1080,"url":"https:\/\/worldofflowerpots.com\/wp-content\/uploads\/2019\/01\/Pflanzk\u00fcbel-beton-Tommaso.jpg","type":"image\/jpeg"}],"twitter_card":"summary_large_image","twitter_misc":{"Est. reading time":"2 minutes"},"schema":{"@context":"https:\/\/schema.org","@graph":[{"@type":"WebPage","@id":"https:\/\/worldofflowerpots.com\/sklep\/pflanzkubel-beton-rund-1000mm-h-600tommaso\/","url":"https:\/\/worldofflowerpots.com\/sklep\/pflanzkubel-beton-rund-1000mm-h-600tommaso\/","name":"Pflanzk\u00fcbel aus Beton Tommaso ein Blickfang f\u00fcrs Auge","isPartOf":{"@id":"https:\/\/worldofflowerpots.com\/#website"},"primaryImageOfPage":{"@id":"https:\/\/worldofflowerpots.com\/sklep\/pflanzkubel-beton-rund-1000mm-h-600tommaso\/#primaryimage"},"image":{"@id":"https:\/\/worldofflowerpots.com\/sklep\/pflanzkubel-beton-rund-1000mm-h-600tommaso\/#primaryimage"},"thumbnailUrl":"https:\/\/worldofflowerpots.com\/wp-content\/uploads\/2019\/01\/Pflanzk\u00fcbel-beton-Tommaso.jpg","datePublished":"2019-01-18T14:07:09+00:00","dateModified":"2019-04-15T08:51:51+00:00","description":"Geeignet ist der Blumenk\u00fcbel aus Beton f\u00fcr den Au\u00dfenbereich und kann damit in vielen G\u00e4rten aufgestellt werden. In den unkomplizierten Farben erh\u00e4ltlich.","breadcrumb":{"@id":"https:\/\/worldofflowerpots.com\/sklep\/pflanzkubel-beton-rund-1000mm-h-600tommaso\/#breadcrumb"},"inLanguage":"de-AUT","potentialAction":[{"@type":"ReadAction","target":["https:\/\/worldofflowerpots.com\/sklep\/pflanzkubel-beton-rund-1000mm-h-600tommaso\/"]}]},{"@type":"ImageObject","inLanguage":"de-AUT","@id":"https:\/\/worldofflowerpots.com\/sklep\/pflanzkubel-beton-rund-1000mm-h-600tommaso\/#primaryimage","url":"https:\/\/worldofflowerpots.com\/wp-content\/uploads\/2019\/01\/Pflanzk\u00fcbel-beton-Tommaso.jpg","contentUrl":"https:\/\/worldofflowerpots.com\/wp-content\/uploads\/2019\/01\/Pflanzk\u00fcbel-beton-Tommaso.jpg","width":1920,"height":1080},{"@type":"BreadcrumbList","@id":"https:\/\/worldofflowerpots.com\/sklep\/pflanzkubel-beton-rund-1000mm-h-600tommaso\/#breadcrumb","itemListElement":[{"@type":"ListItem","position":1,"name":"Strona g\u0142\u00f3wna","item":"https:\/\/worldofflowerpots.com\/home\/"},{"@type":"ListItem","position":2,"name":"Shop","item":"https:\/\/worldofflowerpots.com\/sortiment\/"},{"@type":"ListItem","position":3,"name":"Pflanzk\u00fcbel beton Model Tommaso"}]},{"@type":"WebSite","@id":"https:\/\/worldofflowerpots.com\/#website","url":"https:\/\/worldofflowerpots.com\/","name":"World of Flowerpots","description":"producent donic ozdobnych","potentialAction":[{"@type":"SearchAction","target":{"@type":"EntryPoint","urlTemplate":"https:\/\/worldofflowerpots.com\/?s={search_term_string}"},"query-input":{"@type":"PropertyValueSpecification","valueRequired":true,"valueName":"search_term_string"}}],"inLanguage":"de-AUT"}]}},"_links":{"self":[{"href":"https:\/\/worldofflowerpots.com\/aut\/wp-json\/wp\/v2\/product\/53992","targetHints":{"allow":["GET"]}}],"collection":[{"href":"https:\/\/worldofflowerpots.com\/aut\/wp-json\/wp\/v2\/product"}],"about":[{"href":"https:\/\/worldofflowerpots.com\/aut\/wp-json\/wp\/v2\/types\/product"}],"wp:featuredmedia":[{"embeddable":true,"href":"https:\/\/worldofflowerpots.com\/aut\/wp-json\/wp\/v2\/media\/58276"}],"wp:attachment":[{"href":"https:\/\/worldofflowerpots.com\/aut\/wp-json\/wp\/v2\/media?parent=53992"}],"wp:term":[{"taxonomy":"product_brand","embeddable":true,"href":"https:\/\/worldofflowerpots.com\/aut\/wp-json\/wp\/v2\/product_brand?post=53992"},{"taxonomy":"product_cat","embeddable":true,"href":"https:\/\/worldofflowerpots.com\/aut\/wp-json\/wp\/v2\/product_cat?post=53992"},{"taxonomy":"product_tag","embeddable":true,"href":"https:\/\/worldofflowerpots.com\/aut\/wp-json\/wp\/v2\/product_tag?post=53992"}],"curies":[{"name":"wp","href":"https:\/\/api.w.org\/{rel}","templated":true}]}}