{"id":53996,"date":"2019-01-18T15:07:09","date_gmt":"2019-01-18T14:07:09","guid":{"rendered":"https:\/\/worldofflowerpots.com\/sklep\/schale-aus-beton-matteo\/"},"modified":"2019-04-11T11:39:42","modified_gmt":"2019-04-11T09:39:42","slug":"schale-aus-beton-matteo","status":"publish","type":"product","link":"https:\/\/worldofflowerpots.com\/aut\/sortiment\/schale-aus-beton-matteo\/","title":{"rendered":"Schale aus beton Matteo"},"content":{"rendered":"<h2>Die schale aus beton \u2013 Schale ohne Rand<\/h2>\n<p>Beim Matteo schale aus beton\u00a0 handelt es sich um einen 200 cm gro\u00dfen runden Pflanztrog. Der Pflanzk\u00fcbel zeichnet sich durch sein graziles und feines Design aus. Er ist eine Schale ohne Rand, und z\u00e4hlt damit zu den puristischen und minimalistischen Freiraum-Gestaltungselementen. Die H\u00f6he des gesamten Beh\u00e4lters \u00fcbersteigt 38 cm nicht, sodass es sich um ein sehr flaches St\u00fcck handelt. In der Mitte der Schale befindet sich ein Loch, durch welches das Wasser abrinnen kann. Der Pflanztrog Beton Matteo ist 235 kg schwer und hat ein Fassungsverm\u00f6gen von 499 Liter.<\/p>\n<h2>Elegant und puristisch<\/h2>\n<p>Durch seine auskragende Form wirkt die schale aus beton Matteo sehr elegant. Gerade im \u00f6ffentlichen Bereich, auf gepflasterten Pl\u00e4tzen, aber auch im Garten ist er ein Hingucker. Er gibt nicht nur Pflanzen ein zu Hause, sondern ist auch eine Freude f\u00fcr das Auge.<\/p>\n<h2>Akzente f\u00fcr Ihren Garten<\/h2>\n<p>W\u00fcnschen Sie sich statt eines Pflanzk\u00fcbels ein einzigartiges Stilelement f\u00fcr Ihre Gartengestaltung? Der Blumenschale aus Beton Matteo setzt in Ihrem Garten Akzente: Die Pflanzschale aus Beton im zeitlosen Design l\u00e4sst sich immer wieder neu gestalten. Dabei k\u00f6nnen Sie neben Blumenarrangements auch andere Dekorationselemente passend dazu verwenden. In jedem Fall erwecken Sie Aufmerksamkeit bei jedem Betrachter, allein durch die Gr\u00f6\u00dfe der Schale wird sie zum optischen Highlight. Seien Sie Ihr eigener Gartendesigner und setzen Sie mit dem Betonpflanzk\u00fcbel Matteo einzigartige Akzente. Das Objekt ist aus Beton und kann in drei verschiedenen Farben bestellt werden: in wei\u00dfgrau, in grau und in einem dunkelgrau.<\/p>\n","protected":false},"excerpt":{"rendered":"<p>Pflanzk\u00fcbel beton Matteo<br \/>\nMaterial Beton (UHPC)<br \/>\nGewicht :235kg<br \/>\nAbmessungen: \u23002000mm, H380mm<br \/>\nFarben: Grau, Schwarz, Weiss<br \/>\nUV-resistent<br \/>\nRobust und Stabil<br \/>\nWetterfest<br \/>\nFrostbest\u00e4ndig bei gew\u00e4hrleistetem Wasserablauf<\/p>\n","protected":false},"featured_media":58310,"template":"","meta":{"_acf_changed":false},"product_brand":[],"product_cat":[393],"product_tag":[482],"class_list":{"0":"post-53996","1":"product","2":"type-product","3":"status-publish","4":"has-post-thumbnail","6":"product_cat-pflanzkubel-beton","7":"product_tag-donice-ogrodowe-de-aut","8":"description-off","9":"tm-has-options","11":"first","12":"instock","13":"shipping-taxable","14":"purchasable","15":"product-type-simple"},"acf":[],"yoast_head":"<!-- This site is optimized with the Yoast SEO plugin v27.5 - https:\/\/yoast.com\/product\/yoast-seo-wordpress\/ -->\n<title>Schale aus beton Elegant und puristisch im zeitlosen Design<\/title>\n<meta name=\"description\" content=\"Durch seine auskragende Form wirkt die schale aus beton Matteo sehr elegant. Gerade im \u00f6ffentlichen Bereich, auf gepflasterten Pl\u00e4tzen ist er ein Hingucker.\" \/>\n<meta name=\"robots\" content=\"index, follow, max-snippet:-1, max-image-preview:large, max-video-preview:-1\" \/>\n<link rel=\"canonical\" href=\"https:\/\/worldofflowerpots.com\/sklep\/schale-aus-beton-matteo\/\" \/>\n<meta property=\"og:locale\" content=\"de_DE\" \/>\n<meta property=\"og:type\" content=\"article\" \/>\n<meta property=\"og:title\" content=\"Schale aus beton Elegant und puristisch im zeitlosen Design\" \/>\n<meta property=\"og:description\" content=\"Durch seine auskragende Form wirkt die schale aus beton Matteo sehr elegant. Gerade im \u00f6ffentlichen Bereich, auf gepflasterten Pl\u00e4tzen ist er ein Hingucker.\" \/>\n<meta property=\"og:url\" content=\"https:\/\/worldofflowerpots.com\/sklep\/schale-aus-beton-matteo\/\" \/>\n<meta property=\"og:site_name\" content=\"World of Flowerpots\" \/>\n<meta property=\"article:modified_time\" content=\"2019-04-11T09:39:42+00:00\" \/>\n<meta property=\"og:image\" content=\"https:\/\/worldofflowerpots.com\/wp-content\/uploads\/2019\/01\/schale-aus-beton-Mateo.jpg\" \/>\n\t<meta property=\"og:image:width\" content=\"1920\" \/>\n\t<meta property=\"og:image:height\" content=\"1080\" \/>\n\t<meta property=\"og:image:type\" content=\"image\/jpeg\" \/>\n<meta name=\"twitter:card\" content=\"summary_large_image\" \/>\n<meta name=\"twitter:label1\" content=\"Est. reading time\" \/>\n\t<meta name=\"twitter:data1\" content=\"1 minute\" \/>\n<script type=\"application\/ld+json\" class=\"yoast-schema-graph\">{\"@context\":\"https:\\\/\\\/schema.org\",\"@graph\":[{\"@type\":\"WebPage\",\"@id\":\"https:\\\/\\\/worldofflowerpots.com\\\/sklep\\\/schale-aus-beton-matteo\\\/\",\"url\":\"https:\\\/\\\/worldofflowerpots.com\\\/sklep\\\/schale-aus-beton-matteo\\\/\",\"name\":\"Schale aus beton Elegant und puristisch im zeitlosen Design\",\"isPartOf\":{\"@id\":\"https:\\\/\\\/worldofflowerpots.com\\\/#website\"},\"primaryImageOfPage\":{\"@id\":\"https:\\\/\\\/worldofflowerpots.com\\\/sklep\\\/schale-aus-beton-matteo\\\/#primaryimage\"},\"image\":{\"@id\":\"https:\\\/\\\/worldofflowerpots.com\\\/sklep\\\/schale-aus-beton-matteo\\\/#primaryimage\"},\"thumbnailUrl\":\"https:\\\/\\\/worldofflowerpots.com\\\/wp-content\\\/uploads\\\/2019\\\/01\\\/schale-aus-beton-Mateo.jpg\",\"datePublished\":\"2019-01-18T14:07:09+00:00\",\"dateModified\":\"2019-04-11T09:39:42+00:00\",\"description\":\"Durch seine auskragende Form wirkt die schale aus beton Matteo sehr elegant. Gerade im \u00f6ffentlichen Bereich, auf gepflasterten Pl\u00e4tzen ist er ein Hingucker.\",\"breadcrumb\":{\"@id\":\"https:\\\/\\\/worldofflowerpots.com\\\/sklep\\\/schale-aus-beton-matteo\\\/#breadcrumb\"},\"inLanguage\":\"de-AUT\",\"potentialAction\":[{\"@type\":\"ReadAction\",\"target\":[\"https:\\\/\\\/worldofflowerpots.com\\\/sklep\\\/schale-aus-beton-matteo\\\/\"]}]},{\"@type\":\"ImageObject\",\"inLanguage\":\"de-AUT\",\"@id\":\"https:\\\/\\\/worldofflowerpots.com\\\/sklep\\\/schale-aus-beton-matteo\\\/#primaryimage\",\"url\":\"https:\\\/\\\/worldofflowerpots.com\\\/wp-content\\\/uploads\\\/2019\\\/01\\\/schale-aus-beton-Mateo.jpg\",\"contentUrl\":\"https:\\\/\\\/worldofflowerpots.com\\\/wp-content\\\/uploads\\\/2019\\\/01\\\/schale-aus-beton-Mateo.jpg\",\"width\":1920,\"height\":1080},{\"@type\":\"BreadcrumbList\",\"@id\":\"https:\\\/\\\/worldofflowerpots.com\\\/sklep\\\/schale-aus-beton-matteo\\\/#breadcrumb\",\"itemListElement\":[{\"@type\":\"ListItem\",\"position\":1,\"name\":\"Strona g\u0142\u00f3wna\",\"item\":\"https:\\\/\\\/worldofflowerpots.com\\\/home\\\/\"},{\"@type\":\"ListItem\",\"position\":2,\"name\":\"Shop\",\"item\":\"https:\\\/\\\/worldofflowerpots.com\\\/sortiment\\\/\"},{\"@type\":\"ListItem\",\"position\":3,\"name\":\"Schale aus beton Matteo\"}]},{\"@type\":\"WebSite\",\"@id\":\"https:\\\/\\\/worldofflowerpots.com\\\/#website\",\"url\":\"https:\\\/\\\/worldofflowerpots.com\\\/\",\"name\":\"World of Flowerpots\",\"description\":\"producent donic ozdobnych\",\"potentialAction\":[{\"@type\":\"SearchAction\",\"target\":{\"@type\":\"EntryPoint\",\"urlTemplate\":\"https:\\\/\\\/worldofflowerpots.com\\\/?s={search_term_string}\"},\"query-input\":{\"@type\":\"PropertyValueSpecification\",\"valueRequired\":true,\"valueName\":\"search_term_string\"}}],\"inLanguage\":\"de-AUT\"}]}<\/script>\n<!-- \/ Yoast SEO plugin. -->","yoast_head_json":{"title":"Schale aus beton Elegant und puristisch im zeitlosen Design","description":"Durch seine auskragende Form wirkt die schale aus beton Matteo sehr elegant. Gerade im \u00f6ffentlichen Bereich, auf gepflasterten Pl\u00e4tzen ist er ein Hingucker.","robots":{"index":"index","follow":"follow","max-snippet":"max-snippet:-1","max-image-preview":"max-image-preview:large","max-video-preview":"max-video-preview:-1"},"canonical":"https:\/\/worldofflowerpots.com\/sklep\/schale-aus-beton-matteo\/","og_locale":"de_DE","og_type":"article","og_title":"Schale aus beton Elegant und puristisch im zeitlosen Design","og_description":"Durch seine auskragende Form wirkt die schale aus beton Matteo sehr elegant. Gerade im \u00f6ffentlichen Bereich, auf gepflasterten Pl\u00e4tzen ist er ein Hingucker.","og_url":"https:\/\/worldofflowerpots.com\/sklep\/schale-aus-beton-matteo\/","og_site_name":"World of Flowerpots","article_modified_time":"2019-04-11T09:39:42+00:00","og_image":[{"width":1920,"height":1080,"url":"https:\/\/worldofflowerpots.com\/wp-content\/uploads\/2019\/01\/schale-aus-beton-Mateo.jpg","type":"image\/jpeg"}],"twitter_card":"summary_large_image","twitter_misc":{"Est. reading time":"1 minute"},"schema":{"@context":"https:\/\/schema.org","@graph":[{"@type":"WebPage","@id":"https:\/\/worldofflowerpots.com\/sklep\/schale-aus-beton-matteo\/","url":"https:\/\/worldofflowerpots.com\/sklep\/schale-aus-beton-matteo\/","name":"Schale aus beton Elegant und puristisch im zeitlosen Design","isPartOf":{"@id":"https:\/\/worldofflowerpots.com\/#website"},"primaryImageOfPage":{"@id":"https:\/\/worldofflowerpots.com\/sklep\/schale-aus-beton-matteo\/#primaryimage"},"image":{"@id":"https:\/\/worldofflowerpots.com\/sklep\/schale-aus-beton-matteo\/#primaryimage"},"thumbnailUrl":"https:\/\/worldofflowerpots.com\/wp-content\/uploads\/2019\/01\/schale-aus-beton-Mateo.jpg","datePublished":"2019-01-18T14:07:09+00:00","dateModified":"2019-04-11T09:39:42+00:00","description":"Durch seine auskragende Form wirkt die schale aus beton Matteo sehr elegant. Gerade im \u00f6ffentlichen Bereich, auf gepflasterten Pl\u00e4tzen ist er ein Hingucker.","breadcrumb":{"@id":"https:\/\/worldofflowerpots.com\/sklep\/schale-aus-beton-matteo\/#breadcrumb"},"inLanguage":"de-AUT","potentialAction":[{"@type":"ReadAction","target":["https:\/\/worldofflowerpots.com\/sklep\/schale-aus-beton-matteo\/"]}]},{"@type":"ImageObject","inLanguage":"de-AUT","@id":"https:\/\/worldofflowerpots.com\/sklep\/schale-aus-beton-matteo\/#primaryimage","url":"https:\/\/worldofflowerpots.com\/wp-content\/uploads\/2019\/01\/schale-aus-beton-Mateo.jpg","contentUrl":"https:\/\/worldofflowerpots.com\/wp-content\/uploads\/2019\/01\/schale-aus-beton-Mateo.jpg","width":1920,"height":1080},{"@type":"BreadcrumbList","@id":"https:\/\/worldofflowerpots.com\/sklep\/schale-aus-beton-matteo\/#breadcrumb","itemListElement":[{"@type":"ListItem","position":1,"name":"Strona g\u0142\u00f3wna","item":"https:\/\/worldofflowerpots.com\/home\/"},{"@type":"ListItem","position":2,"name":"Shop","item":"https:\/\/worldofflowerpots.com\/sortiment\/"},{"@type":"ListItem","position":3,"name":"Schale aus beton Matteo"}]},{"@type":"WebSite","@id":"https:\/\/worldofflowerpots.com\/#website","url":"https:\/\/worldofflowerpots.com\/","name":"World of Flowerpots","description":"producent donic ozdobnych","potentialAction":[{"@type":"SearchAction","target":{"@type":"EntryPoint","urlTemplate":"https:\/\/worldofflowerpots.com\/?s={search_term_string}"},"query-input":{"@type":"PropertyValueSpecification","valueRequired":true,"valueName":"search_term_string"}}],"inLanguage":"de-AUT"}]}},"_links":{"self":[{"href":"https:\/\/worldofflowerpots.com\/aut\/wp-json\/wp\/v2\/product\/53996","targetHints":{"allow":["GET"]}}],"collection":[{"href":"https:\/\/worldofflowerpots.com\/aut\/wp-json\/wp\/v2\/product"}],"about":[{"href":"https:\/\/worldofflowerpots.com\/aut\/wp-json\/wp\/v2\/types\/product"}],"wp:featuredmedia":[{"embeddable":true,"href":"https:\/\/worldofflowerpots.com\/aut\/wp-json\/wp\/v2\/media\/58310"}],"wp:attachment":[{"href":"https:\/\/worldofflowerpots.com\/aut\/wp-json\/wp\/v2\/media?parent=53996"}],"wp:term":[{"taxonomy":"product_brand","embeddable":true,"href":"https:\/\/worldofflowerpots.com\/aut\/wp-json\/wp\/v2\/product_brand?post=53996"},{"taxonomy":"product_cat","embeddable":true,"href":"https:\/\/worldofflowerpots.com\/aut\/wp-json\/wp\/v2\/product_cat?post=53996"},{"taxonomy":"product_tag","embeddable":true,"href":"https:\/\/worldofflowerpots.com\/aut\/wp-json\/wp\/v2\/product_tag?post=53996"}],"curies":[{"name":"wp","href":"https:\/\/api.w.org\/{rel}","templated":true}]}}