{"id":54001,"date":"2019-01-18T15:06:46","date_gmt":"2019-01-18T14:06:46","guid":{"rendered":"https:\/\/worldofflowerpots.com\/sklep\/pflanzgefasse-aussenbereich-xxl-luciano\/"},"modified":"2019-04-15T11:15:22","modified_gmt":"2019-04-15T09:15:22","slug":"pflanzgefasse-aussenbereich-xxl-luciano","status":"publish","type":"product","link":"https:\/\/worldofflowerpots.com\/aut\/sortiment\/pflanzgefasse-aussenbereich-xxl-luciano\/","title":{"rendered":"Pflanzgef\u00e4sse aussenbereich xxl Luciano"},"content":{"rendered":"<div id=\"attachment_58959\" style=\"width: 1034px\" class=\"wp-caption aligncenter\"><img loading=\"lazy\" decoding=\"async\" aria-describedby=\"caption-attachment-58959\" class=\"wp-image-58959 size-large\" src=\"https:\/\/worldofflowerpots.com\/wp-content\/uploads\/2017\/01\/Richtig-bepflanzen--1024x576.jpg\" alt=\"\" width=\"1024\" height=\"576\" srcset=\"https:\/\/worldofflowerpots.com\/wp-content\/uploads\/2017\/01\/Richtig-bepflanzen--1024x576.jpg 1024w, https:\/\/worldofflowerpots.com\/wp-content\/uploads\/2017\/01\/Richtig-bepflanzen--300x169.jpg 300w, https:\/\/worldofflowerpots.com\/wp-content\/uploads\/2017\/01\/Richtig-bepflanzen--768x432.jpg 768w, https:\/\/worldofflowerpots.com\/wp-content\/uploads\/2017\/01\/Richtig-bepflanzen--600x338.jpg 600w, https:\/\/worldofflowerpots.com\/wp-content\/uploads\/2017\/01\/Richtig-bepflanzen-.jpg 1920w\" sizes=\"auto, (max-width: 1024px) 100vw, 1024px\" \/><p id=\"caption-attachment-58959\" class=\"wp-caption-text\">Richtig bepflanzen<\/p><\/div>\n<h2>Pflanzgef\u00e4sse aussenbereich xxl Luciano<\/h2>\n<p>Der Pflanztrog aus beton Luciano l\u00e4sst bez\u00fcglich seiner Gr\u00f6\u00dfe keine W\u00fcnsche offen. Sogar kleine B\u00e4ume und Str\u00e4ucher k\u00f6nnen in diesem K\u00fcbel ein neues Zu Hause finden. Mit einem Fassungsverm\u00f6gen von 740 Liter passt er optimal auf \u00f6ffentliche Pl\u00e4tze oder gepflasterte Bereiche. Damit wird ein Davontragen schwer, was zur Sicherheit vor Diebstahl beitr\u00e4gt.<\/p>\n<h2>Klassischer Blumentopf in \u00dcbergr\u00f6\u00dfe<\/h2>\n<p>Die klasische Pflanzgef\u00e4sse au\u00dfenbereich xxl serie Luciano sind rund, unten etwas schm\u00e4ler, und l\u00e4uft nach oben konisch auseinander. Ein kleiner Rand ganz oben am Topf betont die Abschlusskante und macht den Topf an der Kante stabiler. Luciano ist 98 cm hoch. Seine F\u00fclltiefe betr\u00e4gt 95 cm. Der obere \u00e4u\u00dfere Durchmesser bel\u00e4uft sich auf 139 cm, die Bodenplatte hat einen Durchmesser von 69,5 cm. Diese Blumenk\u00fcbel aus Beton mit einem Eigengewicht von 260 Kilogramm ist ideal f\u00fcr \u00f6ffentliche Pl\u00e4tze und alle Bereiche die mit einem formsch\u00f6nen und stabilen Betonpflanzk\u00fcbel versorgt werden sollen.<\/p>\n<h2>Luciano, das wahre Raumwunder eines Pflanzk\u00fcbel aus Beton<\/h2>\n<p>Diese Pflanzgef\u00e4sse aussenbereich xxl aus Beton werden in den Farben wei\u00df, grau und anthrazit ausgeliefert und gl\u00e4nzt durch sein zeitloses Design. Damit ist das Bepflanzen mit gro\u00dfen Streuchern und auch kleinen B\u00e4umen kein Problem. Aufgrund des hohen Gewichtes ist Vandalismus bei diesem Pflanzk\u00fcbel eher unwahrscheinlich und muss daher nicht bef\u00fcrchtet werden. Luciano ist ein klassischer Blumentopf in \u00dcbergr\u00f6\u00dfe. Die zur Auswahl stehenden Farben sind klassisch. Wei\u00df, grau oder schwarzgrau, der Pflanzk\u00fcbel Beton Luciano bildet immer ein solides Fundament f\u00fcr eine gro\u00dfe Pflanze.<\/p>\n","protected":false},"excerpt":{"rendered":"<p>Pflanzk\u00fcbel beton Luciano<br \/>\nMaterial Beton (UHPC)<br \/>\nGewicht :260kg<br \/>\nAbmessungen: \u23001390mm, H980mm<br \/>\nFarben: Grau, Schwarz, Weiss<br \/>\nUV-resistent<br \/>\nRobust und Stabil<br \/>\nWetterfest<br \/>\nFrostbest\u00e4ndig bei gew\u00e4hrleistetem Wasserablauf<\/p>\n","protected":false},"featured_media":58366,"template":"","meta":{"_acf_changed":false},"product_brand":[],"product_cat":[393],"product_tag":[482],"class_list":{"0":"post-54001","1":"product","2":"type-product","3":"status-publish","4":"has-post-thumbnail","6":"product_cat-pflanzkubel-beton","7":"product_tag-donice-ogrodowe-de-aut","8":"description-off","9":"tm-has-options","11":"first","12":"instock","13":"shipping-taxable","14":"purchasable","15":"product-type-simple"},"acf":[],"yoast_head":"<!-- This site is optimized with the Yoast SEO plugin v27.5 - https:\/\/yoast.com\/product\/yoast-seo-wordpress\/ -->\n<title>Pflanzgef\u00e4sse f\u00fcr Aussenbereich in xxl Format ein Klassiker<\/title>\n<meta name=\"description\" content=\"Die klasische Pflanzgef\u00e4sse au\u00dfenbereich xxl serie Luciano sind rund, unten etwas schm\u00e4ler, und l\u00e4uft nach oben konisch auseinander.\" \/>\n<meta name=\"robots\" content=\"index, follow, max-snippet:-1, max-image-preview:large, max-video-preview:-1\" \/>\n<link rel=\"canonical\" href=\"https:\/\/worldofflowerpots.com\/sklep\/pflanzgefasse-aussenbereich-xxl-luciano\/\" \/>\n<meta property=\"og:locale\" content=\"de_DE\" \/>\n<meta property=\"og:type\" content=\"article\" \/>\n<meta property=\"og:title\" content=\"Pflanzgef\u00e4sse f\u00fcr Aussenbereich in xxl Format ein Klassiker\" \/>\n<meta property=\"og:description\" content=\"Die klasische Pflanzgef\u00e4sse au\u00dfenbereich xxl serie Luciano sind rund, unten etwas schm\u00e4ler, und l\u00e4uft nach oben konisch auseinander.\" \/>\n<meta property=\"og:url\" content=\"https:\/\/worldofflowerpots.com\/sklep\/pflanzgefasse-aussenbereich-xxl-luciano\/\" \/>\n<meta property=\"og:site_name\" content=\"World of Flowerpots\" \/>\n<meta property=\"article:modified_time\" content=\"2019-04-15T09:15:22+00:00\" \/>\n<meta property=\"og:image\" content=\"https:\/\/worldofflowerpots.com\/wp-content\/uploads\/2019\/01\/pflanzgef\u00e4sse-aussenbereich-xxl-Luciano.jpg\" \/>\n\t<meta property=\"og:image:width\" content=\"1920\" \/>\n\t<meta property=\"og:image:height\" content=\"1080\" \/>\n\t<meta property=\"og:image:type\" content=\"image\/jpeg\" \/>\n<meta name=\"twitter:card\" content=\"summary_large_image\" \/>\n<meta name=\"twitter:label1\" content=\"Est. reading time\" \/>\n\t<meta name=\"twitter:data1\" content=\"1 minute\" \/>\n<script type=\"application\/ld+json\" class=\"yoast-schema-graph\">{\"@context\":\"https:\\\/\\\/schema.org\",\"@graph\":[{\"@type\":\"WebPage\",\"@id\":\"https:\\\/\\\/worldofflowerpots.com\\\/sklep\\\/pflanzgefasse-aussenbereich-xxl-luciano\\\/\",\"url\":\"https:\\\/\\\/worldofflowerpots.com\\\/sklep\\\/pflanzgefasse-aussenbereich-xxl-luciano\\\/\",\"name\":\"Pflanzgef\u00e4sse f\u00fcr Aussenbereich in xxl Format ein Klassiker\",\"isPartOf\":{\"@id\":\"https:\\\/\\\/worldofflowerpots.com\\\/#website\"},\"primaryImageOfPage\":{\"@id\":\"https:\\\/\\\/worldofflowerpots.com\\\/sklep\\\/pflanzgefasse-aussenbereich-xxl-luciano\\\/#primaryimage\"},\"image\":{\"@id\":\"https:\\\/\\\/worldofflowerpots.com\\\/sklep\\\/pflanzgefasse-aussenbereich-xxl-luciano\\\/#primaryimage\"},\"thumbnailUrl\":\"https:\\\/\\\/worldofflowerpots.com\\\/wp-content\\\/uploads\\\/2019\\\/01\\\/pflanzgef\u00e4sse-aussenbereich-xxl-Luciano.jpg\",\"datePublished\":\"2019-01-18T14:06:46+00:00\",\"dateModified\":\"2019-04-15T09:15:22+00:00\",\"description\":\"Die klasische Pflanzgef\u00e4sse au\u00dfenbereich xxl serie Luciano sind rund, unten etwas schm\u00e4ler, und l\u00e4uft nach oben konisch auseinander.\",\"breadcrumb\":{\"@id\":\"https:\\\/\\\/worldofflowerpots.com\\\/sklep\\\/pflanzgefasse-aussenbereich-xxl-luciano\\\/#breadcrumb\"},\"inLanguage\":\"de-AUT\",\"potentialAction\":[{\"@type\":\"ReadAction\",\"target\":[\"https:\\\/\\\/worldofflowerpots.com\\\/sklep\\\/pflanzgefasse-aussenbereich-xxl-luciano\\\/\"]}]},{\"@type\":\"ImageObject\",\"inLanguage\":\"de-AUT\",\"@id\":\"https:\\\/\\\/worldofflowerpots.com\\\/sklep\\\/pflanzgefasse-aussenbereich-xxl-luciano\\\/#primaryimage\",\"url\":\"https:\\\/\\\/worldofflowerpots.com\\\/wp-content\\\/uploads\\\/2019\\\/01\\\/pflanzgef\u00e4sse-aussenbereich-xxl-Luciano.jpg\",\"contentUrl\":\"https:\\\/\\\/worldofflowerpots.com\\\/wp-content\\\/uploads\\\/2019\\\/01\\\/pflanzgef\u00e4sse-aussenbereich-xxl-Luciano.jpg\",\"width\":1920,\"height\":1080},{\"@type\":\"BreadcrumbList\",\"@id\":\"https:\\\/\\\/worldofflowerpots.com\\\/sklep\\\/pflanzgefasse-aussenbereich-xxl-luciano\\\/#breadcrumb\",\"itemListElement\":[{\"@type\":\"ListItem\",\"position\":1,\"name\":\"Strona g\u0142\u00f3wna\",\"item\":\"https:\\\/\\\/worldofflowerpots.com\\\/home\\\/\"},{\"@type\":\"ListItem\",\"position\":2,\"name\":\"Shop\",\"item\":\"https:\\\/\\\/worldofflowerpots.com\\\/sortiment\\\/\"},{\"@type\":\"ListItem\",\"position\":3,\"name\":\"Pflanzgef\u00e4sse aussenbereich xxl Luciano\"}]},{\"@type\":\"WebSite\",\"@id\":\"https:\\\/\\\/worldofflowerpots.com\\\/#website\",\"url\":\"https:\\\/\\\/worldofflowerpots.com\\\/\",\"name\":\"World of Flowerpots\",\"description\":\"producent donic ozdobnych\",\"potentialAction\":[{\"@type\":\"SearchAction\",\"target\":{\"@type\":\"EntryPoint\",\"urlTemplate\":\"https:\\\/\\\/worldofflowerpots.com\\\/?s={search_term_string}\"},\"query-input\":{\"@type\":\"PropertyValueSpecification\",\"valueRequired\":true,\"valueName\":\"search_term_string\"}}],\"inLanguage\":\"de-AUT\"}]}<\/script>\n<!-- \/ Yoast SEO plugin. -->","yoast_head_json":{"title":"Pflanzgef\u00e4sse f\u00fcr Aussenbereich in xxl Format ein Klassiker","description":"Die klasische Pflanzgef\u00e4sse au\u00dfenbereich xxl serie Luciano sind rund, unten etwas schm\u00e4ler, und l\u00e4uft nach oben konisch auseinander.","robots":{"index":"index","follow":"follow","max-snippet":"max-snippet:-1","max-image-preview":"max-image-preview:large","max-video-preview":"max-video-preview:-1"},"canonical":"https:\/\/worldofflowerpots.com\/sklep\/pflanzgefasse-aussenbereich-xxl-luciano\/","og_locale":"de_DE","og_type":"article","og_title":"Pflanzgef\u00e4sse f\u00fcr Aussenbereich in xxl Format ein Klassiker","og_description":"Die klasische Pflanzgef\u00e4sse au\u00dfenbereich xxl serie Luciano sind rund, unten etwas schm\u00e4ler, und l\u00e4uft nach oben konisch auseinander.","og_url":"https:\/\/worldofflowerpots.com\/sklep\/pflanzgefasse-aussenbereich-xxl-luciano\/","og_site_name":"World of Flowerpots","article_modified_time":"2019-04-15T09:15:22+00:00","og_image":[{"width":1920,"height":1080,"url":"https:\/\/worldofflowerpots.com\/wp-content\/uploads\/2019\/01\/pflanzgef\u00e4sse-aussenbereich-xxl-Luciano.jpg","type":"image\/jpeg"}],"twitter_card":"summary_large_image","twitter_misc":{"Est. reading time":"1 minute"},"schema":{"@context":"https:\/\/schema.org","@graph":[{"@type":"WebPage","@id":"https:\/\/worldofflowerpots.com\/sklep\/pflanzgefasse-aussenbereich-xxl-luciano\/","url":"https:\/\/worldofflowerpots.com\/sklep\/pflanzgefasse-aussenbereich-xxl-luciano\/","name":"Pflanzgef\u00e4sse f\u00fcr Aussenbereich in xxl Format ein Klassiker","isPartOf":{"@id":"https:\/\/worldofflowerpots.com\/#website"},"primaryImageOfPage":{"@id":"https:\/\/worldofflowerpots.com\/sklep\/pflanzgefasse-aussenbereich-xxl-luciano\/#primaryimage"},"image":{"@id":"https:\/\/worldofflowerpots.com\/sklep\/pflanzgefasse-aussenbereich-xxl-luciano\/#primaryimage"},"thumbnailUrl":"https:\/\/worldofflowerpots.com\/wp-content\/uploads\/2019\/01\/pflanzgef\u00e4sse-aussenbereich-xxl-Luciano.jpg","datePublished":"2019-01-18T14:06:46+00:00","dateModified":"2019-04-15T09:15:22+00:00","description":"Die klasische Pflanzgef\u00e4sse au\u00dfenbereich xxl serie Luciano sind rund, unten etwas schm\u00e4ler, und l\u00e4uft nach oben konisch auseinander.","breadcrumb":{"@id":"https:\/\/worldofflowerpots.com\/sklep\/pflanzgefasse-aussenbereich-xxl-luciano\/#breadcrumb"},"inLanguage":"de-AUT","potentialAction":[{"@type":"ReadAction","target":["https:\/\/worldofflowerpots.com\/sklep\/pflanzgefasse-aussenbereich-xxl-luciano\/"]}]},{"@type":"ImageObject","inLanguage":"de-AUT","@id":"https:\/\/worldofflowerpots.com\/sklep\/pflanzgefasse-aussenbereich-xxl-luciano\/#primaryimage","url":"https:\/\/worldofflowerpots.com\/wp-content\/uploads\/2019\/01\/pflanzgef\u00e4sse-aussenbereich-xxl-Luciano.jpg","contentUrl":"https:\/\/worldofflowerpots.com\/wp-content\/uploads\/2019\/01\/pflanzgef\u00e4sse-aussenbereich-xxl-Luciano.jpg","width":1920,"height":1080},{"@type":"BreadcrumbList","@id":"https:\/\/worldofflowerpots.com\/sklep\/pflanzgefasse-aussenbereich-xxl-luciano\/#breadcrumb","itemListElement":[{"@type":"ListItem","position":1,"name":"Strona g\u0142\u00f3wna","item":"https:\/\/worldofflowerpots.com\/home\/"},{"@type":"ListItem","position":2,"name":"Shop","item":"https:\/\/worldofflowerpots.com\/sortiment\/"},{"@type":"ListItem","position":3,"name":"Pflanzgef\u00e4sse aussenbereich xxl Luciano"}]},{"@type":"WebSite","@id":"https:\/\/worldofflowerpots.com\/#website","url":"https:\/\/worldofflowerpots.com\/","name":"World of Flowerpots","description":"producent donic ozdobnych","potentialAction":[{"@type":"SearchAction","target":{"@type":"EntryPoint","urlTemplate":"https:\/\/worldofflowerpots.com\/?s={search_term_string}"},"query-input":{"@type":"PropertyValueSpecification","valueRequired":true,"valueName":"search_term_string"}}],"inLanguage":"de-AUT"}]}},"_links":{"self":[{"href":"https:\/\/worldofflowerpots.com\/aut\/wp-json\/wp\/v2\/product\/54001","targetHints":{"allow":["GET"]}}],"collection":[{"href":"https:\/\/worldofflowerpots.com\/aut\/wp-json\/wp\/v2\/product"}],"about":[{"href":"https:\/\/worldofflowerpots.com\/aut\/wp-json\/wp\/v2\/types\/product"}],"wp:featuredmedia":[{"embeddable":true,"href":"https:\/\/worldofflowerpots.com\/aut\/wp-json\/wp\/v2\/media\/58366"}],"wp:attachment":[{"href":"https:\/\/worldofflowerpots.com\/aut\/wp-json\/wp\/v2\/media?parent=54001"}],"wp:term":[{"taxonomy":"product_brand","embeddable":true,"href":"https:\/\/worldofflowerpots.com\/aut\/wp-json\/wp\/v2\/product_brand?post=54001"},{"taxonomy":"product_cat","embeddable":true,"href":"https:\/\/worldofflowerpots.com\/aut\/wp-json\/wp\/v2\/product_cat?post=54001"},{"taxonomy":"product_tag","embeddable":true,"href":"https:\/\/worldofflowerpots.com\/aut\/wp-json\/wp\/v2\/product_tag?post=54001"}],"curies":[{"name":"wp","href":"https:\/\/api.w.org\/{rel}","templated":true}]}}