{"id":54002,"date":"2019-01-18T15:06:45","date_gmt":"2019-01-18T14:06:45","guid":{"rendered":"https:\/\/worldofflowerpots.com\/sklep\/beton-pflanztrog-ricardo\/"},"modified":"2019-04-15T11:17:18","modified_gmt":"2019-04-15T09:17:18","slug":"beton-pflanztrog-ricardo","status":"publish","type":"product","link":"https:\/\/worldofflowerpots.com\/aut\/sortiment\/beton-pflanztrog-ricardo\/","title":{"rendered":"beton pflanztrog Ricardo"},"content":{"rendered":"<div id=\"attachment_58959\" style=\"width: 1034px\" class=\"wp-caption aligncenter\"><img loading=\"lazy\" decoding=\"async\" aria-describedby=\"caption-attachment-58959\" class=\"wp-image-58959 size-large\" src=\"https:\/\/worldofflowerpots.com\/wp-content\/uploads\/2017\/01\/Richtig-bepflanzen--1024x576.jpg\" alt=\"\" width=\"1024\" height=\"576\" srcset=\"https:\/\/worldofflowerpots.com\/wp-content\/uploads\/2017\/01\/Richtig-bepflanzen--1024x576.jpg 1024w, https:\/\/worldofflowerpots.com\/wp-content\/uploads\/2017\/01\/Richtig-bepflanzen--300x169.jpg 300w, https:\/\/worldofflowerpots.com\/wp-content\/uploads\/2017\/01\/Richtig-bepflanzen--768x432.jpg 768w, https:\/\/worldofflowerpots.com\/wp-content\/uploads\/2017\/01\/Richtig-bepflanzen--600x338.jpg 600w, https:\/\/worldofflowerpots.com\/wp-content\/uploads\/2017\/01\/Richtig-bepflanzen-.jpg 1920w\" sizes=\"auto, (max-width: 1024px) 100vw, 1024px\" \/><p id=\"caption-attachment-58959\" class=\"wp-caption-text\">Richtig bepflanzen<\/p><\/div>\n<h2>Die klassische Blumentopfform als robuster beton pflanztrog.<\/h2>\n<p>Der beton pflanztrog Ricardo vereint die Vorteile dieser bekannten Blumentopfform mit frostfesten, sehr widerstandsf\u00e4higen Material und verschiedenen Farben. Diese Pflanzk\u00fcbelform gibt es in drei verschiedenen Gr\u00f6\u00dfen, von denen Ricardo die gr\u00f6\u00dfte ist. Kreisrund, nach oben hin weiter werdend, mit einem schmalen Rand ist dieser Blumenk\u00fcbel zeitlos elegant und vielseitig einsetzbar.<\/p>\n<h2>Der Pflanztopf Ricardo macht \u00fcberall eine gute Figur<\/h2>\n<p>Versch\u00f6nern sie doch eine breite Au\u00dfentreppe mit einem oder mehreren K\u00fcbeln Ricardo bepflanzt mit Stauden ihrer Wahl. Die l\u00e4ngliche Form des K\u00fcbels unterstreicht Stauden mit schmalen und hohen Wuchs wie zum Beispiel Rittersporn, K\u00f6nigskerze, Fingerhut oder Fackellilie. Oder sie stellen die Form des K\u00fcbels in den Vordergrund und bepflanzen ihn mit Polsterpflanzen wie Blaukissen oder Grasnelken. Das gro\u00dfe Fassungsverm\u00f6gen des Betonk\u00fcbels gibt ihnen viele M\u00f6glichkeiten, ihre Ideen umzusetzen.<\/p>\n<h2>Der Pflanzk\u00fcbel aus Beton ist ein sch\u00f6n gearbeitetes Modell.<\/h2>\n<p>Ricardo verf\u00fcgt als beton pflanztrog \u00fcber ein Fassungsverm\u00f6gen von 229 Litern und kann damit mehrere Pflanzen aufnehmen. Durch sein Eigengewicht von 92 Kilo steht der Betonpflanzk\u00fcbel sicher auch bei schlechter Witterung und kann auch nur schwer durch Vandalismus besch\u00e4digt werden. Der Pflanztrog aus Beton ist lieferbar in insgesamt drei Farben die sich ideal kombinieren lassen. Da der Pflanzk\u00fcbel aus Beton nicht rechteckig ist, k\u00f6nnen diese K\u00fcbel auch ideal gemeinsam kombiniert werden. Sie finden Verwendung in vielen \u00f6ffentlichen Bereichen wie Parks und Alleen und nat\u00fcrlich auch in privaten G\u00e4rten und auch Winterg\u00e4rten.<\/p>\n","protected":false},"excerpt":{"rendered":"<p>Pflanzk\u00fcbel beton Ricardo<br \/>\nMaterial Beton (UHPC)<br \/>\nGewicht :92kg<br \/>\nAbmessungen: \u2300770mm, H870mm<br \/>\nFarben: Grau, Schwarz, Weiss<br \/>\nUV-resistent<br \/>\nRobust und Stabil<br \/>\nWetterfest<br \/>\nFrostbest\u00e4ndig bei gew\u00e4hrleistetem Wasserablauf<\/p>\n","protected":false},"featured_media":58378,"template":"","meta":{"_acf_changed":false},"product_brand":[],"product_cat":[393],"product_tag":[482],"class_list":{"0":"post-54002","1":"product","2":"type-product","3":"status-publish","4":"has-post-thumbnail","6":"product_cat-pflanzkubel-beton","7":"product_tag-donice-ogrodowe-de-aut","8":"description-off","9":"tm-has-options","11":"first","12":"instock","13":"shipping-taxable","14":"purchasable","15":"product-type-simple"},"acf":[],"yoast_head":"<!-- This site is optimized with the Yoast SEO plugin v27.5 - https:\/\/yoast.com\/product\/yoast-seo-wordpress\/ -->\n<title>Beton Pflanztrog Langlebig f\u00fcr Drau\u00dfen pflegeleicht Robust und Stabil<\/title>\n<meta name=\"description\" content=\"Der beton pflanztrog Ricardo vereint die Vorteile dieser bekannten Blumentopfform mit frostfesten, sehr widerstandsf\u00e4higen Material und verschiedenen Farben\" \/>\n<meta name=\"robots\" content=\"index, follow, max-snippet:-1, max-image-preview:large, max-video-preview:-1\" \/>\n<link rel=\"canonical\" href=\"https:\/\/worldofflowerpots.com\/sklep\/beton-pflanztrog-ricardo\/\" \/>\n<meta property=\"og:locale\" content=\"de_DE\" \/>\n<meta property=\"og:type\" content=\"article\" \/>\n<meta property=\"og:title\" content=\"Beton Pflanztrog Langlebig f\u00fcr Drau\u00dfen pflegeleicht Robust und Stabil\" \/>\n<meta property=\"og:description\" content=\"Der beton pflanztrog Ricardo vereint die Vorteile dieser bekannten Blumentopfform mit frostfesten, sehr widerstandsf\u00e4higen Material und verschiedenen Farben\" \/>\n<meta property=\"og:url\" content=\"https:\/\/worldofflowerpots.com\/sklep\/beton-pflanztrog-ricardo\/\" \/>\n<meta property=\"og:site_name\" content=\"World of Flowerpots\" \/>\n<meta property=\"article:modified_time\" content=\"2019-04-15T09:17:18+00:00\" \/>\n<meta property=\"og:image\" content=\"https:\/\/worldofflowerpots.com\/wp-content\/uploads\/2019\/01\/beton-pflanztrog-Ricardo.jpg\" \/>\n\t<meta property=\"og:image:width\" content=\"1920\" \/>\n\t<meta property=\"og:image:height\" content=\"1080\" \/>\n\t<meta property=\"og:image:type\" content=\"image\/jpeg\" \/>\n<meta name=\"twitter:card\" content=\"summary_large_image\" \/>\n<meta name=\"twitter:label1\" content=\"Est. reading time\" \/>\n\t<meta name=\"twitter:data1\" content=\"1 minute\" \/>\n<script type=\"application\/ld+json\" class=\"yoast-schema-graph\">{\"@context\":\"https:\\\/\\\/schema.org\",\"@graph\":[{\"@type\":\"WebPage\",\"@id\":\"https:\\\/\\\/worldofflowerpots.com\\\/sklep\\\/beton-pflanztrog-ricardo\\\/\",\"url\":\"https:\\\/\\\/worldofflowerpots.com\\\/sklep\\\/beton-pflanztrog-ricardo\\\/\",\"name\":\"Beton Pflanztrog Langlebig f\u00fcr Drau\u00dfen pflegeleicht Robust und Stabil\",\"isPartOf\":{\"@id\":\"https:\\\/\\\/worldofflowerpots.com\\\/#website\"},\"primaryImageOfPage\":{\"@id\":\"https:\\\/\\\/worldofflowerpots.com\\\/sklep\\\/beton-pflanztrog-ricardo\\\/#primaryimage\"},\"image\":{\"@id\":\"https:\\\/\\\/worldofflowerpots.com\\\/sklep\\\/beton-pflanztrog-ricardo\\\/#primaryimage\"},\"thumbnailUrl\":\"https:\\\/\\\/worldofflowerpots.com\\\/wp-content\\\/uploads\\\/2019\\\/01\\\/beton-pflanztrog-Ricardo.jpg\",\"datePublished\":\"2019-01-18T14:06:45+00:00\",\"dateModified\":\"2019-04-15T09:17:18+00:00\",\"description\":\"Der beton pflanztrog Ricardo vereint die Vorteile dieser bekannten Blumentopfform mit frostfesten, sehr widerstandsf\u00e4higen Material und verschiedenen Farben\",\"breadcrumb\":{\"@id\":\"https:\\\/\\\/worldofflowerpots.com\\\/sklep\\\/beton-pflanztrog-ricardo\\\/#breadcrumb\"},\"inLanguage\":\"de-AUT\",\"potentialAction\":[{\"@type\":\"ReadAction\",\"target\":[\"https:\\\/\\\/worldofflowerpots.com\\\/sklep\\\/beton-pflanztrog-ricardo\\\/\"]}]},{\"@type\":\"ImageObject\",\"inLanguage\":\"de-AUT\",\"@id\":\"https:\\\/\\\/worldofflowerpots.com\\\/sklep\\\/beton-pflanztrog-ricardo\\\/#primaryimage\",\"url\":\"https:\\\/\\\/worldofflowerpots.com\\\/wp-content\\\/uploads\\\/2019\\\/01\\\/beton-pflanztrog-Ricardo.jpg\",\"contentUrl\":\"https:\\\/\\\/worldofflowerpots.com\\\/wp-content\\\/uploads\\\/2019\\\/01\\\/beton-pflanztrog-Ricardo.jpg\",\"width\":1920,\"height\":1080},{\"@type\":\"BreadcrumbList\",\"@id\":\"https:\\\/\\\/worldofflowerpots.com\\\/sklep\\\/beton-pflanztrog-ricardo\\\/#breadcrumb\",\"itemListElement\":[{\"@type\":\"ListItem\",\"position\":1,\"name\":\"Strona g\u0142\u00f3wna\",\"item\":\"https:\\\/\\\/worldofflowerpots.com\\\/home\\\/\"},{\"@type\":\"ListItem\",\"position\":2,\"name\":\"Shop\",\"item\":\"https:\\\/\\\/worldofflowerpots.com\\\/sortiment\\\/\"},{\"@type\":\"ListItem\",\"position\":3,\"name\":\"beton pflanztrog Ricardo\"}]},{\"@type\":\"WebSite\",\"@id\":\"https:\\\/\\\/worldofflowerpots.com\\\/#website\",\"url\":\"https:\\\/\\\/worldofflowerpots.com\\\/\",\"name\":\"World of Flowerpots\",\"description\":\"producent donic ozdobnych\",\"potentialAction\":[{\"@type\":\"SearchAction\",\"target\":{\"@type\":\"EntryPoint\",\"urlTemplate\":\"https:\\\/\\\/worldofflowerpots.com\\\/?s={search_term_string}\"},\"query-input\":{\"@type\":\"PropertyValueSpecification\",\"valueRequired\":true,\"valueName\":\"search_term_string\"}}],\"inLanguage\":\"de-AUT\"}]}<\/script>\n<!-- \/ Yoast SEO plugin. -->","yoast_head_json":{"title":"Beton Pflanztrog Langlebig f\u00fcr Drau\u00dfen pflegeleicht Robust und Stabil","description":"Der beton pflanztrog Ricardo vereint die Vorteile dieser bekannten Blumentopfform mit frostfesten, sehr widerstandsf\u00e4higen Material und verschiedenen Farben","robots":{"index":"index","follow":"follow","max-snippet":"max-snippet:-1","max-image-preview":"max-image-preview:large","max-video-preview":"max-video-preview:-1"},"canonical":"https:\/\/worldofflowerpots.com\/sklep\/beton-pflanztrog-ricardo\/","og_locale":"de_DE","og_type":"article","og_title":"Beton Pflanztrog Langlebig f\u00fcr Drau\u00dfen pflegeleicht Robust und Stabil","og_description":"Der beton pflanztrog Ricardo vereint die Vorteile dieser bekannten Blumentopfform mit frostfesten, sehr widerstandsf\u00e4higen Material und verschiedenen Farben","og_url":"https:\/\/worldofflowerpots.com\/sklep\/beton-pflanztrog-ricardo\/","og_site_name":"World of Flowerpots","article_modified_time":"2019-04-15T09:17:18+00:00","og_image":[{"width":1920,"height":1080,"url":"https:\/\/worldofflowerpots.com\/wp-content\/uploads\/2019\/01\/beton-pflanztrog-Ricardo.jpg","type":"image\/jpeg"}],"twitter_card":"summary_large_image","twitter_misc":{"Est. reading time":"1 minute"},"schema":{"@context":"https:\/\/schema.org","@graph":[{"@type":"WebPage","@id":"https:\/\/worldofflowerpots.com\/sklep\/beton-pflanztrog-ricardo\/","url":"https:\/\/worldofflowerpots.com\/sklep\/beton-pflanztrog-ricardo\/","name":"Beton Pflanztrog Langlebig f\u00fcr Drau\u00dfen pflegeleicht Robust und Stabil","isPartOf":{"@id":"https:\/\/worldofflowerpots.com\/#website"},"primaryImageOfPage":{"@id":"https:\/\/worldofflowerpots.com\/sklep\/beton-pflanztrog-ricardo\/#primaryimage"},"image":{"@id":"https:\/\/worldofflowerpots.com\/sklep\/beton-pflanztrog-ricardo\/#primaryimage"},"thumbnailUrl":"https:\/\/worldofflowerpots.com\/wp-content\/uploads\/2019\/01\/beton-pflanztrog-Ricardo.jpg","datePublished":"2019-01-18T14:06:45+00:00","dateModified":"2019-04-15T09:17:18+00:00","description":"Der beton pflanztrog Ricardo vereint die Vorteile dieser bekannten Blumentopfform mit frostfesten, sehr widerstandsf\u00e4higen Material und verschiedenen Farben","breadcrumb":{"@id":"https:\/\/worldofflowerpots.com\/sklep\/beton-pflanztrog-ricardo\/#breadcrumb"},"inLanguage":"de-AUT","potentialAction":[{"@type":"ReadAction","target":["https:\/\/worldofflowerpots.com\/sklep\/beton-pflanztrog-ricardo\/"]}]},{"@type":"ImageObject","inLanguage":"de-AUT","@id":"https:\/\/worldofflowerpots.com\/sklep\/beton-pflanztrog-ricardo\/#primaryimage","url":"https:\/\/worldofflowerpots.com\/wp-content\/uploads\/2019\/01\/beton-pflanztrog-Ricardo.jpg","contentUrl":"https:\/\/worldofflowerpots.com\/wp-content\/uploads\/2019\/01\/beton-pflanztrog-Ricardo.jpg","width":1920,"height":1080},{"@type":"BreadcrumbList","@id":"https:\/\/worldofflowerpots.com\/sklep\/beton-pflanztrog-ricardo\/#breadcrumb","itemListElement":[{"@type":"ListItem","position":1,"name":"Strona g\u0142\u00f3wna","item":"https:\/\/worldofflowerpots.com\/home\/"},{"@type":"ListItem","position":2,"name":"Shop","item":"https:\/\/worldofflowerpots.com\/sortiment\/"},{"@type":"ListItem","position":3,"name":"beton pflanztrog Ricardo"}]},{"@type":"WebSite","@id":"https:\/\/worldofflowerpots.com\/#website","url":"https:\/\/worldofflowerpots.com\/","name":"World of Flowerpots","description":"producent donic ozdobnych","potentialAction":[{"@type":"SearchAction","target":{"@type":"EntryPoint","urlTemplate":"https:\/\/worldofflowerpots.com\/?s={search_term_string}"},"query-input":{"@type":"PropertyValueSpecification","valueRequired":true,"valueName":"search_term_string"}}],"inLanguage":"de-AUT"}]}},"_links":{"self":[{"href":"https:\/\/worldofflowerpots.com\/aut\/wp-json\/wp\/v2\/product\/54002","targetHints":{"allow":["GET"]}}],"collection":[{"href":"https:\/\/worldofflowerpots.com\/aut\/wp-json\/wp\/v2\/product"}],"about":[{"href":"https:\/\/worldofflowerpots.com\/aut\/wp-json\/wp\/v2\/types\/product"}],"wp:featuredmedia":[{"embeddable":true,"href":"https:\/\/worldofflowerpots.com\/aut\/wp-json\/wp\/v2\/media\/58378"}],"wp:attachment":[{"href":"https:\/\/worldofflowerpots.com\/aut\/wp-json\/wp\/v2\/media?parent=54002"}],"wp:term":[{"taxonomy":"product_brand","embeddable":true,"href":"https:\/\/worldofflowerpots.com\/aut\/wp-json\/wp\/v2\/product_brand?post=54002"},{"taxonomy":"product_cat","embeddable":true,"href":"https:\/\/worldofflowerpots.com\/aut\/wp-json\/wp\/v2\/product_cat?post=54002"},{"taxonomy":"product_tag","embeddable":true,"href":"https:\/\/worldofflowerpots.com\/aut\/wp-json\/wp\/v2\/product_tag?post=54002"}],"curies":[{"name":"wp","href":"https:\/\/api.w.org\/{rel}","templated":true}]}}