{"id":54028,"date":"2019-01-18T15:06:22","date_gmt":"2019-01-18T14:06:22","guid":{"rendered":"https:\/\/worldofflowerpots.com\/sklep\/cortenstahl-blumenkasten-cubi-12\/"},"modified":"2019-04-11T14:24:23","modified_gmt":"2019-04-11T12:24:23","slug":"cortenstahl-blumenkasten-cubi-12","status":"publish","type":"product","link":"https:\/\/worldofflowerpots.com\/aut\/sortiment\/cortenstahl-blumenkasten-cubi-12\/","title":{"rendered":"Cortenstahl Blumenkasten Cubi 12"},"content":{"rendered":"<h2>Der Cortenstahl Blumenkasten Cubi 12 f\u00fcr alle, die das Besondere lieben<\/h2>\n<p>Wenn Sie nach einem Cortenstahl Blumenkasten suchen, der einerseits puristisch und elegant, aber andererseits auch etwas ganz Besonderes ist, ist Cubi 12 wie f\u00fcr Sie gemacht. Das Material Corten-Stahl mit seiner ungew\u00f6hnlichen Patina in einem wundersch\u00f6nen Rostfarbton macht diesen Pflanzk\u00fcbel zu einem Blickfang in Ihrem Garten oder an jedem anderen Ort im Au\u00dfenbereich.<\/p>\n<h2>Dieser Cortenstahl Blumenkasten ist witterungsbest\u00e4ndig und standfest<\/h2>\n<p>Das Material Corten-Stahl mit seiner besonderen Legierung macht den Blumenk\u00fcbel Cubi 12 nicht nur zu einem Eyecatcher der Extraklasse, sondern ist auch besonders witterungsbest\u00e4ndig. Sie werden deshalb an diesem sch\u00f6nen Pflanztrog viele Jahre Ihre Freude haben. Gleichzeitig ist dieser Blumentrog durch sein Gewicht von 42 kg so schwer, dass kein Sturm ihn in Ihrem Garten wegwehen wird. Mit 210 Litern Fassungsverm\u00f6gen haben Sie viel Platz f\u00fcr eine fantasievolle Bepflanzung, ganz unabh\u00e4ngig davon, wo Cubi 12 von Ihnen seinen Platz bekommen wird.<\/p>\n<h2>Kombinieren Sie den Blumentrog Cubi 12 mit unseren passenden Pflanzk\u00fcbeln<\/h2>\n<p>Wenn Sie sich einmal in unserem Sortiment von Blumenk\u00fcbeln aus Corten-Stahl umschauen, werden Sie schnell feststellen, dass wir noch viele andere wundersch\u00f6ne Pflanzgef\u00e4\u00dfe mit der gleichen Legierung im Angebot haben. Gern helfen wir Ihnen dabei, Ihren neuen Blumenk\u00fcbel mit anderen aus unserem Hause zu kombinieren. Besonders gut k\u00f6nnten hier andere Pflanzk\u00fcbel der Serie Cubi oder der Serie Vaso passen. Wir haben aber auch sonst noch viele stilvolle Pflanzgef\u00e4\u00dfe im Sortiment. Bei Fragen scheuen Sie sich nicht, sich von unserem Verkaufsteam beraten zu lassen, denn daf\u00fcr sind wir ja da.<\/p>\n","protected":false},"excerpt":{"rendered":"<p>Material : 2 mm Cortenstahl<br \/>\nIsoliert mit Styropor<br \/>\nGewicht :42kg<br \/>\nAbmessungen B300mm H800mm L900mm<br \/>\nRobust und Stabil<br \/>\nWetterfest<br \/>\nFrostbest\u00e4ndig bei gew\u00e4hrleistetem Wasserablauf<\/p>\n","protected":false},"featured_media":58619,"template":"","meta":{"_acf_changed":false},"product_brand":[],"product_cat":[395],"product_tag":[],"class_list":{"0":"post-54028","1":"product","2":"type-product","3":"status-publish","4":"has-post-thumbnail","6":"product_cat-pflanzkubel-cortenstahl","7":"description-off","8":"tm-has-options","10":"first","11":"instock","12":"shipping-taxable","13":"purchasable","14":"product-type-simple"},"acf":[],"yoast_head":"<!-- This site is optimized with the Yoast SEO plugin v27.5 - https:\/\/yoast.com\/product\/yoast-seo-wordpress\/ -->\n<title>Cortenstahl Blumenkasten einem Blickfang in Ihrem Garten<\/title>\n<meta name=\"description\" content=\"Dieser Cortenstahl Blumenkasten ist witterungsbest\u00e4ndig und standfest in Ihrem Garten. Das Material ist besonders witterungsbest\u00e4ndig.\" \/>\n<meta name=\"robots\" content=\"index, follow, max-snippet:-1, max-image-preview:large, max-video-preview:-1\" \/>\n<link rel=\"canonical\" href=\"https:\/\/worldofflowerpots.com\/sklep\/cortenstahl-blumenkasten-cubi-12\/\" \/>\n<meta property=\"og:locale\" content=\"de_DE\" \/>\n<meta property=\"og:type\" content=\"article\" \/>\n<meta property=\"og:title\" content=\"Cortenstahl Blumenkasten einem Blickfang in Ihrem Garten\" \/>\n<meta property=\"og:description\" content=\"Dieser Cortenstahl Blumenkasten ist witterungsbest\u00e4ndig und standfest in Ihrem Garten. Das Material ist besonders witterungsbest\u00e4ndig.\" \/>\n<meta property=\"og:url\" content=\"https:\/\/worldofflowerpots.com\/sklep\/cortenstahl-blumenkasten-cubi-12\/\" \/>\n<meta property=\"og:site_name\" content=\"World of Flowerpots\" \/>\n<meta property=\"article:modified_time\" content=\"2019-04-11T12:24:23+00:00\" \/>\n<meta property=\"og:image\" content=\"https:\/\/worldofflowerpots.com\/wp-content\/uploads\/2019\/01\/cortenstahl-blumenkasten-Cubi-12.jpg\" \/>\n\t<meta property=\"og:image:width\" content=\"2280\" \/>\n\t<meta property=\"og:image:height\" content=\"1612\" \/>\n\t<meta property=\"og:image:type\" content=\"image\/jpeg\" \/>\n<meta name=\"twitter:card\" content=\"summary_large_image\" \/>\n<meta name=\"twitter:label1\" content=\"Est. reading time\" \/>\n\t<meta name=\"twitter:data1\" content=\"1 minute\" \/>\n<script type=\"application\/ld+json\" class=\"yoast-schema-graph\">{\"@context\":\"https:\\\/\\\/schema.org\",\"@graph\":[{\"@type\":\"WebPage\",\"@id\":\"https:\\\/\\\/worldofflowerpots.com\\\/sklep\\\/cortenstahl-blumenkasten-cubi-12\\\/\",\"url\":\"https:\\\/\\\/worldofflowerpots.com\\\/sklep\\\/cortenstahl-blumenkasten-cubi-12\\\/\",\"name\":\"Cortenstahl Blumenkasten einem Blickfang in Ihrem Garten\",\"isPartOf\":{\"@id\":\"https:\\\/\\\/worldofflowerpots.com\\\/#website\"},\"primaryImageOfPage\":{\"@id\":\"https:\\\/\\\/worldofflowerpots.com\\\/sklep\\\/cortenstahl-blumenkasten-cubi-12\\\/#primaryimage\"},\"image\":{\"@id\":\"https:\\\/\\\/worldofflowerpots.com\\\/sklep\\\/cortenstahl-blumenkasten-cubi-12\\\/#primaryimage\"},\"thumbnailUrl\":\"https:\\\/\\\/worldofflowerpots.com\\\/wp-content\\\/uploads\\\/2019\\\/01\\\/cortenstahl-blumenkasten-Cubi-12.jpg\",\"datePublished\":\"2019-01-18T14:06:22+00:00\",\"dateModified\":\"2019-04-11T12:24:23+00:00\",\"description\":\"Dieser Cortenstahl Blumenkasten ist witterungsbest\u00e4ndig und standfest in Ihrem Garten. Das Material ist besonders witterungsbest\u00e4ndig.\",\"breadcrumb\":{\"@id\":\"https:\\\/\\\/worldofflowerpots.com\\\/sklep\\\/cortenstahl-blumenkasten-cubi-12\\\/#breadcrumb\"},\"inLanguage\":\"de-AUT\",\"potentialAction\":[{\"@type\":\"ReadAction\",\"target\":[\"https:\\\/\\\/worldofflowerpots.com\\\/sklep\\\/cortenstahl-blumenkasten-cubi-12\\\/\"]}]},{\"@type\":\"ImageObject\",\"inLanguage\":\"de-AUT\",\"@id\":\"https:\\\/\\\/worldofflowerpots.com\\\/sklep\\\/cortenstahl-blumenkasten-cubi-12\\\/#primaryimage\",\"url\":\"https:\\\/\\\/worldofflowerpots.com\\\/wp-content\\\/uploads\\\/2019\\\/01\\\/cortenstahl-blumenkasten-Cubi-12.jpg\",\"contentUrl\":\"https:\\\/\\\/worldofflowerpots.com\\\/wp-content\\\/uploads\\\/2019\\\/01\\\/cortenstahl-blumenkasten-Cubi-12.jpg\",\"width\":2280,\"height\":1612},{\"@type\":\"BreadcrumbList\",\"@id\":\"https:\\\/\\\/worldofflowerpots.com\\\/sklep\\\/cortenstahl-blumenkasten-cubi-12\\\/#breadcrumb\",\"itemListElement\":[{\"@type\":\"ListItem\",\"position\":1,\"name\":\"Strona g\u0142\u00f3wna\",\"item\":\"https:\\\/\\\/worldofflowerpots.com\\\/home\\\/\"},{\"@type\":\"ListItem\",\"position\":2,\"name\":\"Shop\",\"item\":\"https:\\\/\\\/worldofflowerpots.com\\\/sortiment\\\/\"},{\"@type\":\"ListItem\",\"position\":3,\"name\":\"Cortenstahl Blumenkasten Cubi 12\"}]},{\"@type\":\"WebSite\",\"@id\":\"https:\\\/\\\/worldofflowerpots.com\\\/#website\",\"url\":\"https:\\\/\\\/worldofflowerpots.com\\\/\",\"name\":\"World of Flowerpots\",\"description\":\"producent donic ozdobnych\",\"potentialAction\":[{\"@type\":\"SearchAction\",\"target\":{\"@type\":\"EntryPoint\",\"urlTemplate\":\"https:\\\/\\\/worldofflowerpots.com\\\/?s={search_term_string}\"},\"query-input\":{\"@type\":\"PropertyValueSpecification\",\"valueRequired\":true,\"valueName\":\"search_term_string\"}}],\"inLanguage\":\"de-AUT\"}]}<\/script>\n<!-- \/ Yoast SEO plugin. -->","yoast_head_json":{"title":"Cortenstahl Blumenkasten einem Blickfang in Ihrem Garten","description":"Dieser Cortenstahl Blumenkasten ist witterungsbest\u00e4ndig und standfest in Ihrem Garten. Das Material ist besonders witterungsbest\u00e4ndig.","robots":{"index":"index","follow":"follow","max-snippet":"max-snippet:-1","max-image-preview":"max-image-preview:large","max-video-preview":"max-video-preview:-1"},"canonical":"https:\/\/worldofflowerpots.com\/sklep\/cortenstahl-blumenkasten-cubi-12\/","og_locale":"de_DE","og_type":"article","og_title":"Cortenstahl Blumenkasten einem Blickfang in Ihrem Garten","og_description":"Dieser Cortenstahl Blumenkasten ist witterungsbest\u00e4ndig und standfest in Ihrem Garten. Das Material ist besonders witterungsbest\u00e4ndig.","og_url":"https:\/\/worldofflowerpots.com\/sklep\/cortenstahl-blumenkasten-cubi-12\/","og_site_name":"World of Flowerpots","article_modified_time":"2019-04-11T12:24:23+00:00","og_image":[{"width":2280,"height":1612,"url":"https:\/\/worldofflowerpots.com\/wp-content\/uploads\/2019\/01\/cortenstahl-blumenkasten-Cubi-12.jpg","type":"image\/jpeg"}],"twitter_card":"summary_large_image","twitter_misc":{"Est. reading time":"1 minute"},"schema":{"@context":"https:\/\/schema.org","@graph":[{"@type":"WebPage","@id":"https:\/\/worldofflowerpots.com\/sklep\/cortenstahl-blumenkasten-cubi-12\/","url":"https:\/\/worldofflowerpots.com\/sklep\/cortenstahl-blumenkasten-cubi-12\/","name":"Cortenstahl Blumenkasten einem Blickfang in Ihrem Garten","isPartOf":{"@id":"https:\/\/worldofflowerpots.com\/#website"},"primaryImageOfPage":{"@id":"https:\/\/worldofflowerpots.com\/sklep\/cortenstahl-blumenkasten-cubi-12\/#primaryimage"},"image":{"@id":"https:\/\/worldofflowerpots.com\/sklep\/cortenstahl-blumenkasten-cubi-12\/#primaryimage"},"thumbnailUrl":"https:\/\/worldofflowerpots.com\/wp-content\/uploads\/2019\/01\/cortenstahl-blumenkasten-Cubi-12.jpg","datePublished":"2019-01-18T14:06:22+00:00","dateModified":"2019-04-11T12:24:23+00:00","description":"Dieser Cortenstahl Blumenkasten ist witterungsbest\u00e4ndig und standfest in Ihrem Garten. Das Material ist besonders witterungsbest\u00e4ndig.","breadcrumb":{"@id":"https:\/\/worldofflowerpots.com\/sklep\/cortenstahl-blumenkasten-cubi-12\/#breadcrumb"},"inLanguage":"de-AUT","potentialAction":[{"@type":"ReadAction","target":["https:\/\/worldofflowerpots.com\/sklep\/cortenstahl-blumenkasten-cubi-12\/"]}]},{"@type":"ImageObject","inLanguage":"de-AUT","@id":"https:\/\/worldofflowerpots.com\/sklep\/cortenstahl-blumenkasten-cubi-12\/#primaryimage","url":"https:\/\/worldofflowerpots.com\/wp-content\/uploads\/2019\/01\/cortenstahl-blumenkasten-Cubi-12.jpg","contentUrl":"https:\/\/worldofflowerpots.com\/wp-content\/uploads\/2019\/01\/cortenstahl-blumenkasten-Cubi-12.jpg","width":2280,"height":1612},{"@type":"BreadcrumbList","@id":"https:\/\/worldofflowerpots.com\/sklep\/cortenstahl-blumenkasten-cubi-12\/#breadcrumb","itemListElement":[{"@type":"ListItem","position":1,"name":"Strona g\u0142\u00f3wna","item":"https:\/\/worldofflowerpots.com\/home\/"},{"@type":"ListItem","position":2,"name":"Shop","item":"https:\/\/worldofflowerpots.com\/sortiment\/"},{"@type":"ListItem","position":3,"name":"Cortenstahl Blumenkasten Cubi 12"}]},{"@type":"WebSite","@id":"https:\/\/worldofflowerpots.com\/#website","url":"https:\/\/worldofflowerpots.com\/","name":"World of Flowerpots","description":"producent donic ozdobnych","potentialAction":[{"@type":"SearchAction","target":{"@type":"EntryPoint","urlTemplate":"https:\/\/worldofflowerpots.com\/?s={search_term_string}"},"query-input":{"@type":"PropertyValueSpecification","valueRequired":true,"valueName":"search_term_string"}}],"inLanguage":"de-AUT"}]}},"_links":{"self":[{"href":"https:\/\/worldofflowerpots.com\/aut\/wp-json\/wp\/v2\/product\/54028","targetHints":{"allow":["GET"]}}],"collection":[{"href":"https:\/\/worldofflowerpots.com\/aut\/wp-json\/wp\/v2\/product"}],"about":[{"href":"https:\/\/worldofflowerpots.com\/aut\/wp-json\/wp\/v2\/types\/product"}],"wp:featuredmedia":[{"embeddable":true,"href":"https:\/\/worldofflowerpots.com\/aut\/wp-json\/wp\/v2\/media\/58619"}],"wp:attachment":[{"href":"https:\/\/worldofflowerpots.com\/aut\/wp-json\/wp\/v2\/media?parent=54028"}],"wp:term":[{"taxonomy":"product_brand","embeddable":true,"href":"https:\/\/worldofflowerpots.com\/aut\/wp-json\/wp\/v2\/product_brand?post=54028"},{"taxonomy":"product_cat","embeddable":true,"href":"https:\/\/worldofflowerpots.com\/aut\/wp-json\/wp\/v2\/product_cat?post=54028"},{"taxonomy":"product_tag","embeddable":true,"href":"https:\/\/worldofflowerpots.com\/aut\/wp-json\/wp\/v2\/product_tag?post=54028"}],"curies":[{"name":"wp","href":"https:\/\/api.w.org\/{rel}","templated":true}]}}