{"id":54040,"date":"2019-01-18T15:06:24","date_gmt":"2019-01-18T14:06:24","guid":{"rendered":"https:\/\/worldofflowerpots.com\/sklep\/blumentroge-aus-beton-giovanna\/"},"modified":"2019-04-15T11:30:03","modified_gmt":"2019-04-15T09:30:03","slug":"blumentroge-aus-beton-giovanna","status":"publish","type":"product","link":"https:\/\/worldofflowerpots.com\/aut\/sortiment\/blumentroge-aus-beton-giovanna\/","title":{"rendered":"Blumentr\u00f6ge aus beton Giovanna"},"content":{"rendered":"<div id=\"attachment_58959\" style=\"width: 1034px\" class=\"wp-caption aligncenter\"><img loading=\"lazy\" decoding=\"async\" aria-describedby=\"caption-attachment-58959\" class=\"wp-image-58959 size-large\" src=\"https:\/\/worldofflowerpots.com\/wp-content\/uploads\/2017\/01\/Richtig-bepflanzen--1024x576.jpg\" alt=\"\" width=\"1024\" height=\"576\" srcset=\"https:\/\/worldofflowerpots.com\/wp-content\/uploads\/2017\/01\/Richtig-bepflanzen--1024x576.jpg 1024w, https:\/\/worldofflowerpots.com\/wp-content\/uploads\/2017\/01\/Richtig-bepflanzen--300x169.jpg 300w, https:\/\/worldofflowerpots.com\/wp-content\/uploads\/2017\/01\/Richtig-bepflanzen--768x432.jpg 768w, https:\/\/worldofflowerpots.com\/wp-content\/uploads\/2017\/01\/Richtig-bepflanzen--600x338.jpg 600w, https:\/\/worldofflowerpots.com\/wp-content\/uploads\/2017\/01\/Richtig-bepflanzen-.jpg 1920w\" sizes=\"auto, (max-width: 1024px) 100vw, 1024px\" \/><p id=\"caption-attachment-58959\" class=\"wp-caption-text\">Richtig bepflanzen<\/p><\/div>\n<h3>Blumentr\u00f6ge aus beton \u2013 robust und solide<\/h3>\n<p>Dieser Pflanzenk\u00fcbel \u00fcberzeugt nicht nur mit seinem schicken Design, er besticht zudem mit seiner hochwertigen Qualit\u00e4t und seiner Robustheit. Der Pflanzenk\u00fcbel aus Beton tr\u00e4gt ein Gewicht von bis zu 50 Kilogramm und kann sowohl im Innen-, als auch im Au\u00dfenbereich verwendet werden. Aufgrund der exzellenten Verarbeitung und dem modernen Design, ist der Pflanzenk\u00fcbel Beton ein regelrechter Blickfang.<\/p>\n<h3>Gro\u00dfz\u00fcgiges Fassungsverm\u00f6gen<\/h3>\n<p>Die Blumentr\u00f6ge aus beton\u00a0 sind in drei unterschiedlichen Farben erh\u00e4ltlich und somit ist er f\u00fcr alle Anforderungen und Bed\u00fcrfnisse sicherlich bestens geeignet. Egal, ob in der Farbe Schwarz, Grau oder Wei\u00df, der moderne Pflanzenk\u00fcbel mit einem Fassungsverm\u00f6gen von 98 Litern, macht stets eine gute Figur.<\/p>\n<h3>Qualit\u00e4t zum g\u00fcnstigen Preis<\/h3>\n<p>Sie suchen einen hochwertigen, langlebigen und sch\u00f6nen Pflanzenk\u00fcbel? Mit diesem Modell haben Sie sicherlich genau die richtige Wahl getroffen. Der Blumentopf \u00fcberzeugt mit einem sehr guten Preis- und Leistungsverh\u00e4ltnis.<\/p>\n<p>\u00dcberlegen Sie nicht lange \u2013 mit dem Betonpflanzk\u00fcbel Giovanna treffen Sie auf jeden Fall die richtige Entscheidung!<\/p>\n","protected":false},"excerpt":{"rendered":"<p>Pflanzk\u00fcbel beton Giovanna<br \/>\nMaterial Beton (UHPC)<br \/>\nGewicht :50kg<br \/>\nAbmessungen \u2205600mm H560mm<br \/>\nFarben: Grau, Schwarz, Weiss<br \/>\nUV-resistent<br \/>\nRobust und Stabil<br \/>\nWetterfest<br \/>\nFrostbest\u00e4ndig bei gew\u00e4hrleistetem Wasserablauf<\/p>\n","protected":false},"featured_media":58419,"template":"","meta":{"_acf_changed":false},"product_brand":[],"product_cat":[393],"product_tag":[482],"class_list":{"0":"post-54040","1":"product","2":"type-product","3":"status-publish","4":"has-post-thumbnail","6":"product_cat-pflanzkubel-beton","7":"product_tag-donice-ogrodowe-de-aut","8":"description-off","9":"tm-has-options","11":"first","12":"instock","13":"shipping-taxable","14":"purchasable","15":"product-type-simple"},"acf":[],"yoast_head":"<!-- This site is optimized with the Yoast SEO plugin v27.5 - https:\/\/yoast.com\/product\/yoast-seo-wordpress\/ -->\n<title>Blumentr\u00f6ge aus beton \u2013 robust und solide f\u00fcr Innen und Aussen<\/title>\n<meta name=\"description\" content=\"Blumentr\u00f6ge aus beton sind in drei unterschiedlichen Farben erh\u00e4ltlich und somit ist er f\u00fcr alle Anforderungen und Bed\u00fcrfnisse sicherlich bestens geeignet\" \/>\n<meta name=\"robots\" content=\"index, follow, max-snippet:-1, max-image-preview:large, max-video-preview:-1\" \/>\n<link rel=\"canonical\" href=\"https:\/\/worldofflowerpots.com\/sklep\/blumentroge-aus-beton-giovanna\/\" \/>\n<meta property=\"og:locale\" content=\"de_DE\" \/>\n<meta property=\"og:type\" content=\"article\" \/>\n<meta property=\"og:title\" content=\"Blumentr\u00f6ge aus beton \u2013 robust und solide f\u00fcr Innen und Aussen\" \/>\n<meta property=\"og:description\" content=\"Blumentr\u00f6ge aus beton sind in drei unterschiedlichen Farben erh\u00e4ltlich und somit ist er f\u00fcr alle Anforderungen und Bed\u00fcrfnisse sicherlich bestens geeignet\" \/>\n<meta property=\"og:url\" content=\"https:\/\/worldofflowerpots.com\/sklep\/blumentroge-aus-beton-giovanna\/\" \/>\n<meta property=\"og:site_name\" content=\"World of Flowerpots\" \/>\n<meta property=\"article:modified_time\" content=\"2019-04-15T09:30:03+00:00\" \/>\n<meta property=\"og:image\" content=\"https:\/\/worldofflowerpots.com\/wp-content\/uploads\/2019\/01\/blumentr\u00f6ge-aus-beton-Giovanna.jpg\" \/>\n\t<meta property=\"og:image:width\" content=\"1920\" \/>\n\t<meta property=\"og:image:height\" content=\"1080\" \/>\n\t<meta property=\"og:image:type\" content=\"image\/jpeg\" \/>\n<meta name=\"twitter:card\" content=\"summary_large_image\" \/>\n<meta name=\"twitter:label1\" content=\"Est. reading time\" \/>\n\t<meta name=\"twitter:data1\" content=\"1 minute\" \/>\n<script type=\"application\/ld+json\" class=\"yoast-schema-graph\">{\"@context\":\"https:\\\/\\\/schema.org\",\"@graph\":[{\"@type\":\"WebPage\",\"@id\":\"https:\\\/\\\/worldofflowerpots.com\\\/sklep\\\/blumentroge-aus-beton-giovanna\\\/\",\"url\":\"https:\\\/\\\/worldofflowerpots.com\\\/sklep\\\/blumentroge-aus-beton-giovanna\\\/\",\"name\":\"Blumentr\u00f6ge aus beton \u2013 robust und solide f\u00fcr Innen und Aussen\",\"isPartOf\":{\"@id\":\"https:\\\/\\\/worldofflowerpots.com\\\/#website\"},\"primaryImageOfPage\":{\"@id\":\"https:\\\/\\\/worldofflowerpots.com\\\/sklep\\\/blumentroge-aus-beton-giovanna\\\/#primaryimage\"},\"image\":{\"@id\":\"https:\\\/\\\/worldofflowerpots.com\\\/sklep\\\/blumentroge-aus-beton-giovanna\\\/#primaryimage\"},\"thumbnailUrl\":\"https:\\\/\\\/worldofflowerpots.com\\\/wp-content\\\/uploads\\\/2019\\\/01\\\/blumentr\u00f6ge-aus-beton-Giovanna.jpg\",\"datePublished\":\"2019-01-18T14:06:24+00:00\",\"dateModified\":\"2019-04-15T09:30:03+00:00\",\"description\":\"Blumentr\u00f6ge aus beton sind in drei unterschiedlichen Farben erh\u00e4ltlich und somit ist er f\u00fcr alle Anforderungen und Bed\u00fcrfnisse sicherlich bestens geeignet\",\"breadcrumb\":{\"@id\":\"https:\\\/\\\/worldofflowerpots.com\\\/sklep\\\/blumentroge-aus-beton-giovanna\\\/#breadcrumb\"},\"inLanguage\":\"de-AUT\",\"potentialAction\":[{\"@type\":\"ReadAction\",\"target\":[\"https:\\\/\\\/worldofflowerpots.com\\\/sklep\\\/blumentroge-aus-beton-giovanna\\\/\"]}]},{\"@type\":\"ImageObject\",\"inLanguage\":\"de-AUT\",\"@id\":\"https:\\\/\\\/worldofflowerpots.com\\\/sklep\\\/blumentroge-aus-beton-giovanna\\\/#primaryimage\",\"url\":\"https:\\\/\\\/worldofflowerpots.com\\\/wp-content\\\/uploads\\\/2019\\\/01\\\/blumentr\u00f6ge-aus-beton-Giovanna.jpg\",\"contentUrl\":\"https:\\\/\\\/worldofflowerpots.com\\\/wp-content\\\/uploads\\\/2019\\\/01\\\/blumentr\u00f6ge-aus-beton-Giovanna.jpg\",\"width\":1920,\"height\":1080},{\"@type\":\"BreadcrumbList\",\"@id\":\"https:\\\/\\\/worldofflowerpots.com\\\/sklep\\\/blumentroge-aus-beton-giovanna\\\/#breadcrumb\",\"itemListElement\":[{\"@type\":\"ListItem\",\"position\":1,\"name\":\"Strona g\u0142\u00f3wna\",\"item\":\"https:\\\/\\\/worldofflowerpots.com\\\/home\\\/\"},{\"@type\":\"ListItem\",\"position\":2,\"name\":\"Shop\",\"item\":\"https:\\\/\\\/worldofflowerpots.com\\\/sortiment\\\/\"},{\"@type\":\"ListItem\",\"position\":3,\"name\":\"Blumentr\u00f6ge aus beton Giovanna\"}]},{\"@type\":\"WebSite\",\"@id\":\"https:\\\/\\\/worldofflowerpots.com\\\/#website\",\"url\":\"https:\\\/\\\/worldofflowerpots.com\\\/\",\"name\":\"World of Flowerpots\",\"description\":\"producent donic ozdobnych\",\"potentialAction\":[{\"@type\":\"SearchAction\",\"target\":{\"@type\":\"EntryPoint\",\"urlTemplate\":\"https:\\\/\\\/worldofflowerpots.com\\\/?s={search_term_string}\"},\"query-input\":{\"@type\":\"PropertyValueSpecification\",\"valueRequired\":true,\"valueName\":\"search_term_string\"}}],\"inLanguage\":\"de-AUT\"}]}<\/script>\n<!-- \/ Yoast SEO plugin. -->","yoast_head_json":{"title":"Blumentr\u00f6ge aus beton \u2013 robust und solide f\u00fcr Innen und Aussen","description":"Blumentr\u00f6ge aus beton sind in drei unterschiedlichen Farben erh\u00e4ltlich und somit ist er f\u00fcr alle Anforderungen und Bed\u00fcrfnisse sicherlich bestens geeignet","robots":{"index":"index","follow":"follow","max-snippet":"max-snippet:-1","max-image-preview":"max-image-preview:large","max-video-preview":"max-video-preview:-1"},"canonical":"https:\/\/worldofflowerpots.com\/sklep\/blumentroge-aus-beton-giovanna\/","og_locale":"de_DE","og_type":"article","og_title":"Blumentr\u00f6ge aus beton \u2013 robust und solide f\u00fcr Innen und Aussen","og_description":"Blumentr\u00f6ge aus beton sind in drei unterschiedlichen Farben erh\u00e4ltlich und somit ist er f\u00fcr alle Anforderungen und Bed\u00fcrfnisse sicherlich bestens geeignet","og_url":"https:\/\/worldofflowerpots.com\/sklep\/blumentroge-aus-beton-giovanna\/","og_site_name":"World of Flowerpots","article_modified_time":"2019-04-15T09:30:03+00:00","og_image":[{"width":1920,"height":1080,"url":"https:\/\/worldofflowerpots.com\/wp-content\/uploads\/2019\/01\/blumentr\u00f6ge-aus-beton-Giovanna.jpg","type":"image\/jpeg"}],"twitter_card":"summary_large_image","twitter_misc":{"Est. reading time":"1 minute"},"schema":{"@context":"https:\/\/schema.org","@graph":[{"@type":"WebPage","@id":"https:\/\/worldofflowerpots.com\/sklep\/blumentroge-aus-beton-giovanna\/","url":"https:\/\/worldofflowerpots.com\/sklep\/blumentroge-aus-beton-giovanna\/","name":"Blumentr\u00f6ge aus beton \u2013 robust und solide f\u00fcr Innen und Aussen","isPartOf":{"@id":"https:\/\/worldofflowerpots.com\/#website"},"primaryImageOfPage":{"@id":"https:\/\/worldofflowerpots.com\/sklep\/blumentroge-aus-beton-giovanna\/#primaryimage"},"image":{"@id":"https:\/\/worldofflowerpots.com\/sklep\/blumentroge-aus-beton-giovanna\/#primaryimage"},"thumbnailUrl":"https:\/\/worldofflowerpots.com\/wp-content\/uploads\/2019\/01\/blumentr\u00f6ge-aus-beton-Giovanna.jpg","datePublished":"2019-01-18T14:06:24+00:00","dateModified":"2019-04-15T09:30:03+00:00","description":"Blumentr\u00f6ge aus beton sind in drei unterschiedlichen Farben erh\u00e4ltlich und somit ist er f\u00fcr alle Anforderungen und Bed\u00fcrfnisse sicherlich bestens geeignet","breadcrumb":{"@id":"https:\/\/worldofflowerpots.com\/sklep\/blumentroge-aus-beton-giovanna\/#breadcrumb"},"inLanguage":"de-AUT","potentialAction":[{"@type":"ReadAction","target":["https:\/\/worldofflowerpots.com\/sklep\/blumentroge-aus-beton-giovanna\/"]}]},{"@type":"ImageObject","inLanguage":"de-AUT","@id":"https:\/\/worldofflowerpots.com\/sklep\/blumentroge-aus-beton-giovanna\/#primaryimage","url":"https:\/\/worldofflowerpots.com\/wp-content\/uploads\/2019\/01\/blumentr\u00f6ge-aus-beton-Giovanna.jpg","contentUrl":"https:\/\/worldofflowerpots.com\/wp-content\/uploads\/2019\/01\/blumentr\u00f6ge-aus-beton-Giovanna.jpg","width":1920,"height":1080},{"@type":"BreadcrumbList","@id":"https:\/\/worldofflowerpots.com\/sklep\/blumentroge-aus-beton-giovanna\/#breadcrumb","itemListElement":[{"@type":"ListItem","position":1,"name":"Strona g\u0142\u00f3wna","item":"https:\/\/worldofflowerpots.com\/home\/"},{"@type":"ListItem","position":2,"name":"Shop","item":"https:\/\/worldofflowerpots.com\/sortiment\/"},{"@type":"ListItem","position":3,"name":"Blumentr\u00f6ge aus beton Giovanna"}]},{"@type":"WebSite","@id":"https:\/\/worldofflowerpots.com\/#website","url":"https:\/\/worldofflowerpots.com\/","name":"World of Flowerpots","description":"producent donic ozdobnych","potentialAction":[{"@type":"SearchAction","target":{"@type":"EntryPoint","urlTemplate":"https:\/\/worldofflowerpots.com\/?s={search_term_string}"},"query-input":{"@type":"PropertyValueSpecification","valueRequired":true,"valueName":"search_term_string"}}],"inLanguage":"de-AUT"}]}},"_links":{"self":[{"href":"https:\/\/worldofflowerpots.com\/aut\/wp-json\/wp\/v2\/product\/54040","targetHints":{"allow":["GET"]}}],"collection":[{"href":"https:\/\/worldofflowerpots.com\/aut\/wp-json\/wp\/v2\/product"}],"about":[{"href":"https:\/\/worldofflowerpots.com\/aut\/wp-json\/wp\/v2\/types\/product"}],"wp:featuredmedia":[{"embeddable":true,"href":"https:\/\/worldofflowerpots.com\/aut\/wp-json\/wp\/v2\/media\/58419"}],"wp:attachment":[{"href":"https:\/\/worldofflowerpots.com\/aut\/wp-json\/wp\/v2\/media?parent=54040"}],"wp:term":[{"taxonomy":"product_brand","embeddable":true,"href":"https:\/\/worldofflowerpots.com\/aut\/wp-json\/wp\/v2\/product_brand?post=54040"},{"taxonomy":"product_cat","embeddable":true,"href":"https:\/\/worldofflowerpots.com\/aut\/wp-json\/wp\/v2\/product_cat?post=54040"},{"taxonomy":"product_tag","embeddable":true,"href":"https:\/\/worldofflowerpots.com\/aut\/wp-json\/wp\/v2\/product_tag?post=54040"}],"curies":[{"name":"wp","href":"https:\/\/api.w.org\/{rel}","templated":true}]}}