{"id":52565,"date":"2019-01-18T15:07:38","date_gmt":"2019-01-18T14:07:38","guid":{"rendered":"https:\/\/worldofflowerpots.com\/sklep\/unkategorisiert\/pflanzkubel-gros-adamo\/"},"modified":"2019-04-15T09:29:54","modified_gmt":"2019-04-15T07:29:54","slug":"pflanzkubel-gros-adamo","status":"publish","type":"product","link":"https:\/\/worldofflowerpots.com\/de\/sortiment\/pflanzkubel-gros-adamo\/","title":{"rendered":"Pflanzk\u00fcbel gro\u00df Adamo"},"content":{"rendered":"<div id=\"attachment_58959\" style=\"width: 1034px\" class=\"wp-caption aligncenter\"><img loading=\"lazy\" decoding=\"async\" aria-describedby=\"caption-attachment-58959\" class=\"wp-image-58959 size-large\" src=\"https:\/\/worldofflowerpots.com\/wp-content\/uploads\/2017\/01\/Richtig-bepflanzen--1024x576.jpg\" alt=\"\" width=\"1024\" height=\"576\" srcset=\"https:\/\/worldofflowerpots.com\/wp-content\/uploads\/2017\/01\/Richtig-bepflanzen--1024x576.jpg 1024w, https:\/\/worldofflowerpots.com\/wp-content\/uploads\/2017\/01\/Richtig-bepflanzen--300x169.jpg 300w, https:\/\/worldofflowerpots.com\/wp-content\/uploads\/2017\/01\/Richtig-bepflanzen--768x432.jpg 768w, https:\/\/worldofflowerpots.com\/wp-content\/uploads\/2017\/01\/Richtig-bepflanzen--600x338.jpg 600w, https:\/\/worldofflowerpots.com\/wp-content\/uploads\/2017\/01\/Richtig-bepflanzen-.jpg 1920w\" sizes=\"auto, (max-width: 1024px) 100vw, 1024px\" \/><p id=\"caption-attachment-58959\" class=\"wp-caption-text\">Richtig bepflanzen<\/p><\/div>\n<h2>Pflanzk\u00fcbel gro\u00df in XXL \u00a0format<\/h2>\n<p>Mit der Pflanzk\u00fcbel gro\u00df Adamo setzen Sie Akzente in Ihrem Garten und sorgen damit f\u00fcr einen Hingucker im klassischen und zugleich modernen Design. Ihren kreativen M\u00f6glichkeiten sind damit bei der Gestaltung ihres Gartens keine Grenzen gesetzt. Das Modell Adamo hat einen Gesamtdurchmesser von 1500 mm bei einem Gewicht von 125 kg und 209 l Fassungsverm\u00f6gen und eignet sich am besten f\u00fcr flachwurzelnde Blumen. Auch passende Dekorationselemente k\u00f6nnen im Adamo problemlos integriert werden und sind flexibel einsetzbar.<\/p>\n<h2>Pflanzk\u00fcbel Beton rechteckig: Modell Adamo<\/h2>\n<p>Der Pflanzk\u00fcbel gro\u00df Adamo hat eine quadratische Grundfl\u00e4che. Damit bietet er sich als Stilelement f\u00fcr verschiedene Standorte an: Mit bl\u00fchenden Gr\u00e4sern bepflanzt setzt Adamo Akzente an Eing\u00e4ngen und Treppenaufg\u00e4ngen. Mit kleinen Str\u00e4uchern oder einem bl\u00fchenden Busch bepflanzt, ist der Blumenk\u00fcbel Beton Adamo ideal, um eine Hecke oder einen Zaun abzuschlie\u00dfen. Den Pflanztrog Beton Adamo erhalten Sie in den Farben hell- und dunkelgrau sowie schwarz. Auf Wunsch auch mit Au\u00dfenlackierung oder auf Standf\u00fc\u00dfen.<\/p>\n<h2>Verleihen Sie Ihrem Garten etwas neuen Schick mit dem Pflanzengef\u00e4\u00df Adamo von World of Flowerpots<\/h2>\n<p>Auch, um im Garten einzelne Bereiche voneinander abzugrenzen, k\u00f6nnen Sie den Betonpflanzk\u00fcbel Adamo einsetzen: M\u00f6chten Sie den Rasen optisch von der Terrasse abgrenzen oder den Gartenteich einfassen \u2013 mit Adamo bieten sich Ihnen viele M\u00f6glichkeiten der kreativen Gartengestaltung.<\/p>\n","protected":false},"excerpt":{"rendered":"<p>Pflanzk\u00fcbel beton Adamo<br \/>\nMaterial Beton (UHPC)<br \/>\nGewicht : 235kg<br \/>\nAbmessungen B 1000mm H 800mm L 1000mm<br \/>\nFarben: Grau, Schwarz, Weiss<br \/>\nUV-resistent<br \/>\nRobust und Stabil<br \/>\nWetterfest<br \/>\nFrostbest\u00e4ndig bei gew\u00e4hrleistetem Wasserablauf<\/p>\n","protected":false},"featured_media":58234,"template":"","meta":{"_acf_changed":false},"product_brand":[],"product_cat":[267],"product_tag":[],"class_list":{"0":"post-52565","1":"product","2":"type-product","3":"status-publish","4":"has-post-thumbnail","6":"product_cat-pflanzkuebel-beton","7":"description-off","8":"tm-has-options","10":"first","11":"instock","12":"shipping-taxable","13":"purchasable","14":"product-type-simple"},"acf":[],"yoast_head":"<!-- This site is optimized with the Yoast SEO plugin v27.5 - https:\/\/yoast.com\/product\/yoast-seo-wordpress\/ -->\n<title>Pflanzk\u00fcbel xxl in format Robust und Stabil Wetterfest<\/title>\n<meta name=\"description\" content=\"Mit der Pflanzk\u00fcbel gro\u00df Adamo setzen Sie Akzente in Ihrem Garten und sorgen damit f\u00fcr einen Hingucker im klassischen und zugleich modernen Design.\" \/>\n<meta name=\"robots\" content=\"index, follow, max-snippet:-1, max-image-preview:large, max-video-preview:-1\" \/>\n<link rel=\"canonical\" href=\"https:\/\/worldofflowerpots.com\/sklep\/pflanzkubel-gros-adamo\/\" \/>\n<meta property=\"og:locale\" content=\"de_DE\" \/>\n<meta property=\"og:type\" content=\"article\" \/>\n<meta property=\"og:title\" content=\"Pflanzk\u00fcbel xxl in format Robust und Stabil Wetterfest\" \/>\n<meta property=\"og:description\" content=\"Mit der Pflanzk\u00fcbel gro\u00df Adamo setzen Sie Akzente in Ihrem Garten und sorgen damit f\u00fcr einen Hingucker im klassischen und zugleich modernen Design.\" \/>\n<meta property=\"og:url\" content=\"https:\/\/worldofflowerpots.com\/sklep\/pflanzkubel-gros-adamo\/\" \/>\n<meta property=\"og:site_name\" content=\"Blumenk\u00fcbel World of Flowerpots\" \/>\n<meta property=\"article:modified_time\" content=\"2019-04-15T07:29:54+00:00\" \/>\n<meta property=\"og:image\" content=\"https:\/\/worldofflowerpots.com\/wp-content\/uploads\/2019\/01\/pflanzk\u00fcbel-gro\u00df-Adamo.jpg\" \/>\n\t<meta property=\"og:image:width\" content=\"2280\" \/>\n\t<meta property=\"og:image:height\" content=\"1612\" \/>\n\t<meta property=\"og:image:type\" content=\"image\/jpeg\" \/>\n<meta name=\"twitter:card\" content=\"summary_large_image\" \/>\n<meta name=\"twitter:label1\" content=\"Gesch\u00e4tzte Lesezeit\" \/>\n\t<meta name=\"twitter:data1\" content=\"1\u00a0Minute\" \/>\n<script type=\"application\/ld+json\" class=\"yoast-schema-graph\">{\"@context\":\"https:\\\/\\\/schema.org\",\"@graph\":[{\"@type\":\"WebPage\",\"@id\":\"https:\\\/\\\/worldofflowerpots.com\\\/sklep\\\/pflanzkubel-gros-adamo\\\/\",\"url\":\"https:\\\/\\\/worldofflowerpots.com\\\/sklep\\\/pflanzkubel-gros-adamo\\\/\",\"name\":\"Pflanzk\u00fcbel xxl in format Robust und Stabil Wetterfest\",\"isPartOf\":{\"@id\":\"https:\\\/\\\/worldofflowerpots.com\\\/#website\"},\"primaryImageOfPage\":{\"@id\":\"https:\\\/\\\/worldofflowerpots.com\\\/sklep\\\/pflanzkubel-gros-adamo\\\/#primaryimage\"},\"image\":{\"@id\":\"https:\\\/\\\/worldofflowerpots.com\\\/sklep\\\/pflanzkubel-gros-adamo\\\/#primaryimage\"},\"thumbnailUrl\":\"https:\\\/\\\/worldofflowerpots.com\\\/wp-content\\\/uploads\\\/2019\\\/01\\\/pflanzk\u00fcbel-gro\u00df-Adamo.jpg\",\"datePublished\":\"2019-01-18T14:07:38+00:00\",\"dateModified\":\"2019-04-15T07:29:54+00:00\",\"description\":\"Mit der Pflanzk\u00fcbel gro\u00df Adamo setzen Sie Akzente in Ihrem Garten und sorgen damit f\u00fcr einen Hingucker im klassischen und zugleich modernen Design.\",\"breadcrumb\":{\"@id\":\"https:\\\/\\\/worldofflowerpots.com\\\/sklep\\\/pflanzkubel-gros-adamo\\\/#breadcrumb\"},\"inLanguage\":\"de\",\"potentialAction\":[{\"@type\":\"ReadAction\",\"target\":[\"https:\\\/\\\/worldofflowerpots.com\\\/sklep\\\/pflanzkubel-gros-adamo\\\/\"]}]},{\"@type\":\"ImageObject\",\"inLanguage\":\"de\",\"@id\":\"https:\\\/\\\/worldofflowerpots.com\\\/sklep\\\/pflanzkubel-gros-adamo\\\/#primaryimage\",\"url\":\"https:\\\/\\\/worldofflowerpots.com\\\/wp-content\\\/uploads\\\/2019\\\/01\\\/pflanzk\u00fcbel-gro\u00df-Adamo.jpg\",\"contentUrl\":\"https:\\\/\\\/worldofflowerpots.com\\\/wp-content\\\/uploads\\\/2019\\\/01\\\/pflanzk\u00fcbel-gro\u00df-Adamo.jpg\",\"width\":2280,\"height\":1612},{\"@type\":\"BreadcrumbList\",\"@id\":\"https:\\\/\\\/worldofflowerpots.com\\\/sklep\\\/pflanzkubel-gros-adamo\\\/#breadcrumb\",\"itemListElement\":[{\"@type\":\"ListItem\",\"position\":1,\"name\":\"Strona g\u0142\u00f3wna\",\"item\":\"https:\\\/\\\/worldofflowerpots.com\\\/blumenkuebel-grosse-auswahl\\\/\"},{\"@type\":\"ListItem\",\"position\":2,\"name\":\"Shop\",\"item\":\"https:\\\/\\\/worldofflowerpots.com\\\/sortiment\\\/\"},{\"@type\":\"ListItem\",\"position\":3,\"name\":\"Pflanzk\u00fcbel gro\u00df Adamo\"}]},{\"@type\":\"WebSite\",\"@id\":\"https:\\\/\\\/worldofflowerpots.com\\\/#website\",\"url\":\"https:\\\/\\\/worldofflowerpots.com\\\/\",\"name\":\"Blumenk\u00fcbel World of Flowerpots\",\"description\":\"Pflanzk\u00fcbel beton, blumentr\u00f6ge, blumenk\u00fcbel gro\u00df, cortenstahl, fiberglas\",\"potentialAction\":[{\"@type\":\"SearchAction\",\"target\":{\"@type\":\"EntryPoint\",\"urlTemplate\":\"https:\\\/\\\/worldofflowerpots.com\\\/?s={search_term_string}\"},\"query-input\":{\"@type\":\"PropertyValueSpecification\",\"valueRequired\":true,\"valueName\":\"search_term_string\"}}],\"inLanguage\":\"de\"}]}<\/script>\n<!-- \/ Yoast SEO plugin. -->","yoast_head_json":{"title":"Pflanzk\u00fcbel xxl in format Robust und Stabil Wetterfest","description":"Mit der Pflanzk\u00fcbel gro\u00df Adamo setzen Sie Akzente in Ihrem Garten und sorgen damit f\u00fcr einen Hingucker im klassischen und zugleich modernen Design.","robots":{"index":"index","follow":"follow","max-snippet":"max-snippet:-1","max-image-preview":"max-image-preview:large","max-video-preview":"max-video-preview:-1"},"canonical":"https:\/\/worldofflowerpots.com\/sklep\/pflanzkubel-gros-adamo\/","og_locale":"de_DE","og_type":"article","og_title":"Pflanzk\u00fcbel xxl in format Robust und Stabil Wetterfest","og_description":"Mit der Pflanzk\u00fcbel gro\u00df Adamo setzen Sie Akzente in Ihrem Garten und sorgen damit f\u00fcr einen Hingucker im klassischen und zugleich modernen Design.","og_url":"https:\/\/worldofflowerpots.com\/sklep\/pflanzkubel-gros-adamo\/","og_site_name":"Blumenk\u00fcbel World of Flowerpots","article_modified_time":"2019-04-15T07:29:54+00:00","og_image":[{"width":2280,"height":1612,"url":"https:\/\/worldofflowerpots.com\/wp-content\/uploads\/2019\/01\/pflanzk\u00fcbel-gro\u00df-Adamo.jpg","type":"image\/jpeg"}],"twitter_card":"summary_large_image","twitter_misc":{"Gesch\u00e4tzte Lesezeit":"1\u00a0Minute"},"schema":{"@context":"https:\/\/schema.org","@graph":[{"@type":"WebPage","@id":"https:\/\/worldofflowerpots.com\/sklep\/pflanzkubel-gros-adamo\/","url":"https:\/\/worldofflowerpots.com\/sklep\/pflanzkubel-gros-adamo\/","name":"Pflanzk\u00fcbel xxl in format Robust und Stabil Wetterfest","isPartOf":{"@id":"https:\/\/worldofflowerpots.com\/#website"},"primaryImageOfPage":{"@id":"https:\/\/worldofflowerpots.com\/sklep\/pflanzkubel-gros-adamo\/#primaryimage"},"image":{"@id":"https:\/\/worldofflowerpots.com\/sklep\/pflanzkubel-gros-adamo\/#primaryimage"},"thumbnailUrl":"https:\/\/worldofflowerpots.com\/wp-content\/uploads\/2019\/01\/pflanzk\u00fcbel-gro\u00df-Adamo.jpg","datePublished":"2019-01-18T14:07:38+00:00","dateModified":"2019-04-15T07:29:54+00:00","description":"Mit der Pflanzk\u00fcbel gro\u00df Adamo setzen Sie Akzente in Ihrem Garten und sorgen damit f\u00fcr einen Hingucker im klassischen und zugleich modernen Design.","breadcrumb":{"@id":"https:\/\/worldofflowerpots.com\/sklep\/pflanzkubel-gros-adamo\/#breadcrumb"},"inLanguage":"de","potentialAction":[{"@type":"ReadAction","target":["https:\/\/worldofflowerpots.com\/sklep\/pflanzkubel-gros-adamo\/"]}]},{"@type":"ImageObject","inLanguage":"de","@id":"https:\/\/worldofflowerpots.com\/sklep\/pflanzkubel-gros-adamo\/#primaryimage","url":"https:\/\/worldofflowerpots.com\/wp-content\/uploads\/2019\/01\/pflanzk\u00fcbel-gro\u00df-Adamo.jpg","contentUrl":"https:\/\/worldofflowerpots.com\/wp-content\/uploads\/2019\/01\/pflanzk\u00fcbel-gro\u00df-Adamo.jpg","width":2280,"height":1612},{"@type":"BreadcrumbList","@id":"https:\/\/worldofflowerpots.com\/sklep\/pflanzkubel-gros-adamo\/#breadcrumb","itemListElement":[{"@type":"ListItem","position":1,"name":"Strona g\u0142\u00f3wna","item":"https:\/\/worldofflowerpots.com\/blumenkuebel-grosse-auswahl\/"},{"@type":"ListItem","position":2,"name":"Shop","item":"https:\/\/worldofflowerpots.com\/sortiment\/"},{"@type":"ListItem","position":3,"name":"Pflanzk\u00fcbel gro\u00df Adamo"}]},{"@type":"WebSite","@id":"https:\/\/worldofflowerpots.com\/#website","url":"https:\/\/worldofflowerpots.com\/","name":"Blumenk\u00fcbel World of Flowerpots","description":"Pflanzk\u00fcbel beton, blumentr\u00f6ge, blumenk\u00fcbel gro\u00df, cortenstahl, fiberglas","potentialAction":[{"@type":"SearchAction","target":{"@type":"EntryPoint","urlTemplate":"https:\/\/worldofflowerpots.com\/?s={search_term_string}"},"query-input":{"@type":"PropertyValueSpecification","valueRequired":true,"valueName":"search_term_string"}}],"inLanguage":"de"}]}},"_links":{"self":[{"href":"https:\/\/worldofflowerpots.com\/de\/wp-json\/wp\/v2\/product\/52565","targetHints":{"allow":["GET"]}}],"collection":[{"href":"https:\/\/worldofflowerpots.com\/de\/wp-json\/wp\/v2\/product"}],"about":[{"href":"https:\/\/worldofflowerpots.com\/de\/wp-json\/wp\/v2\/types\/product"}],"wp:featuredmedia":[{"embeddable":true,"href":"https:\/\/worldofflowerpots.com\/de\/wp-json\/wp\/v2\/media\/58234"}],"wp:attachment":[{"href":"https:\/\/worldofflowerpots.com\/de\/wp-json\/wp\/v2\/media?parent=52565"}],"wp:term":[{"taxonomy":"product_brand","embeddable":true,"href":"https:\/\/worldofflowerpots.com\/de\/wp-json\/wp\/v2\/product_brand?post=52565"},{"taxonomy":"product_cat","embeddable":true,"href":"https:\/\/worldofflowerpots.com\/de\/wp-json\/wp\/v2\/product_cat?post=52565"},{"taxonomy":"product_tag","embeddable":true,"href":"https:\/\/worldofflowerpots.com\/de\/wp-json\/wp\/v2\/product_tag?post=52565"}],"curies":[{"name":"wp","href":"https:\/\/api.w.org\/{rel}","templated":true}]}}

Pflanzkübel groß Adamo

<div id="attachment_58959" style="width: 1034px" class="wp-caption aligncenter"><img loading="lazy" decoding="async" aria-describedby="caption-attachment-58959" class="wp-image-58959 size-large" src="https://worldofflowerpots.com/wp-content/uploads/2017/01/Richtig-bepflanzen--1024x576.jpg" alt="" width="1024" height="576" srcset="https://worldofflowerpots.com/wp-content/uploads/2017/01/Richtig-bepflanzen--1024x576.jpg 1024w, https://worldofflowerpots.com/wp-content/uploads/2017/01/Richtig-bepflanzen--300x169.jpg 300w, https://worldofflowerpots.com/wp-content/uploads/2017/01/Richtig-bepflanzen--768x432.jpg 768w, https://worldofflowerpots.com/wp-content/uploads/2017/01/Richtig-bepflanzen--600x338.jpg 600w, https://worldofflowerpots.com/wp-content/uploads/2017/01/Richtig-bepflanzen-.jpg 1920w" sizes="auto, (max-width: 1024px) 100vw, 1024px" /><p id="caption-attachment-58959" class="wp-caption-text">Richtig bepflanzen</p></div>
<h2>Pflanzkübel groß in XXL  format</h2>
<p>Mit der Pflanzkübel groß Adamo setzen Sie Akzente in Ihrem Garten und sorgen damit für einen Hingucker im klassischen und zugleich modernen Design. Ihren kreativen Möglichkeiten sind damit bei der Gestaltung ihres Gartens keine Grenzen gesetzt. Das Modell Adamo hat einen Gesamtdurchmesser von 1500 mm bei einem Gewicht von 125 kg und 209 l Fassungsvermögen und eignet sich am besten für flachwurzelnde Blumen. Auch passende Dekorationselemente können im Adamo problemlos integriert werden und sind flexibel einsetzbar.</p>
<h2>Pflanzkübel Beton rechteckig: Modell Adamo</h2>
<p>Der Pflanzkübel groß Adamo hat eine quadratische Grundfläche. Damit bietet er sich als Stilelement für verschiedene Standorte an: Mit blühenden Gräsern bepflanzt setzt Adamo Akzente an Eingängen und Treppenaufgängen. Mit kleinen Sträuchern oder einem blühenden Busch bepflanzt, ist der Blumenkübel Beton Adamo ideal, um eine Hecke oder einen Zaun abzuschließen. Den Pflanztrog Beton Adamo erhalten Sie in den Farben hell- und dunkelgrau sowie schwarz. Auf Wunsch auch mit Außenlackierung oder auf Standfüßen.</p>
<h2>Verleihen Sie Ihrem Garten etwas neuen Schick mit dem Pflanzengefäß Adamo von World of Flowerpots</h2>
<p>Auch, um im Garten einzelne Bereiche voneinander abzugrenzen, können Sie den Betonpflanzkübel Adamo einsetzen: Möchten Sie den Rasen optisch von der Terrasse abgrenzen oder den Gartenteich einfassen – mit Adamo bieten sich Ihnen viele Möglichkeiten der kreativen Gartengestaltung.</p>

<p>Pflanzkübel beton Adamo<br />
Material Beton (UHPC)<br />
Gewicht : 235kg<br />
Abmessungen B 1000mm H 800mm L 1000mm<br />
Farben: Grau, Schwarz, Weiss<br />
UV-resistent<br />
Robust und Stabil<br />
Wetterfest<br />
Frostbeständig bei gewährleistetem Wasserablauf</p>

<!-- This site is optimized with the Yoast SEO plugin v27.5 - https://yoast.com/product/yoast-seo-wordpress/ -->
<title>Pflanzkübel xxl in format Robust und Stabil Wetterfest</title>
<meta name="description" content="Mit der Pflanzkübel groß Adamo setzen Sie Akzente in Ihrem Garten und sorgen damit für einen Hingucker im klassischen und zugleich modernen Design." />
<meta name="robots" content="index, follow, max-snippet:-1, max-image-preview:large, max-video-preview:-1" />
<link rel="canonical" href="https://worldofflowerpots.com/sklep/pflanzkubel-gros-adamo/" />
<meta property="og:locale" content="de_DE" />
<meta property="og:type" content="article" />
<meta property="og:title" content="Pflanzkübel xxl in format Robust und Stabil Wetterfest" />
<meta property="og:description" content="Mit der Pflanzkübel groß Adamo setzen Sie Akzente in Ihrem Garten und sorgen damit für einen Hingucker im klassischen und zugleich modernen Design." />
<meta property="og:url" content="https://worldofflowerpots.com/sklep/pflanzkubel-gros-adamo/" />
<meta property="og:site_name" content="Blumenkübel World of Flowerpots" />
<meta property="article:modified_time" content="2019-04-15T07:29:54+00:00" />
<meta property="og:image" content="https://worldofflowerpots.com/wp-content/uploads/2019/01/pflanzkübel-groß-Adamo.jpg" />
	<meta property="og:image:width" content="2280" />
	<meta property="og:image:height" content="1612" />
	<meta property="og:image:type" content="image/jpeg" />
<meta name="twitter:card" content="summary_large_image" />
<meta name="twitter:label1" content="Geschätzte Lesezeit" />
	<meta name="twitter:data1" content="1 Minute" />
<script type="application/ld+json" class="yoast-schema-graph">{"@context":"https:\/\/schema.org","@graph":[{"@type":"WebPage","@id":"https:\/\/worldofflowerpots.com\/sklep\/pflanzkubel-gros-adamo\/","url":"https:\/\/worldofflowerpots.com\/sklep\/pflanzkubel-gros-adamo\/","name":"Pflanzkübel xxl in format Robust und Stabil Wetterfest","isPartOf":{"@id":"https:\/\/worldofflowerpots.com\/#website"},"primaryImageOfPage":{"@id":"https:\/\/worldofflowerpots.com\/sklep\/pflanzkubel-gros-adamo\/#primaryimage"},"image":{"@id":"https:\/\/worldofflowerpots.com\/sklep\/pflanzkubel-gros-adamo\/#primaryimage"},"thumbnailUrl":"https:\/\/worldofflowerpots.com\/wp-content\/uploads\/2019\/01\/pflanzkübel-groß-Adamo.jpg","datePublished":"2019-01-18T14:07:38+00:00","dateModified":"2019-04-15T07:29:54+00:00","description":"Mit der Pflanzkübel groß Adamo setzen Sie Akzente in Ihrem Garten und sorgen damit für einen Hingucker im klassischen und zugleich modernen Design.","breadcrumb":{"@id":"https:\/\/worldofflowerpots.com\/sklep\/pflanzkubel-gros-adamo\/#breadcrumb"},"inLanguage":"de","potentialAction":[{"@type":"ReadAction","target":["https:\/\/worldofflowerpots.com\/sklep\/pflanzkubel-gros-adamo\/"]}]},{"@type":"ImageObject","inLanguage":"de","@id":"https:\/\/worldofflowerpots.com\/sklep\/pflanzkubel-gros-adamo\/#primaryimage","url":"https:\/\/worldofflowerpots.com\/wp-content\/uploads\/2019\/01\/pflanzkübel-groß-Adamo.jpg","contentUrl":"https:\/\/worldofflowerpots.com\/wp-content\/uploads\/2019\/01\/pflanzkübel-groß-Adamo.jpg","width":2280,"height":1612},{"@type":"BreadcrumbList","@id":"https:\/\/worldofflowerpots.com\/sklep\/pflanzkubel-gros-adamo\/#breadcrumb","itemListElement":[{"@type":"ListItem","position":1,"name":"Strona główna","item":"https:\/\/worldofflowerpots.com\/blumenkuebel-grosse-auswahl\/"},{"@type":"ListItem","position":2,"name":"Shop","item":"https:\/\/worldofflowerpots.com\/sortiment\/"},{"@type":"ListItem","position":3,"name":"Pflanzkübel groß Adamo"}]},{"@type":"WebSite","@id":"https:\/\/worldofflowerpots.com\/#website","url":"https:\/\/worldofflowerpots.com\/","name":"Blumenkübel World of Flowerpots","description":"Pflanzkübel beton, blumentröge, blumenkübel groß, cortenstahl, fiberglas","potentialAction":[{"@type":"SearchAction","target":{"@type":"EntryPoint","urlTemplate":"https:\/\/worldofflowerpots.com\/?s={search_term_string}"},"query-input":{"@type":"PropertyValueSpecification","valueRequired":true,"valueName":"search_term_string"}}],"inLanguage":"de"}]}</script>
<!-- / Yoast SEO plugin. -->

Pflanzkübel xxl in format Robust und Stabil Wetterfest

Mit der Pflanzkübel groß Adamo setzen Sie Akzente in Ihrem Garten und sorgen damit für einen Hingucker im klassischen und zugleich modernen Design.

Blumenkübel World of Flowerpots

https://worldofflowerpots.com/wp-content/uploads/2019/01/pflanzkübel-groß-Adamo.jpg

Strona główna

Pflanzkübel beton, blumentröge, blumenkübel groß, cortenstahl, fiberglas
